{"id":916,"date":"2020-07-20T09:51:35","date_gmt":"2020-07-20T12:51:35","guid":{"rendered":"https:\/\/www.odonto.ufmg.br\/paixao\/?page_id=916"},"modified":"2020-07-20T10:00:19","modified_gmt":"2020-07-20T13:00:19","slug":"programa-de-extensao-atendimento-a-saude-de-idosos","status":"publish","type":"page","link":"https:\/\/www.odonto.ufmg.br\/paixao\/programa-de-extensao-atendimento-a-saude-de-idosos\/","title":{"rendered":"Programa de Extens\u00e3o Atendimento \u00e0 Sa\u00fade de Idosos"},"content":{"rendered":"\n<style type=\"text\/css\" data-created_by=\"avia_inline_auto\" id=\"style-css-av-kcuian91-54fb032d3f7e0cfade4ed70025010e55\">\n.avia-image-container.av-kcuian91-54fb032d3f7e0cfade4ed70025010e55 img.avia_image{\nbox-shadow:none;\n}\n.avia-image-container.av-kcuian91-54fb032d3f7e0cfade4ed70025010e55 .av-image-caption-overlay-center{\ncolor:#ffffff;\n}\n<\/style>\n<div  class='avia-image-container av-kcuian91-54fb032d3f7e0cfade4ed70025010e55 av-styling- avia-align-center  avia-builder-el-0  el_before_av_textblock  avia-builder-el-first '   itemprop=\"image\" itemscope=\"itemscope\" itemtype=\"https:\/\/schema.org\/ImageObject\" ><div class=\"avia-image-container-inner\"><div class=\"avia-image-overlay-wrap\"><img fetchpriority=\"high\" class='wp-image-914 avia-img-lazy-loading-not-914 avia_image ' src='https:\/\/www.odonto.ufmg.br\/paixao\/wp-content\/uploads\/sites\/18\/2020\/07\/Atencao-a-Saude-de-Idosos-1030x433.png' alt='' title='Atencao-a-Saude-de-Idosos'  height=\"433\" width=\"1030\"  itemprop=\"thumbnailUrl\"  \/><\/div><\/div><\/div>\n<section  class='av_textblock_section av-tfqec-44049ba988a8d143dd7c75e4eedffdd6 '   itemscope=\"itemscope\" itemtype=\"https:\/\/schema.org\/CreativeWork\" ><div class='avia_textblock'  itemprop=\"text\" ><h1>Quem somos n\u00f3s?<\/h1>\n<p>O Programa de Extens\u00e3o Atendimento \u00e0 Sa\u00fade de Idosos Vulner\u00e1veis oferta cuidados em sa\u00fade bucal para idosos em situa\u00e7\u00e3o de vulnerabilidade cl\u00ednico-funcional, hospitalizados ou residentes em Institui\u00e7\u00f5es de Longa Perman\u00eancia (ILPI).<\/p>\n<p><a href=\"https:\/\/sistemas.ufmg.br\/siex\/AuditarPrograma.do?id=64898)\" target=\"_blank\" rel=\"noopener noreferrer\">Acesse o SIEX pra saber mais sobre o Programa\u00a0<\/a><\/p>\n<p>O objetivo da p\u00e1gina ser um canal de comuni\u00e7\u00e3o com a comunidade sobre o tema: \u201cenvelhecimento e suas implica\u00e7\u00f5es na sa\u00fade bucal\u201d. Este canal poder\u00e1 ser utilizado para tirar d\u00favida sobre cuidados odontol\u00f3gicos aos idosos, compartilhar experi\u00eancias, ou outras informa\u00e7\u00f5es.<\/p>\n<p>Est\u00e1 dispon\u00edvel abaixo um canal de para que voc\u00ea possa nos enviar sua mensagem.<\/p>\n<\/div><\/section>\n<section  class='av_textblock_section av-kcuic4qu-b8fc925835df21ba1e57b79f3b45bd98 '   itemscope=\"itemscope\" itemtype=\"https:\/\/schema.org\/CreativeWork\" ><div class='avia_textblock'  itemprop=\"text\" ><h1>Entre em contato conosco<\/h1>\n<p>Se voc\u00ea tem alguma d\u00favida ou quer compartilhar conosco alguma experi\u00eancia, iniciativa sobre sa\u00fade bucal ou sobre o envelhecimento e suas implica\u00e7\u00f5es na sa\u00fade bucal envie-nos seu coment\u00e1rio ou quest\u00e3o! Ser\u00e1 um prazer receber seu coment\u00e1rio!<br \/>\nEntraremos em contato com especialistas e dentro de 24 horas retornaremos com a resposta!<\/p>\n<\/div><\/section>\n\n<style type=\"text\/css\" data-created_by=\"avia_inline_auto\" id=\"style-css-av-n2ius-56b2b8ba0da20aaa2c2371dc068bf911\">\n.flex_column.av-n2ius-56b2b8ba0da20aaa2c2371dc068bf911{\nborder-radius:0px 0px 0px 0px;\npadding:0px 0px 0px 0px;\n}\n<\/style>\n<div  class='flex_column av-n2ius-56b2b8ba0da20aaa2c2371dc068bf911 av_one_fourth  avia-builder-el-3  el_after_av_textblock  el_before_av_one_half  first flex_column_div av-zero-column-padding  column-top-margin'     ><\/div>\n\n<style type=\"text\/css\" data-created_by=\"avia_inline_auto\" id=\"style-css-av-hd63w-914f5ebaebffdcb81131d8c6d1014dc6\">\n.flex_column.av-hd63w-914f5ebaebffdcb81131d8c6d1014dc6{\nborder-radius:0px 0px 0px 0px;\npadding:0px 0px 0px 0px;\n}\n<\/style>\n<div  class='flex_column av-hd63w-914f5ebaebffdcb81131d8c6d1014dc6 av_one_half  avia-builder-el-4  el_after_av_one_fourth  el_before_av_one_fourth  flex_column_div av-zero-column-padding  column-top-margin'     ><form action=\"https:\/\/www.odonto.ufmg.br\/paixao\/programa-de-extensao-atendimento-a-saude-de-idosos\/\" method=\"post\" data-fields-with-error=\"Found errors in the following field(s):\" class=\"avia_ajax_form av-form-labels-visible   avia-builder-el-5  avia-builder-el-no-sibling   \" data-avia-form-id=\"1\" data-avia-redirect='' ><fieldset><p class='  first_form  form_element form_fullwidth' id='element_avia_1_1'><label for=\"avia_1_1\">Nome <abbr class=\"required\" title=\"required\">*<\/abbr><\/label> <input name=\"avia_1_1\" class=\"text_input is_empty\" type=\"text\" id=\"avia_1_1\" value=\"\" \/><\/p><p class='  first_form  form_element form_fullwidth' id='element_avia_2_1'><label for=\"avia_2_1\">E-Mail <abbr class=\"required\" title=\"required\">*<\/abbr><\/label> <input name=\"avia_2_1\" class=\"text_input is_email\" type=\"text\" id=\"avia_2_1\" value=\"\" \/><\/p><p class='  first_form  form_element form_fullwidth' id='element_avia_3_1'><label for=\"avia_3_1\">Assunto <abbr class=\"required\" title=\"required\">*<\/abbr><\/label> <input name=\"avia_3_1\" class=\"text_input is_empty\" type=\"text\" id=\"avia_3_1\" value=\"\" \/><\/p><p class='  first_form  form_element form_fullwidth av-last-visible-form-element' id='element_avia_4_1'><label for=\"avia_4_1\" class=\"textare_label hidden textare_label_avia_4_1\">Mensagem <abbr class=\"required\" title=\"required\">*<\/abbr><\/label><textarea  name=\"avia_4_1\" class=\"text_area is_empty\" cols=\"40\" rows=\"7\" id=\"avia_4_1\" ><\/textarea><\/p><p class=\"hidden\"><input type=\"text\" name=\"avia_5_1\" class=\"hidden \" id=\"avia_5_1\" value=\"\" \/><\/p><p class=\"form_element \"><input type=\"hidden\" value=\"1\" name=\"avia_generated_form1\" \/><input type=\"submit\" value=\"Enviar\" class=\"button\"  data-sending-label=\"Sending\"\/><\/p><\/fieldset><\/form><div id=\"ajaxresponse_1\" class=\"ajaxresponse ajaxresponse_1 hidden\"><\/div><\/div>\n\n<style type=\"text\/css\" data-created_by=\"avia_inline_auto\" id=\"style-css-av-bdgoc-4444efaae4c0b30825ebc6ad1e200537\">\n.flex_column.av-bdgoc-4444efaae4c0b30825ebc6ad1e200537{\nborder-radius:0px 0px 0px 0px;\npadding:0px 0px 0px 0px;\n}\n<\/style>\n<div  class='flex_column av-bdgoc-4444efaae4c0b30825ebc6ad1e200537 av_one_fourth  avia-builder-el-6  el_after_av_one_half  avia-builder-el-last  flex_column_div av-zero-column-padding  column-top-margin'     ><\/div>\n","protected":false},"excerpt":{"rendered":"","protected":false},"author":5,"featured_media":914,"parent":0,"menu_order":0,"comment_status":"closed","ping_status":"closed","template":"","meta":{"inline_featured_image":false,"footnotes":""},"class_list":["post-916","page","type-page","status-publish","has-post-thumbnail","hentry"],"yoast_head":"<!-- This site is optimized with the Yoast SEO plugin v27.3 - https:\/\/yoast.com\/product\/yoast-seo-wordpress\/ -->\n<title>Programa de Extens\u00e3o Atendimento \u00e0 Sa\u00fade de Idosos - N\u00facleo de Estudos em Sa\u00fade Coletiva Paix\u00e3o<\/title>\n<meta name=\"robots\" content=\"index, follow, max-snippet:-1, max-image-preview:large, max-video-preview:-1\" \/>\n<link rel=\"canonical\" href=\"https:\/\/www.odonto.ufmg.br\/paixao\/programa-de-extensao-atendimento-a-saude-de-idosos\/\" \/>\n<meta property=\"og:locale\" content=\"pt_BR\" \/>\n<meta property=\"og:type\" content=\"article\" \/>\n<meta property=\"og:title\" content=\"Programa de Extens\u00e3o Atendimento \u00e0 Sa\u00fade de Idosos - N\u00facleo de Estudos em Sa\u00fade Coletiva Paix\u00e3o\" \/>\n<meta property=\"og:url\" content=\"https:\/\/www.odonto.ufmg.br\/paixao\/programa-de-extensao-atendimento-a-saude-de-idosos\/\" \/>\n<meta property=\"og:site_name\" content=\"N\u00facleo de Estudos em Sa\u00fade Coletiva Paix\u00e3o\" \/>\n<meta property=\"article:modified_time\" content=\"2020-07-20T13:00:19+00:00\" \/>\n<meta property=\"og:image\" content=\"https:\/\/www.odonto.ufmg.br\/paixao\/wp-content\/uploads\/sites\/18\/2020\/07\/Atencao-a-Saude-de-Idosos.png\" \/>\n\t<meta property=\"og:image:width\" content=\"1500\" \/>\n\t<meta property=\"og:image:height\" content=\"630\" \/>\n\t<meta property=\"og:image:type\" content=\"image\/png\" \/>\n<meta name=\"twitter:card\" content=\"summary_large_image\" \/>\n<meta name=\"twitter:label1\" content=\"Est. tempo de leitura\" \/>\n\t<meta name=\"twitter:data1\" content=\"4 minutos\" \/>\n<script type=\"application\/ld+json\" class=\"yoast-schema-graph\">{\"@context\":\"https:\\\/\\\/schema.org\",\"@graph\":[{\"@type\":\"WebPage\",\"@id\":\"https:\\\/\\\/www.odonto.ufmg.br\\\/paixao\\\/programa-de-extensao-atendimento-a-saude-de-idosos\\\/\",\"url\":\"https:\\\/\\\/www.odonto.ufmg.br\\\/paixao\\\/programa-de-extensao-atendimento-a-saude-de-idosos\\\/\",\"name\":\"Programa de Extens\u00e3o Atendimento \u00e0 Sa\u00fade de Idosos - N\u00facleo de Estudos em Sa\u00fade Coletiva Paix\u00e3o\",\"isPartOf\":{\"@id\":\"https:\\\/\\\/www.odonto.ufmg.br\\\/paixao\\\/#website\"},\"primaryImageOfPage\":{\"@id\":\"https:\\\/\\\/www.odonto.ufmg.br\\\/paixao\\\/programa-de-extensao-atendimento-a-saude-de-idosos\\\/#primaryimage\"},\"image\":{\"@id\":\"https:\\\/\\\/www.odonto.ufmg.br\\\/paixao\\\/programa-de-extensao-atendimento-a-saude-de-idosos\\\/#primaryimage\"},\"thumbnailUrl\":\"https:\\\/\\\/www.odonto.ufmg.br\\\/paixao\\\/wp-content\\\/uploads\\\/sites\\\/18\\\/2020\\\/07\\\/Atencao-a-Saude-de-Idosos.png\",\"datePublished\":\"2020-07-20T12:51:35+00:00\",\"dateModified\":\"2020-07-20T13:00:19+00:00\",\"breadcrumb\":{\"@id\":\"https:\\\/\\\/www.odonto.ufmg.br\\\/paixao\\\/programa-de-extensao-atendimento-a-saude-de-idosos\\\/#breadcrumb\"},\"inLanguage\":\"pt-BR\",\"potentialAction\":[{\"@type\":\"ReadAction\",\"target\":[\"https:\\\/\\\/www.odonto.ufmg.br\\\/paixao\\\/programa-de-extensao-atendimento-a-saude-de-idosos\\\/\"]}]},{\"@type\":\"ImageObject\",\"inLanguage\":\"pt-BR\",\"@id\":\"https:\\\/\\\/www.odonto.ufmg.br\\\/paixao\\\/programa-de-extensao-atendimento-a-saude-de-idosos\\\/#primaryimage\",\"url\":\"https:\\\/\\\/www.odonto.ufmg.br\\\/paixao\\\/wp-content\\\/uploads\\\/sites\\\/18\\\/2020\\\/07\\\/Atencao-a-Saude-de-Idosos.png\",\"contentUrl\":\"https:\\\/\\\/www.odonto.ufmg.br\\\/paixao\\\/wp-content\\\/uploads\\\/sites\\\/18\\\/2020\\\/07\\\/Atencao-a-Saude-de-Idosos.png\",\"width\":1500,\"height\":630},{\"@type\":\"BreadcrumbList\",\"@id\":\"https:\\\/\\\/www.odonto.ufmg.br\\\/paixao\\\/programa-de-extensao-atendimento-a-saude-de-idosos\\\/#breadcrumb\",\"itemListElement\":[{\"@type\":\"ListItem\",\"position\":1,\"name\":\"In\u00edcio\",\"item\":\"https:\\\/\\\/www.odonto.ufmg.br\\\/paixao\\\/\"},{\"@type\":\"ListItem\",\"position\":2,\"name\":\"Programa de Extens\u00e3o Atendimento \u00e0 Sa\u00fade de Idosos\"}]},{\"@type\":\"WebSite\",\"@id\":\"https:\\\/\\\/www.odonto.ufmg.br\\\/paixao\\\/#website\",\"url\":\"https:\\\/\\\/www.odonto.ufmg.br\\\/paixao\\\/\",\"name\":\"N\u00facleo de Estudos em Sa\u00fade Coletiva Paix\u00e3o\",\"description\":\"Grupo de pesquisa da Faculdade de Odontologia da Universidade Federal de Minas Gerais\",\"potentialAction\":[{\"@type\":\"SearchAction\",\"target\":{\"@type\":\"EntryPoint\",\"urlTemplate\":\"https:\\\/\\\/www.odonto.ufmg.br\\\/paixao\\\/?s={search_term_string}\"},\"query-input\":{\"@type\":\"PropertyValueSpecification\",\"valueRequired\":true,\"valueName\":\"search_term_string\"}}],\"inLanguage\":\"pt-BR\"}]}<\/script>\n<!-- \/ Yoast SEO plugin. -->","yoast_head_json":{"title":"Programa de Extens\u00e3o Atendimento \u00e0 Sa\u00fade de Idosos - N\u00facleo de Estudos em Sa\u00fade Coletiva Paix\u00e3o","robots":{"index":"index","follow":"follow","max-snippet":"max-snippet:-1","max-image-preview":"max-image-preview:large","max-video-preview":"max-video-preview:-1"},"canonical":"https:\/\/www.odonto.ufmg.br\/paixao\/programa-de-extensao-atendimento-a-saude-de-idosos\/","og_locale":"pt_BR","og_type":"article","og_title":"Programa de Extens\u00e3o Atendimento \u00e0 Sa\u00fade de Idosos - N\u00facleo de Estudos em Sa\u00fade Coletiva Paix\u00e3o","og_url":"https:\/\/www.odonto.ufmg.br\/paixao\/programa-de-extensao-atendimento-a-saude-de-idosos\/","og_site_name":"N\u00facleo de Estudos em Sa\u00fade Coletiva Paix\u00e3o","article_modified_time":"2020-07-20T13:00:19+00:00","og_image":[{"width":1500,"height":630,"url":"https:\/\/www.odonto.ufmg.br\/paixao\/wp-content\/uploads\/sites\/18\/2020\/07\/Atencao-a-Saude-de-Idosos.png","type":"image\/png"}],"twitter_card":"summary_large_image","twitter_misc":{"Est. tempo de leitura":"4 minutos"},"schema":{"@context":"https:\/\/schema.org","@graph":[{"@type":"WebPage","@id":"https:\/\/www.odonto.ufmg.br\/paixao\/programa-de-extensao-atendimento-a-saude-de-idosos\/","url":"https:\/\/www.odonto.ufmg.br\/paixao\/programa-de-extensao-atendimento-a-saude-de-idosos\/","name":"Programa de Extens\u00e3o Atendimento \u00e0 Sa\u00fade de Idosos - N\u00facleo de Estudos em Sa\u00fade Coletiva Paix\u00e3o","isPartOf":{"@id":"https:\/\/www.odonto.ufmg.br\/paixao\/#website"},"primaryImageOfPage":{"@id":"https:\/\/www.odonto.ufmg.br\/paixao\/programa-de-extensao-atendimento-a-saude-de-idosos\/#primaryimage"},"image":{"@id":"https:\/\/www.odonto.ufmg.br\/paixao\/programa-de-extensao-atendimento-a-saude-de-idosos\/#primaryimage"},"thumbnailUrl":"https:\/\/www.odonto.ufmg.br\/paixao\/wp-content\/uploads\/sites\/18\/2020\/07\/Atencao-a-Saude-de-Idosos.png","datePublished":"2020-07-20T12:51:35+00:00","dateModified":"2020-07-20T13:00:19+00:00","breadcrumb":{"@id":"https:\/\/www.odonto.ufmg.br\/paixao\/programa-de-extensao-atendimento-a-saude-de-idosos\/#breadcrumb"},"inLanguage":"pt-BR","potentialAction":[{"@type":"ReadAction","target":["https:\/\/www.odonto.ufmg.br\/paixao\/programa-de-extensao-atendimento-a-saude-de-idosos\/"]}]},{"@type":"ImageObject","inLanguage":"pt-BR","@id":"https:\/\/www.odonto.ufmg.br\/paixao\/programa-de-extensao-atendimento-a-saude-de-idosos\/#primaryimage","url":"https:\/\/www.odonto.ufmg.br\/paixao\/wp-content\/uploads\/sites\/18\/2020\/07\/Atencao-a-Saude-de-Idosos.png","contentUrl":"https:\/\/www.odonto.ufmg.br\/paixao\/wp-content\/uploads\/sites\/18\/2020\/07\/Atencao-a-Saude-de-Idosos.png","width":1500,"height":630},{"@type":"BreadcrumbList","@id":"https:\/\/www.odonto.ufmg.br\/paixao\/programa-de-extensao-atendimento-a-saude-de-idosos\/#breadcrumb","itemListElement":[{"@type":"ListItem","position":1,"name":"In\u00edcio","item":"https:\/\/www.odonto.ufmg.br\/paixao\/"},{"@type":"ListItem","position":2,"name":"Programa de Extens\u00e3o Atendimento \u00e0 Sa\u00fade de Idosos"}]},{"@type":"WebSite","@id":"https:\/\/www.odonto.ufmg.br\/paixao\/#website","url":"https:\/\/www.odonto.ufmg.br\/paixao\/","name":"N\u00facleo de Estudos em Sa\u00fade Coletiva Paix\u00e3o","description":"Grupo de pesquisa da Faculdade de Odontologia da Universidade Federal de Minas Gerais","potentialAction":[{"@type":"SearchAction","target":{"@type":"EntryPoint","urlTemplate":"https:\/\/www.odonto.ufmg.br\/paixao\/?s={search_term_string}"},"query-input":{"@type":"PropertyValueSpecification","valueRequired":true,"valueName":"search_term_string"}}],"inLanguage":"pt-BR"}]}},"_links":{"self":[{"href":"https:\/\/www.odonto.ufmg.br\/paixao\/wp-json\/wp\/v2\/pages\/916","targetHints":{"allow":["GET"]}}],"collection":[{"href":"https:\/\/www.odonto.ufmg.br\/paixao\/wp-json\/wp\/v2\/pages"}],"about":[{"href":"https:\/\/www.odonto.ufmg.br\/paixao\/wp-json\/wp\/v2\/types\/page"}],"author":[{"embeddable":true,"href":"https:\/\/www.odonto.ufmg.br\/paixao\/wp-json\/wp\/v2\/users\/5"}],"replies":[{"embeddable":true,"href":"https:\/\/www.odonto.ufmg.br\/paixao\/wp-json\/wp\/v2\/comments?post=916"}],"version-history":[{"count":9,"href":"https:\/\/www.odonto.ufmg.br\/paixao\/wp-json\/wp\/v2\/pages\/916\/revisions"}],"predecessor-version":[{"id":921,"href":"https:\/\/www.odonto.ufmg.br\/paixao\/wp-json\/wp\/v2\/pages\/916\/revisions\/921"}],"wp:featuredmedia":[{"embeddable":true,"href":"https:\/\/www.odonto.ufmg.br\/paixao\/wp-json\/wp\/v2\/media\/914"}],"wp:attachment":[{"href":"https:\/\/www.odonto.ufmg.br\/paixao\/wp-json\/wp\/v2\/media?parent=916"}],"curies":[{"name":"wp","href":"https:\/\/api.w.org\/{rel}","templated":true}]}}