{"id":698,"date":"2018-05-23T20:20:18","date_gmt":"2018-05-23T23:20:18","guid":{"rendered":"https:\/\/www.odonto.ufmg.br\/paixao\/?page_id=698"},"modified":"2018-05-23T20:20:18","modified_gmt":"2018-05-23T23:20:18","slug":"praticas-integrativas","status":"publish","type":"page","link":"https:\/\/www.odonto.ufmg.br\/paixao\/praticas-integrativas\/","title":{"rendered":"pr\u00e1ticas-integrativas"},"content":{"rendered":"<h2><strong>Pr\u00e1ticas Integrativas Complementares<\/strong><\/h2>\n<p style=\"text-align: left\">O Grupo de Estudos em Pr\u00e1ticas Integrativas e Complementares (PICS), ocorre sob supervis\u00e3o e orienta\u00e7\u00e3o da professora Janice Simpson de Paula, que \u00e9 cirurgi\u00e3-dentista acupunturista, lotada no Departamento de Odontologia Social e Preventiva (OSP) da Faculdade de Odontologia da Universidade Federal de Minas Gerais. O grupo teve in\u00edcio em mar\u00e7o de 2017, primeiramente com a participa\u00e7\u00e3o de duas alunas da gradua\u00e7\u00e3o, cujo objetivo era desenvolver trabalhos cient\u00edficos e realizar leituras sobres as diversas \u00e1reas que abrangem as PICS. Posteriormente o grupo ganhou ades\u00e3o de mais discentes da<br \/>\ngradua\u00e7\u00e3o e da p\u00f3s-gradua\u00e7\u00e3o, ressaltando as atividades em grupo na produ\u00e7\u00e3o de pesquisas e no desenvolvimento de trabalhos cient\u00edficos (Resumos em Anais, Artigos, Trabalho de Conclus\u00e3o de Curso e Disserta\u00e7\u00e3o). Al\u00e9m disso, \u00e9 constante a participa\u00e7\u00e3o e apresenta\u00e7\u00e3o do grupo em eventos cient\u00edficos, com intuito de buscar conhecimentos novos e divulgar o uso das PICS na Odontologia. A equipe acumula, at\u00e9 o momento, duas premia\u00e7\u00f5es recebidas em eventos cient\u00edficos da \u00e1rea.<br \/>\nO grupo iniciou suas atividades com encontros quinzenais, visando o aprofundamento do conhecimento sobre PICS na Odontologia por meio da leitura de textos cient\u00edficos. Em um segundo momento, cada integrante se responsabilizou pela apresenta\u00e7\u00e3o de uma tem\u00e1tica de interesse, associando as PICS \u00e0 Odontologia, com discuss\u00f5es em formato de semin\u00e1rios. No presente semestre, os encontros s\u00e3o mensais,<br \/>\nenvolvendo a recep\u00e7\u00e3o de convidados que possuam a pr\u00e1tica cl\u00ednica, com forma\u00e7\u00e3o em Odontologia e especializa\u00e7\u00e3o nas diversas PICS, como homeopatas, acupunturistas e<br \/>\nfitoter\u00e1picos.<br \/>\nAtualmente o grupo conta com 16 integrantes, entre alunos e professores apoiadores. O objetivo principal \u00e9 ampliar o conhecimento sobre as PICS no \u00e2mbito acad\u00eamico, ressaltando o car\u00e1ter cient\u00edfico da aplica\u00e7\u00e3o das mesmas tanto para a sa\u00fade sist\u00eamica quanto para a sa\u00fade bucal. Al\u00e9m disso, objetiva-se desenvolver e divulgar pesquisas na \u00e1rea, estimular a participa\u00e7\u00e3o e apresenta\u00e7\u00e3o em eventos cient\u00edficos bem como promov\u00ea-los na FAO\/UFMG, visando maior ades\u00e3o e dissemina\u00e7\u00e3o do conhecimento sobre as PICS para estudantes e profissionais da Odontologia.<\/p>\n","protected":false},"excerpt":{"rendered":"<p>Pr\u00e1ticas Integrativas Complementares O Grupo de Estudos em Pr\u00e1ticas Integrativas e Complementares (PICS), ocorre sob supervis\u00e3o e orienta\u00e7\u00e3o da professora Janice Simpson de Paula, que \u00e9 cirurgi\u00e3-dentista acupunturista, lotada no Departamento de Odontologia Social e Preventiva (OSP) da Faculdade de Odontologia da Universidade Federal de Minas Gerais. O grupo teve in\u00edcio em mar\u00e7o de 2017, [&hellip;]<\/p>\n","protected":false},"author":24,"featured_media":0,"parent":0,"menu_order":0,"comment_status":"closed","ping_status":"closed","template":"","meta":{"inline_featured_image":false,"footnotes":""},"class_list":["post-698","page","type-page","status-publish","hentry"],"yoast_head":"<!-- This site is optimized with the Yoast SEO plugin v27.3 - https:\/\/yoast.com\/product\/yoast-seo-wordpress\/ -->\n<title>pr\u00e1ticas-integrativas - N\u00facleo de Estudos em Sa\u00fade Coletiva Paix\u00e3o<\/title>\n<meta name=\"robots\" content=\"index, follow, max-snippet:-1, max-image-preview:large, max-video-preview:-1\" \/>\n<link rel=\"canonical\" href=\"https:\/\/www.odonto.ufmg.br\/paixao\/praticas-integrativas\/\" \/>\n<meta property=\"og:locale\" content=\"pt_BR\" \/>\n<meta property=\"og:type\" content=\"article\" \/>\n<meta property=\"og:title\" content=\"pr\u00e1ticas-integrativas - N\u00facleo de Estudos em Sa\u00fade Coletiva Paix\u00e3o\" \/>\n<meta property=\"og:description\" content=\"Pr\u00e1ticas Integrativas Complementares O Grupo de Estudos em Pr\u00e1ticas Integrativas e Complementares (PICS), ocorre sob supervis\u00e3o e orienta\u00e7\u00e3o da professora Janice Simpson de Paula, que \u00e9 cirurgi\u00e3-dentista acupunturista, lotada no Departamento de Odontologia Social e Preventiva (OSP) da Faculdade de Odontologia da Universidade Federal de Minas Gerais. O grupo teve in\u00edcio em mar\u00e7o de 2017, [&hellip;]\" \/>\n<meta property=\"og:url\" content=\"https:\/\/www.odonto.ufmg.br\/paixao\/praticas-integrativas\/\" \/>\n<meta property=\"og:site_name\" content=\"N\u00facleo de Estudos em Sa\u00fade Coletiva Paix\u00e3o\" \/>\n<meta name=\"twitter:card\" content=\"summary_large_image\" \/>\n<meta name=\"twitter:label1\" content=\"Est. tempo de leitura\" \/>\n\t<meta name=\"twitter:data1\" content=\"2 minutos\" \/>\n<script type=\"application\/ld+json\" class=\"yoast-schema-graph\">{\"@context\":\"https:\\\/\\\/schema.org\",\"@graph\":[{\"@type\":\"WebPage\",\"@id\":\"https:\\\/\\\/www.odonto.ufmg.br\\\/paixao\\\/praticas-integrativas\\\/\",\"url\":\"https:\\\/\\\/www.odonto.ufmg.br\\\/paixao\\\/praticas-integrativas\\\/\",\"name\":\"pr\u00e1ticas-integrativas - N\u00facleo de Estudos em Sa\u00fade Coletiva Paix\u00e3o\",\"isPartOf\":{\"@id\":\"https:\\\/\\\/www.odonto.ufmg.br\\\/paixao\\\/#website\"},\"datePublished\":\"2018-05-23T23:20:18+00:00\",\"breadcrumb\":{\"@id\":\"https:\\\/\\\/www.odonto.ufmg.br\\\/paixao\\\/praticas-integrativas\\\/#breadcrumb\"},\"inLanguage\":\"pt-BR\",\"potentialAction\":[{\"@type\":\"ReadAction\",\"target\":[\"https:\\\/\\\/www.odonto.ufmg.br\\\/paixao\\\/praticas-integrativas\\\/\"]}]},{\"@type\":\"BreadcrumbList\",\"@id\":\"https:\\\/\\\/www.odonto.ufmg.br\\\/paixao\\\/praticas-integrativas\\\/#breadcrumb\",\"itemListElement\":[{\"@type\":\"ListItem\",\"position\":1,\"name\":\"In\u00edcio\",\"item\":\"https:\\\/\\\/www.odonto.ufmg.br\\\/paixao\\\/\"},{\"@type\":\"ListItem\",\"position\":2,\"name\":\"pr\u00e1ticas-integrativas\"}]},{\"@type\":\"WebSite\",\"@id\":\"https:\\\/\\\/www.odonto.ufmg.br\\\/paixao\\\/#website\",\"url\":\"https:\\\/\\\/www.odonto.ufmg.br\\\/paixao\\\/\",\"name\":\"N\u00facleo de Estudos em Sa\u00fade Coletiva Paix\u00e3o\",\"description\":\"Grupo de pesquisa da Faculdade de Odontologia da Universidade Federal de Minas Gerais\",\"potentialAction\":[{\"@type\":\"SearchAction\",\"target\":{\"@type\":\"EntryPoint\",\"urlTemplate\":\"https:\\\/\\\/www.odonto.ufmg.br\\\/paixao\\\/?s={search_term_string}\"},\"query-input\":{\"@type\":\"PropertyValueSpecification\",\"valueRequired\":true,\"valueName\":\"search_term_string\"}}],\"inLanguage\":\"pt-BR\"}]}<\/script>\n<!-- \/ Yoast SEO plugin. -->","yoast_head_json":{"title":"pr\u00e1ticas-integrativas - N\u00facleo de Estudos em Sa\u00fade Coletiva Paix\u00e3o","robots":{"index":"index","follow":"follow","max-snippet":"max-snippet:-1","max-image-preview":"max-image-preview:large","max-video-preview":"max-video-preview:-1"},"canonical":"https:\/\/www.odonto.ufmg.br\/paixao\/praticas-integrativas\/","og_locale":"pt_BR","og_type":"article","og_title":"pr\u00e1ticas-integrativas - N\u00facleo de Estudos em Sa\u00fade Coletiva Paix\u00e3o","og_description":"Pr\u00e1ticas Integrativas Complementares O Grupo de Estudos em Pr\u00e1ticas Integrativas e Complementares (PICS), ocorre sob supervis\u00e3o e orienta\u00e7\u00e3o da professora Janice Simpson de Paula, que \u00e9 cirurgi\u00e3-dentista acupunturista, lotada no Departamento de Odontologia Social e Preventiva (OSP) da Faculdade de Odontologia da Universidade Federal de Minas Gerais. O grupo teve in\u00edcio em mar\u00e7o de 2017, [&hellip;]","og_url":"https:\/\/www.odonto.ufmg.br\/paixao\/praticas-integrativas\/","og_site_name":"N\u00facleo de Estudos em Sa\u00fade Coletiva Paix\u00e3o","twitter_card":"summary_large_image","twitter_misc":{"Est. tempo de leitura":"2 minutos"},"schema":{"@context":"https:\/\/schema.org","@graph":[{"@type":"WebPage","@id":"https:\/\/www.odonto.ufmg.br\/paixao\/praticas-integrativas\/","url":"https:\/\/www.odonto.ufmg.br\/paixao\/praticas-integrativas\/","name":"pr\u00e1ticas-integrativas - N\u00facleo de Estudos em Sa\u00fade Coletiva Paix\u00e3o","isPartOf":{"@id":"https:\/\/www.odonto.ufmg.br\/paixao\/#website"},"datePublished":"2018-05-23T23:20:18+00:00","breadcrumb":{"@id":"https:\/\/www.odonto.ufmg.br\/paixao\/praticas-integrativas\/#breadcrumb"},"inLanguage":"pt-BR","potentialAction":[{"@type":"ReadAction","target":["https:\/\/www.odonto.ufmg.br\/paixao\/praticas-integrativas\/"]}]},{"@type":"BreadcrumbList","@id":"https:\/\/www.odonto.ufmg.br\/paixao\/praticas-integrativas\/#breadcrumb","itemListElement":[{"@type":"ListItem","position":1,"name":"In\u00edcio","item":"https:\/\/www.odonto.ufmg.br\/paixao\/"},{"@type":"ListItem","position":2,"name":"pr\u00e1ticas-integrativas"}]},{"@type":"WebSite","@id":"https:\/\/www.odonto.ufmg.br\/paixao\/#website","url":"https:\/\/www.odonto.ufmg.br\/paixao\/","name":"N\u00facleo de Estudos em Sa\u00fade Coletiva Paix\u00e3o","description":"Grupo de pesquisa da Faculdade de Odontologia da Universidade Federal de Minas Gerais","potentialAction":[{"@type":"SearchAction","target":{"@type":"EntryPoint","urlTemplate":"https:\/\/www.odonto.ufmg.br\/paixao\/?s={search_term_string}"},"query-input":{"@type":"PropertyValueSpecification","valueRequired":true,"valueName":"search_term_string"}}],"inLanguage":"pt-BR"}]}},"_links":{"self":[{"href":"https:\/\/www.odonto.ufmg.br\/paixao\/wp-json\/wp\/v2\/pages\/698","targetHints":{"allow":["GET"]}}],"collection":[{"href":"https:\/\/www.odonto.ufmg.br\/paixao\/wp-json\/wp\/v2\/pages"}],"about":[{"href":"https:\/\/www.odonto.ufmg.br\/paixao\/wp-json\/wp\/v2\/types\/page"}],"author":[{"embeddable":true,"href":"https:\/\/www.odonto.ufmg.br\/paixao\/wp-json\/wp\/v2\/users\/24"}],"replies":[{"embeddable":true,"href":"https:\/\/www.odonto.ufmg.br\/paixao\/wp-json\/wp\/v2\/comments?post=698"}],"version-history":[{"count":2,"href":"https:\/\/www.odonto.ufmg.br\/paixao\/wp-json\/wp\/v2\/pages\/698\/revisions"}],"predecessor-version":[{"id":768,"href":"https:\/\/www.odonto.ufmg.br\/paixao\/wp-json\/wp\/v2\/pages\/698\/revisions\/768"}],"wp:attachment":[{"href":"https:\/\/www.odonto.ufmg.br\/paixao\/wp-json\/wp\/v2\/media?parent=698"}],"curies":[{"name":"wp","href":"https:\/\/api.w.org\/{rel}","templated":true}]}}