{"id":10,"date":"2018-02-07T09:44:27","date_gmt":"2018-02-07T11:44:27","guid":{"rendered":"https:\/\/www.odonto.ufmg.br\/osp\/?page_id=10"},"modified":"2021-06-22T22:21:16","modified_gmt":"2021-06-23T01:21:16","slug":"inicio","status":"publish","type":"page","link":"https:\/\/www.odonto.ufmg.br\/osp\/","title":{"rendered":"In\u00edcio"},"content":{"rendered":"<div id='av_section_1'  class='avia-section av-6t8mu-709afd134cb3cfc36fb5784aba052057 main_color avia-section-default avia-no-shadow  avia-builder-el-0  el_before_av_section  avia-builder-el-first  avia-bg-style-scroll container_wrap fullsize'  ><div class='container av-section-cont-open' ><main  role=\"main\" itemprop=\"mainContentOfPage\"  class='template-page content  av-content-full alpha units'><div class='post-entry post-entry-type-page post-entry-10'><div class='entry-content-wrapper clearfix'>\n\n<style type=\"text\/css\" data-created_by=\"avia_inline_auto\" id=\"style-css-av-62e4e-8746e27caf8d3d9254788a28f4c472dd\">\n.flex_column.av-62e4e-8746e27caf8d3d9254788a28f4c472dd{\nborder-radius:0px 0px 0px 0px;\npadding:0px 0px 0px 0px;\n}\n<\/style>\n<div  class='flex_column av-62e4e-8746e27caf8d3d9254788a28f4c472dd av_two_third  avia-builder-el-1  el_before_av_one_third  avia-builder-el-first  first flex_column_div av-zero-column-padding  '     ><div  class='avia-slideshow av-5l77u-fa0336cb212e68337e3b5cb6e5b31ccd avia-slideshow-featured av_slideshow avia-slide-slider  avia-builder-el-2  avia-builder-el-no-sibling  av-slideshow-ui av-control-default av-slideshow-manual av-loop-once av-loop-manual-endless av-default-height-applied avia-slideshow-1' data-slideshow-options=\"{&quot;animation&quot;:&quot;slide&quot;,&quot;autoplay&quot;:false,&quot;loop_autoplay&quot;:&quot;once&quot;,&quot;interval&quot;:5,&quot;loop_manual&quot;:&quot;manual-endless&quot;,&quot;autoplay_stopper&quot;:false,&quot;noNavigation&quot;:false,&quot;bg_slider&quot;:false,&quot;keep_padding&quot;:false,&quot;hoverpause&quot;:false,&quot;show_slide_delay&quot;:0}\"  itemprop=\"image\" itemscope=\"itemscope\" itemtype=\"https:\/\/schema.org\/ImageObject\" ><ul class='avia-slideshow-inner ' style='padding-bottom: 41.747572815534%;'><li  class='avia-slideshow-slide av-5l77u-fa0336cb212e68337e3b5cb6e5b31ccd__0  av-single-slide slide-1 slide-odd'><a href=\"https:\/\/www.odonto.ufmg.br\/osp\/geral\/bem-vindos-ao-novo-site-do-osp\/\"  data-rel='slideshow-1' class='avia-slide-wrap '   ><div class='av-slideshow-caption av-5l77u-fa0336cb212e68337e3b5cb6e5b31ccd__0 avia-caption'><div class=\"avia-inner-caption\"><h2 class='avia-caption-title '  itemprop=\"name\" >Bem-vindos ao site do OSP<\/h2><div class='avia-caption-content '  itemprop=\"description\" ><p>Estamos atendendo remotamente no hor\u00e1rio de 08:00 \u00e0s 12:00 e de 13:00 \u00e0s 17:00 pelo e-mail osp@odonto.ufmg.br.<\/p>\n<\/div><\/div><\/div><img fetchpriority=\"high\" class=\"wp-image-43 avia-img-lazy-loading-not-43\"  src='https:\/\/www.odonto.ufmg.br\/osp\/wp-content\/uploads\/sites\/20\/2018\/02\/Imagem-248-1030x773-1030x430.jpg' width='1030' height='430' title='Imagem-248-1030x773' alt=''  itemprop=\"thumbnailUrl\"   \/><\/a><\/li><\/ul><\/div><\/div>\n<style type=\"text\/css\" data-created_by=\"avia_inline_auto\" id=\"style-css-av-4fku6-885db7ae86dbb6e120777792c2aa41cc\">\n.flex_column.av-4fku6-885db7ae86dbb6e120777792c2aa41cc{\nborder-radius:0px 0px 0px 0px;\npadding:0px 0px 0px 0px;\n}\n<\/style>\n<div  class='flex_column av-4fku6-885db7ae86dbb6e120777792c2aa41cc av_one_third  avia-builder-el-3  el_after_av_two_third  avia-builder-el-last  flex_column_div av-zero-column-padding  '     ><div  id=\"avia-magazine-1\"  class='av-magazine av-44k2u-c6ffd2c3f206286a8525ba68163f3a76 av-magazine-top-bar-active av-magazine-tabs-active  avia-builder-el-4  avia-builder-el-no-sibling   avia-builder-el-4  avia-builder-el-no-sibling ' ><div class='av-magazine-top-bar '><a href='https:\/\/www.odonto.ufmg.br\/osp\/noticias\/' class='av-magazine-top-heading '  >\u00daltimas Not\u00edcias<\/a><\/div><div class='av-magazine-group sort_all'><article class='av-magazine-entry av-magazine-entry-id-1113 av-magazine-format-standard av-magazine-type-post av-magazine-entry-1 av-magazine-entry-small av-magazine-no-thumb'  itemscope=\"itemscope\" itemtype=\"https:\/\/schema.org\/CreativeWork\" ><div class=\"av-magazine-content-wrap\"><header class=\"entry-content-header\" aria-label=\"Post: Divulgado edital 1915, sele\u00e7\u00e3o professor substituto\"><time class='av-magazine-time updated'  itemprop=\"datePublished\" datetime=\"2025-07-29T12:01:18-03:00\" >29 de julho de 2025<\/time><h3 class='av-magazine-title entry-title '  itemprop=\"headline\" ><a href='https:\/\/www.odonto.ufmg.br\/osp\/geral\/divulgado-edital-1915-selecao-professor-substituto\/' title='Link to: Divulgado edital 1915, sele\u00e7\u00e3o professor substituto'>Divulgado edital 1915, sele\u00e7\u00e3o professor substituto<\/a><\/h3><\/header><\/div><footer class=\"entry-footer\"><\/footer><\/article><article class='av-magazine-entry av-magazine-entry-id-1109 av-magazine-format-standard av-magazine-type-post av-magazine-entry-2 av-magazine-entry-small av-magazine-no-thumb'  itemscope=\"itemscope\" itemtype=\"https:\/\/schema.org\/CreativeWork\" ><div class=\"av-magazine-content-wrap\"><header class=\"entry-content-header\" aria-label=\"Post: Edital 1653 - Sele\u00e7\u00e3o monitoria volunt\u00e1ria P\u00f3s-Gradua\u00e7\u00e3o\"><time class='av-magazine-time updated'  itemprop=\"datePublished\" datetime=\"2024-08-19T13:25:10-03:00\" >19 de agosto de 2024<\/time><h3 class='av-magazine-title entry-title '  itemprop=\"headline\" ><a href='https:\/\/www.odonto.ufmg.br\/osp\/geral\/edital-1653-selecao-monitoria-voluntaria-pos-graduacao\/' title='Link to: Edital 1653 &#8211; Sele\u00e7\u00e3o monitoria volunt\u00e1ria P\u00f3s-Gradua\u00e7\u00e3o'>Edital 1653 &#8211; Sele\u00e7\u00e3o monitoria volunt\u00e1ria P\u00f3s-Gradua\u00e7\u00e3o<\/a><\/h3><\/header><\/div><footer class=\"entry-footer\"><\/footer><\/article><article class='av-magazine-entry av-magazine-entry-id-1099 av-magazine-format-standard av-magazine-type-post av-magazine-entry-3 av-magazine-entry-small av-magazine-no-thumb'  itemscope=\"itemscope\" itemtype=\"https:\/\/schema.org\/CreativeWork\" ><div class=\"av-magazine-content-wrap\"><header class=\"entry-content-header\" aria-label=\"Post: Resultado edital 03\/2024\"><time class='av-magazine-time updated'  itemprop=\"datePublished\" datetime=\"2024-03-22T11:23:57-03:00\" >22 de mar\u00e7o de 2024<\/time><h3 class='av-magazine-title entry-title '  itemprop=\"headline\" ><a href='https:\/\/www.odonto.ufmg.br\/osp\/geral\/resultado-edital-03-2024\/' title='Link to: Resultado edital 03\/2024'>Resultado edital 03\/2024<\/a><\/h3><\/header><\/div><footer class=\"entry-footer\"><\/footer><\/article><article class='av-magazine-entry av-magazine-entry-id-1094 av-magazine-format-standard av-magazine-type-post av-magazine-entry-4 av-magazine-entry-small av-magazine-no-thumb'  itemscope=\"itemscope\" itemtype=\"https:\/\/schema.org\/CreativeWork\" ><div class=\"av-magazine-content-wrap\"><header class=\"entry-content-header\" aria-label=\"Post: Resultado edital 02\/2024\"><time class='av-magazine-time updated'  itemprop=\"datePublished\" datetime=\"2024-03-22T11:21:56-03:00\" >22 de mar\u00e7o de 2024<\/time><h3 class='av-magazine-title entry-title '  itemprop=\"headline\" ><a href='https:\/\/www.odonto.ufmg.br\/osp\/geral\/resultado-edital-02-2024\/' title='Link to: Resultado edital 02\/2024'>Resultado edital 02\/2024<\/a><\/h3><\/header><\/div><footer class=\"entry-footer\"><\/footer><\/article><article class='av-magazine-entry av-magazine-entry-id-1090 av-magazine-format-standard av-magazine-type-post av-magazine-entry-5 av-magazine-entry-small av-magazine-no-thumb'  itemscope=\"itemscope\" itemtype=\"https:\/\/schema.org\/CreativeWork\" ><div class=\"av-magazine-content-wrap\"><header class=\"entry-content-header\" aria-label=\"Post: Resultado de Sele\u00e7\u00e3o de Monitores Volunt\u00e1rios de P\u00f3s-Gradua\u00e7\u00e3o (2024\/1)\"><time class='av-magazine-time updated'  itemprop=\"datePublished\" datetime=\"2024-03-14T09:09:06-03:00\" >14 de mar\u00e7o de 2024<\/time><h3 class='av-magazine-title entry-title '  itemprop=\"headline\" ><a href='https:\/\/www.odonto.ufmg.br\/osp\/geral\/resultado-de-selecao-de-monitores-voluntarios-de-pos-graduacao-2024-1\/' title='Link to: Resultado de Sele\u00e7\u00e3o de Monitores Volunt\u00e1rios de P\u00f3s-Gradua\u00e7\u00e3o (2024\/1)'>Resultado de Sele\u00e7\u00e3o de Monitores Volunt\u00e1rios de P\u00f3s-Gradua\u00e7\u00e3o (2024\/1)<\/a><\/h3><\/header><\/div><footer class=\"entry-footer\"><\/footer><\/article><\/div><\/div><\/div><\/div><\/div><\/main><!-- close content main element --><\/div><\/div><div id='av_section_2'  class='avia-section av-32gmm-1410eacdcf9903d4ddae94698ab7eb39 main_color avia-section-default avia-no-shadow  avia-builder-el-5  el_after_av_section  avia-builder-el-last  avia-bg-style-scroll container_wrap fullsize'  ><div class='container av-section-cont-open' ><div class='template-page content  av-content-full alpha units'><div class='post-entry post-entry-type-page post-entry-10'><div class='entry-content-wrapper clearfix'>\n\n<style type=\"text\/css\" data-created_by=\"avia_inline_auto\" id=\"style-css-av-2lzne-983746cb0d5d3abaf0b8bdd9f5e61de2\">\n.flex_column.av-2lzne-983746cb0d5d3abaf0b8bdd9f5e61de2{\nborder-radius:0px 0px 0px 0px;\npadding:0px 0px 0px 0px;\n}\n<\/style>\n<div  class='flex_column av-2lzne-983746cb0d5d3abaf0b8bdd9f5e61de2 av_one_half  avia-builder-el-6  el_before_av_one_half  avia-builder-el-first  first flex_column_div av-zero-column-padding  '     ><article  class='iconbox iconbox_top av-25qdy-4fb5c1192f4ce10ab526eed1e2dcffc9  avia-builder-el-7  avia-builder-el-no-sibling  main_color'  itemscope=\"itemscope\" itemtype=\"https:\/\/schema.org\/CreativeWork\" ><div class=\"iconbox_content\"><header class=\"entry-content-header\" aria-label=\"Icon: Formul\u00e1rios\"><div class='iconbox_icon heading-color avia-iconfont avia-font-entypo-fontello' data-av_icon='\ue84e' data-av_iconfont='entypo-fontello'  ><\/div><h3 class='iconbox_content_title '  itemprop=\"headline\" >Formul\u00e1rios<\/h3><\/header><div class='iconbox_content_container '  itemprop=\"text\" ><p>Formul\u00e1rio para inscri\u00e7\u00f5es em cursos e eventos.<\/p>\n<\/div><\/div><footer class=\"entry-footer\"><\/footer><\/article><\/div>\n<style type=\"text\/css\" data-created_by=\"avia_inline_auto\" id=\"style-css-av-1rz3e-7b03325b6e0d1b2f77830dfdc31b9975\">\n.flex_column.av-1rz3e-7b03325b6e0d1b2f77830dfdc31b9975{\nborder-radius:0px 0px 0px 0px;\npadding:0px 0px 0px 0px;\n}\n<\/style>\n<div  class='flex_column av-1rz3e-7b03325b6e0d1b2f77830dfdc31b9975 av_one_half  avia-builder-el-8  el_after_av_one_half  avia-builder-el-last  flex_column_div av-zero-column-padding  '     ><article  class='iconbox iconbox_top av-dqq-3067ae224a25dc86494cc86d84b8d85b  avia-builder-el-9  avia-builder-el-no-sibling  main_color'  itemscope=\"itemscope\" itemtype=\"https:\/\/schema.org\/CreativeWork\" ><div class=\"iconbox_content\"><header class=\"entry-content-header\" aria-label=\"Icon: Corpo Docente\"><a href='https:\/\/www.odonto.ufmg.br\/osp\/corpo-docente\/' title='Corpo Docente' aria-label='Corpo Docente'  class='iconbox_icon heading-color avia-iconfont avia-font-entypo-fontello' data-av_icon='\ue80b' data-av_iconfont='entypo-fontello' title=\"Corpo Docente\" desc=\"Corpo Docente\" ><\/a><h3 class='iconbox_content_title '  itemprop=\"headline\" ><a href='https:\/\/www.odonto.ufmg.br\/osp\/corpo-docente\/' title='Corpo Docente' >Corpo Docente<\/a><\/h3><\/header><div class='iconbox_content_container '  itemprop=\"text\" ><p>Conhe\u00e7a os professores do Departamento.<\/p>\n<\/div><\/div><footer class=\"entry-footer\"><\/footer><\/article><\/div>\n<\/p>\n","protected":false},"excerpt":{"rendered":"","protected":false},"author":1,"featured_media":0,"parent":0,"menu_order":0,"comment_status":"closed","ping_status":"closed","template":"","meta":{"inline_featured_image":false,"footnotes":""},"class_list":["post-10","page","type-page","status-publish","hentry"],"yoast_head":"<!-- This site is optimized with the Yoast SEO plugin v27.3 - https:\/\/yoast.com\/product\/yoast-seo-wordpress\/ -->\n<title>In\u00edcio - Departamento de Odontologia Social e Preventiva<\/title>\n<meta name=\"robots\" content=\"index, follow, max-snippet:-1, max-image-preview:large, max-video-preview:-1\" \/>\n<link rel=\"canonical\" href=\"https:\/\/www.odonto.ufmg.br\/osp\/\" \/>\n<meta property=\"og:locale\" content=\"pt_BR\" \/>\n<meta property=\"og:type\" content=\"article\" \/>\n<meta property=\"og:title\" content=\"In\u00edcio - Departamento de Odontologia Social e Preventiva\" \/>\n<meta property=\"og:url\" content=\"https:\/\/www.odonto.ufmg.br\/osp\/\" \/>\n<meta property=\"og:site_name\" content=\"Departamento de Odontologia Social e Preventiva\" \/>\n<meta property=\"article:modified_time\" content=\"2021-06-23T01:21:16+00:00\" \/>\n<meta name=\"twitter:card\" content=\"summary_large_image\" \/>\n<meta name=\"twitter:label1\" content=\"Est. tempo de leitura\" \/>\n\t<meta name=\"twitter:data1\" content=\"3 minutos\" \/>\n<script type=\"application\/ld+json\" class=\"yoast-schema-graph\">{\"@context\":\"https:\\\/\\\/schema.org\",\"@graph\":[{\"@type\":\"WebPage\",\"@id\":\"https:\\\/\\\/www.odonto.ufmg.br\\\/osp\\\/\",\"url\":\"https:\\\/\\\/www.odonto.ufmg.br\\\/osp\\\/\",\"name\":\"In\u00edcio - Departamento de Odontologia Social e Preventiva\",\"isPartOf\":{\"@id\":\"https:\\\/\\\/www.odonto.ufmg.br\\\/osp\\\/#website\"},\"datePublished\":\"2018-02-07T11:44:27+00:00\",\"dateModified\":\"2021-06-23T01:21:16+00:00\",\"breadcrumb\":{\"@id\":\"https:\\\/\\\/www.odonto.ufmg.br\\\/osp\\\/#breadcrumb\"},\"inLanguage\":\"pt-BR\",\"potentialAction\":[{\"@type\":\"ReadAction\",\"target\":[\"https:\\\/\\\/www.odonto.ufmg.br\\\/osp\\\/\"]}]},{\"@type\":\"BreadcrumbList\",\"@id\":\"https:\\\/\\\/www.odonto.ufmg.br\\\/osp\\\/#breadcrumb\",\"itemListElement\":[{\"@type\":\"ListItem\",\"position\":1,\"name\":\"In\u00edcio\",\"item\":\"https:\\\/\\\/www.odonto.ufmg.br\\\/osp\\\/\"},{\"@type\":\"ListItem\",\"position\":2,\"name\":\"In\u00edcio\"}]},{\"@type\":\"WebSite\",\"@id\":\"https:\\\/\\\/www.odonto.ufmg.br\\\/osp\\\/#website\",\"url\":\"https:\\\/\\\/www.odonto.ufmg.br\\\/osp\\\/\",\"name\":\"Departamento de Odontologia Social e Preventiva\",\"description\":\"S\u00f3 mais um site Faculdade de Odontologia Universidade Federal de Minas Gerais\",\"potentialAction\":[{\"@type\":\"SearchAction\",\"target\":{\"@type\":\"EntryPoint\",\"urlTemplate\":\"https:\\\/\\\/www.odonto.ufmg.br\\\/osp\\\/?s={search_term_string}\"},\"query-input\":{\"@type\":\"PropertyValueSpecification\",\"valueRequired\":true,\"valueName\":\"search_term_string\"}}],\"inLanguage\":\"pt-BR\"}]}<\/script>\n<!-- \/ Yoast SEO plugin. -->","yoast_head_json":{"title":"In\u00edcio - Departamento de Odontologia Social e Preventiva","robots":{"index":"index","follow":"follow","max-snippet":"max-snippet:-1","max-image-preview":"max-image-preview:large","max-video-preview":"max-video-preview:-1"},"canonical":"https:\/\/www.odonto.ufmg.br\/osp\/","og_locale":"pt_BR","og_type":"article","og_title":"In\u00edcio - Departamento de Odontologia Social e Preventiva","og_url":"https:\/\/www.odonto.ufmg.br\/osp\/","og_site_name":"Departamento de Odontologia Social e Preventiva","article_modified_time":"2021-06-23T01:21:16+00:00","twitter_card":"summary_large_image","twitter_misc":{"Est. tempo de leitura":"3 minutos"},"schema":{"@context":"https:\/\/schema.org","@graph":[{"@type":"WebPage","@id":"https:\/\/www.odonto.ufmg.br\/osp\/","url":"https:\/\/www.odonto.ufmg.br\/osp\/","name":"In\u00edcio - Departamento de Odontologia Social e Preventiva","isPartOf":{"@id":"https:\/\/www.odonto.ufmg.br\/osp\/#website"},"datePublished":"2018-02-07T11:44:27+00:00","dateModified":"2021-06-23T01:21:16+00:00","breadcrumb":{"@id":"https:\/\/www.odonto.ufmg.br\/osp\/#breadcrumb"},"inLanguage":"pt-BR","potentialAction":[{"@type":"ReadAction","target":["https:\/\/www.odonto.ufmg.br\/osp\/"]}]},{"@type":"BreadcrumbList","@id":"https:\/\/www.odonto.ufmg.br\/osp\/#breadcrumb","itemListElement":[{"@type":"ListItem","position":1,"name":"In\u00edcio","item":"https:\/\/www.odonto.ufmg.br\/osp\/"},{"@type":"ListItem","position":2,"name":"In\u00edcio"}]},{"@type":"WebSite","@id":"https:\/\/www.odonto.ufmg.br\/osp\/#website","url":"https:\/\/www.odonto.ufmg.br\/osp\/","name":"Departamento de Odontologia Social e Preventiva","description":"S\u00f3 mais um site Faculdade de Odontologia Universidade Federal de Minas Gerais","potentialAction":[{"@type":"SearchAction","target":{"@type":"EntryPoint","urlTemplate":"https:\/\/www.odonto.ufmg.br\/osp\/?s={search_term_string}"},"query-input":{"@type":"PropertyValueSpecification","valueRequired":true,"valueName":"search_term_string"}}],"inLanguage":"pt-BR"}]}},"_links":{"self":[{"href":"https:\/\/www.odonto.ufmg.br\/osp\/wp-json\/wp\/v2\/pages\/10","targetHints":{"allow":["GET"]}}],"collection":[{"href":"https:\/\/www.odonto.ufmg.br\/osp\/wp-json\/wp\/v2\/pages"}],"about":[{"href":"https:\/\/www.odonto.ufmg.br\/osp\/wp-json\/wp\/v2\/types\/page"}],"author":[{"embeddable":true,"href":"https:\/\/www.odonto.ufmg.br\/osp\/wp-json\/wp\/v2\/users\/1"}],"replies":[{"embeddable":true,"href":"https:\/\/www.odonto.ufmg.br\/osp\/wp-json\/wp\/v2\/comments?post=10"}],"version-history":[{"count":7,"href":"https:\/\/www.odonto.ufmg.br\/osp\/wp-json\/wp\/v2\/pages\/10\/revisions"}],"predecessor-version":[{"id":1000,"href":"https:\/\/www.odonto.ufmg.br\/osp\/wp-json\/wp\/v2\/pages\/10\/revisions\/1000"}],"wp:attachment":[{"href":"https:\/\/www.odonto.ufmg.br\/osp\/wp-json\/wp\/v2\/media?parent=10"}],"curies":[{"name":"wp","href":"https:\/\/api.w.org\/{rel}","templated":true}]}}