{"id":9609,"date":"2018-06-07T09:32:42","date_gmt":"2018-06-07T12:32:42","guid":{"rendered":"https:\/\/www.odonto.ufmg.br\/novo\/?page_id=9609"},"modified":"2018-12-10T10:40:29","modified_gmt":"2018-12-10T12:40:29","slug":"transparencia","status":"publish","type":"page","link":"https:\/\/www.odonto.ufmg.br\/novo\/institucional\/documentos\/transparencia\/","title":{"rendered":"Transpar\u00eancia"},"content":{"rendered":"<div  class='av-alb-blogposts template-blog  '  itemscope=\"itemscope\" itemtype=\"https:\/\/schema.org\/Blog\" ><article class=\"post-entry post-entry-type-standard post-entry-18152 post-loop-1 post-parity-odd single-big with-slider post-18152 post type-post status-publish format-standard has-post-thumbnail hentry category-noticias category-transparencia\"  itemscope=\"itemscope\" itemtype=\"https:\/\/schema.org\/BlogPosting\" ><div class=\"big-preview single-big\"  itemprop=\"image\" itemscope=\"itemscope\" itemtype=\"https:\/\/schema.org\/ImageObject\" ><a href=\"https:\/\/www.odonto.ufmg.br\/novo\/noticias\/pagamentos-aos-fornecedores-de-bens-e-servicos-setembro-2025\/\"  title=\"Important Reminder With 7 Color Options Instagram Posts (1)\" ><img decoding=\"async\" loading=\"lazy\" width=\"423\" height=\"423\" src=\"https:\/\/www.odonto.ufmg.br\/novo\/wp-content\/uploads\/sites\/32\/2025\/03\/Important-Reminder-With-7-Color-Options-Instagram-Posts-1.svg\" class=\"wp-image-17526 avia-img-lazy-loading-17526 attachment-entry_without_sidebar size-entry_without_sidebar wp-post-image\" alt=\"\" \/><\/a><\/div><div class=\"blog-meta\"><\/div><div class='entry-content-wrapper clearfix standard-content'><header class=\"entry-content-header\" aria-label=\"Post: Pagamentos aos fornecedores de bens e servi\u00e7os \u2013 Setembro\/2025\"><h2 class='post-title entry-title '  itemprop=\"headline\" ><a href=\"https:\/\/www.odonto.ufmg.br\/novo\/noticias\/pagamentos-aos-fornecedores-de-bens-e-servicos-setembro-2025\/\" rel=\"bookmark\" title=\"Link permanente: Pagamentos aos fornecedores de bens e servi\u00e7os \u2013 Setembro\/2025\">Pagamentos aos fornecedores de bens e servi\u00e7os \u2013 Setembro\/2025<span class=\"post-format-icon minor-meta\"><\/span><\/a><\/h2><span class=\"post-meta-infos\"><time class=\"date-container minor-meta updated\"  itemprop=\"datePublished\" datetime=\"2025-10-01T08:54:11-03:00\" >01\/10\/2025<\/time><span class=\"text-sep\">\/<\/span><span class=\"blog-categories minor-meta\">em <a href=\"https:\/\/www.odonto.ufmg.br\/novo\/categoria\/noticias\/\" rel=\"tag\">Geral<\/a>, <a href=\"https:\/\/www.odonto.ufmg.br\/novo\/categoria\/enade-2016\/documentos\/transparencia\/\" rel=\"tag\">Transpar\u00eancia<\/a><\/span><span class=\"text-sep\">\/<\/span><span class=\"blog-author minor-meta\">por <span class=\"entry-author-link\"  itemprop=\"author\" ><span class=\"author\"><span class=\"fn\"><a href=\"https:\/\/www.odonto.ufmg.br\/novo\/author\/cristiano\/\" title=\"Posts de cristiano\" rel=\"author\">cristiano<\/a><\/span><\/span><\/span><\/span><\/span><\/header><div class=\"entry-content\"  itemprop=\"text\" ><p>O presente documento torna p\u00fablico todos os pagamentos efetuados pela FAO aos fornecedores de bens e servi\u00e7os, referente ao m\u00eas de Setembro 2025.<\/p>\n<p>Para visualizar o registro na \u00edntegra,\u00a0<a href=\"https:\/\/www.odonto.ufmg.br\/novo\/wp-content\/uploads\/sites\/32\/2025\/10\/09-Pagamentos-set.pdf\" target=\"_blank\" rel=\"noopener\">clique aqui.<\/a><\/p>\n<\/div><footer class=\"entry-footer\"><\/footer><div class='post_delimiter'><\/div><\/div><div class=\"post_author_timeline\"><\/div><span class='hidden'>\n\t\t\t\t<span class='av-structured-data'  itemprop=\"image\" itemscope=\"itemscope\" itemtype=\"https:\/\/schema.org\/ImageObject\" >\n\t\t\t\t\t\t<span itemprop='url'>https:\/\/www.odonto.ufmg.br\/novo\/wp-content\/uploads\/sites\/32\/2025\/03\/Important-Reminder-With-7-Color-Options-Instagram-Posts-1.svg<\/span>\n\t\t\t\t\t\t<span itemprop='height'>1080<\/span>\n\t\t\t\t\t\t<span itemprop='width'>1080<\/span>\n\t\t\t\t<\/span>\n\t\t\t\t<span class='av-structured-data'  itemprop=\"publisher\" itemtype=\"https:\/\/schema.org\/Organization\" itemscope=\"itemscope\" >\n\t\t\t\t\t\t<span itemprop='name'>cristiano<\/span>\n\t\t\t\t\t\t<span itemprop='logo' itemscope itemtype='https:\/\/schema.org\/ImageObject'>\n\t\t\t\t\t\t\t<span itemprop='url'>https:\/\/www.odonto.ufmg.br\/novo\/wp-content\/uploads\/sites\/32\/2015\/12\/logo-fao-ufmg.svg<\/span>\n\t\t\t\t\t\t<\/span>\n\t\t\t\t<\/span><span class='av-structured-data'  itemprop=\"author\" itemscope=\"itemscope\" itemtype=\"https:\/\/schema.org\/Person\" ><span itemprop='name'>cristiano<\/span><\/span><span class='av-structured-data'  itemprop=\"datePublished\" datetime=\"2025-10-01T08:54:11-03:00\" >2025-10-01 08:54:11<\/span><span class='av-structured-data'  itemprop=\"dateModified\" itemtype=\"https:\/\/schema.org\/dateModified\" >2025-10-24 09:00:22<\/span><span class='av-structured-data'  itemprop=\"mainEntityOfPage\" itemtype=\"https:\/\/schema.org\/mainEntityOfPage\" ><span itemprop='name'>Pagamentos aos fornecedores de bens e servi\u00e7os \u2013 Setembro\/2025<\/span><\/span><\/span><\/article><article class=\"post-entry post-entry-type-standard post-entry-18147 post-loop-2 post-parity-even single-big with-slider post-18147 post type-post status-publish format-standard has-post-thumbnail hentry category-noticias category-transparencia\"  itemscope=\"itemscope\" itemtype=\"https:\/\/schema.org\/BlogPosting\" ><div class=\"big-preview single-big\"  itemprop=\"image\" itemscope=\"itemscope\" itemtype=\"https:\/\/schema.org\/ImageObject\" ><a href=\"https:\/\/www.odonto.ufmg.br\/novo\/noticias\/pagamentos-aos-fornecedores-de-bens-e-servicos-agosto-2025\/\"  title=\"Important Reminder With 7 Color Options Instagram Posts (1)\" ><img decoding=\"async\" loading=\"lazy\" width=\"423\" height=\"423\" src=\"https:\/\/www.odonto.ufmg.br\/novo\/wp-content\/uploads\/sites\/32\/2025\/03\/Important-Reminder-With-7-Color-Options-Instagram-Posts-1.svg\" class=\"wp-image-17526 avia-img-lazy-loading-17526 attachment-entry_without_sidebar size-entry_without_sidebar wp-post-image\" alt=\"\" \/><\/a><\/div><div class=\"blog-meta\"><\/div><div class='entry-content-wrapper clearfix standard-content'><header class=\"entry-content-header\" aria-label=\"Post: Pagamentos aos fornecedores de bens e servi\u00e7os \u2013 Agosto\/2025\"><h2 class='post-title entry-title '  itemprop=\"headline\" ><a href=\"https:\/\/www.odonto.ufmg.br\/novo\/noticias\/pagamentos-aos-fornecedores-de-bens-e-servicos-agosto-2025\/\" rel=\"bookmark\" title=\"Link permanente: Pagamentos aos fornecedores de bens e servi\u00e7os \u2013 Agosto\/2025\">Pagamentos aos fornecedores de bens e servi\u00e7os \u2013 Agosto\/2025<span class=\"post-format-icon minor-meta\"><\/span><\/a><\/h2><span class=\"post-meta-infos\"><time class=\"date-container minor-meta updated\"  itemprop=\"datePublished\" datetime=\"2025-09-03T08:49:55-03:00\" >03\/09\/2025<\/time><span class=\"text-sep\">\/<\/span><span class=\"blog-categories minor-meta\">em <a href=\"https:\/\/www.odonto.ufmg.br\/novo\/categoria\/noticias\/\" rel=\"tag\">Geral<\/a>, <a href=\"https:\/\/www.odonto.ufmg.br\/novo\/categoria\/enade-2016\/documentos\/transparencia\/\" rel=\"tag\">Transpar\u00eancia<\/a><\/span><span class=\"text-sep\">\/<\/span><span class=\"blog-author minor-meta\">por <span class=\"entry-author-link\"  itemprop=\"author\" ><span class=\"author\"><span class=\"fn\"><a href=\"https:\/\/www.odonto.ufmg.br\/novo\/author\/cristiano\/\" title=\"Posts de cristiano\" rel=\"author\">cristiano<\/a><\/span><\/span><\/span><\/span><\/span><\/header><div class=\"entry-content\"  itemprop=\"text\" ><p>O presente documento torna p\u00fablico todos os pagamentos efetuados pela FAO aos fornecedores de bens e servi\u00e7os, referente ao m\u00eas de Agosto 2025.<\/p>\n<p>Para visualizar o registro na \u00edntegra,\u00a0<a href=\"https:\/\/www.odonto.ufmg.br\/novo\/wp-content\/uploads\/sites\/32\/2025\/10\/08-Pagamentos_ago_assinado.pdf\" target=\"_blank\" rel=\"noopener\">clique aqui.<\/a><\/p>\n<\/div><footer class=\"entry-footer\"><\/footer><div class='post_delimiter'><\/div><\/div><div class=\"post_author_timeline\"><\/div><span class='hidden'>\n\t\t\t\t<span class='av-structured-data'  itemprop=\"image\" itemscope=\"itemscope\" itemtype=\"https:\/\/schema.org\/ImageObject\" >\n\t\t\t\t\t\t<span itemprop='url'>https:\/\/www.odonto.ufmg.br\/novo\/wp-content\/uploads\/sites\/32\/2025\/03\/Important-Reminder-With-7-Color-Options-Instagram-Posts-1.svg<\/span>\n\t\t\t\t\t\t<span itemprop='height'>1080<\/span>\n\t\t\t\t\t\t<span itemprop='width'>1080<\/span>\n\t\t\t\t<\/span>\n\t\t\t\t<span class='av-structured-data'  itemprop=\"publisher\" itemtype=\"https:\/\/schema.org\/Organization\" itemscope=\"itemscope\" >\n\t\t\t\t\t\t<span itemprop='name'>cristiano<\/span>\n\t\t\t\t\t\t<span itemprop='logo' itemscope itemtype='https:\/\/schema.org\/ImageObject'>\n\t\t\t\t\t\t\t<span itemprop='url'>https:\/\/www.odonto.ufmg.br\/novo\/wp-content\/uploads\/sites\/32\/2015\/12\/logo-fao-ufmg.svg<\/span>\n\t\t\t\t\t\t<\/span>\n\t\t\t\t<\/span><span class='av-structured-data'  itemprop=\"author\" itemscope=\"itemscope\" itemtype=\"https:\/\/schema.org\/Person\" ><span itemprop='name'>cristiano<\/span><\/span><span class='av-structured-data'  itemprop=\"datePublished\" datetime=\"2025-09-03T08:49:55-03:00\" >2025-09-03 08:49:55<\/span><span class='av-structured-data'  itemprop=\"dateModified\" itemtype=\"https:\/\/schema.org\/dateModified\" >2025-10-24 08:54:00<\/span><span class='av-structured-data'  itemprop=\"mainEntityOfPage\" itemtype=\"https:\/\/schema.org\/mainEntityOfPage\" ><span itemprop='name'>Pagamentos aos fornecedores de bens e servi\u00e7os \u2013 Agosto\/2025<\/span><\/span><\/span><\/article><article class=\"post-entry post-entry-type-standard post-entry-17865 post-loop-3 post-parity-odd post-entry-last single-big with-slider post-17865 post type-post status-publish format-standard has-post-thumbnail hentry category-noticias category-transparencia\"  itemscope=\"itemscope\" itemtype=\"https:\/\/schema.org\/BlogPosting\" ><div class=\"big-preview single-big\"  itemprop=\"image\" itemscope=\"itemscope\" itemtype=\"https:\/\/schema.org\/ImageObject\" ><a href=\"https:\/\/www.odonto.ufmg.br\/novo\/noticias\/pagamentos-aos-fornecedores-de-bens-e-servicos-julho-2025\/\"  title=\"Important Reminder With 7 Color Options Instagram Posts (1)\" ><img decoding=\"async\" loading=\"lazy\" width=\"423\" height=\"423\" src=\"https:\/\/www.odonto.ufmg.br\/novo\/wp-content\/uploads\/sites\/32\/2025\/03\/Important-Reminder-With-7-Color-Options-Instagram-Posts-1.svg\" class=\"wp-image-17526 avia-img-lazy-loading-17526 attachment-entry_without_sidebar size-entry_without_sidebar wp-post-image\" alt=\"\" \/><\/a><\/div><div class=\"blog-meta\"><\/div><div class='entry-content-wrapper clearfix standard-content'><header class=\"entry-content-header\" aria-label=\"Post: Pagamentos aos fornecedores de bens e servi\u00e7os \u2013 Julho\/2025\"><h2 class='post-title entry-title '  itemprop=\"headline\" ><a href=\"https:\/\/www.odonto.ufmg.br\/novo\/noticias\/pagamentos-aos-fornecedores-de-bens-e-servicos-julho-2025\/\" rel=\"bookmark\" title=\"Link permanente: Pagamentos aos fornecedores de bens e servi\u00e7os \u2013 Julho\/2025\">Pagamentos aos fornecedores de bens e servi\u00e7os \u2013 Julho\/2025<span class=\"post-format-icon minor-meta\"><\/span><\/a><\/h2><span class=\"post-meta-infos\"><time class=\"date-container minor-meta updated\"  itemprop=\"datePublished\" datetime=\"2025-08-01T09:56:33-03:00\" >01\/08\/2025<\/time><span class=\"text-sep\">\/<\/span><span class=\"blog-categories minor-meta\">em <a href=\"https:\/\/www.odonto.ufmg.br\/novo\/categoria\/noticias\/\" rel=\"tag\">Geral<\/a>, <a href=\"https:\/\/www.odonto.ufmg.br\/novo\/categoria\/enade-2016\/documentos\/transparencia\/\" rel=\"tag\">Transpar\u00eancia<\/a><\/span><span class=\"text-sep\">\/<\/span><span class=\"blog-author minor-meta\">por <span class=\"entry-author-link\"  itemprop=\"author\" ><span class=\"author\"><span class=\"fn\"><a href=\"https:\/\/www.odonto.ufmg.br\/novo\/author\/cristiano\/\" title=\"Posts de cristiano\" rel=\"author\">cristiano<\/a><\/span><\/span><\/span><\/span><\/span><\/header><div class=\"entry-content\"  itemprop=\"text\" ><p>O presente documento torna p\u00fablico todos os pagamentos efetuados pela FAO aos fornecedores de bens e servi\u00e7os, referente ao m\u00eas de Julho 2025.<\/p>\n<p>Para visualizar o registro na \u00edntegra,\u00a0<a href=\"https:\/\/www.odonto.ufmg.br\/novo\/wp-content\/uploads\/sites\/32\/2025\/08\/07-_Pagamentos_jul_assinado.pdf\" target=\"_blank\" rel=\"noopener\">clique aqui.<\/a><\/p>\n<\/div><footer class=\"entry-footer\"><\/footer><div class='post_delimiter'><\/div><\/div><div class=\"post_author_timeline\"><\/div><span class='hidden'>\n\t\t\t\t<span class='av-structured-data'  itemprop=\"image\" itemscope=\"itemscope\" itemtype=\"https:\/\/schema.org\/ImageObject\" >\n\t\t\t\t\t\t<span itemprop='url'>https:\/\/www.odonto.ufmg.br\/novo\/wp-content\/uploads\/sites\/32\/2025\/03\/Important-Reminder-With-7-Color-Options-Instagram-Posts-1.svg<\/span>\n\t\t\t\t\t\t<span itemprop='height'>1080<\/span>\n\t\t\t\t\t\t<span itemprop='width'>1080<\/span>\n\t\t\t\t<\/span>\n\t\t\t\t<span class='av-structured-data'  itemprop=\"publisher\" itemtype=\"https:\/\/schema.org\/Organization\" itemscope=\"itemscope\" >\n\t\t\t\t\t\t<span itemprop='name'>cristiano<\/span>\n\t\t\t\t\t\t<span itemprop='logo' itemscope itemtype='https:\/\/schema.org\/ImageObject'>\n\t\t\t\t\t\t\t<span itemprop='url'>https:\/\/www.odonto.ufmg.br\/novo\/wp-content\/uploads\/sites\/32\/2015\/12\/logo-fao-ufmg.svg<\/span>\n\t\t\t\t\t\t<\/span>\n\t\t\t\t<\/span><span class='av-structured-data'  itemprop=\"author\" itemscope=\"itemscope\" itemtype=\"https:\/\/schema.org\/Person\" ><span itemprop='name'>cristiano<\/span><\/span><span class='av-structured-data'  itemprop=\"datePublished\" datetime=\"2025-08-01T09:56:33-03:00\" >2025-08-01 09:56:33<\/span><span class='av-structured-data'  itemprop=\"dateModified\" itemtype=\"https:\/\/schema.org\/dateModified\" >2025-08-21 09:57:43<\/span><span class='av-structured-data'  itemprop=\"mainEntityOfPage\" itemtype=\"https:\/\/schema.org\/mainEntityOfPage\" ><span itemprop='name'>Pagamentos aos fornecedores de bens e servi\u00e7os \u2013 Julho\/2025<\/span><\/span><\/span><\/article><div class='single-big'><nav class='pagination'><span class='pagination-meta'>P\u00e1gina 1 de 29<\/span><span class='current'>1<\/span><a href='https:\/\/www.odonto.ufmg.br\/novo\/wp-json\/wp\/v2\/pages\/9609\/page\/2\/' class='inactive next_page' >2<\/a><a href='https:\/\/www.odonto.ufmg.br\/novo\/wp-json\/wp\/v2\/pages\/9609\/page\/3\/' class='inactive' >3<\/a><a href='https:\/\/www.odonto.ufmg.br\/novo\/wp-json\/wp\/v2\/pages\/9609\/page\/2\/'>&rsaquo;<\/a><a href='https:\/\/www.odonto.ufmg.br\/novo\/wp-json\/wp\/v2\/pages\/9609\/page\/29\/'>&raquo;<\/a><\/nav>\n<\/div><\/div>\n","protected":false},"excerpt":{"rendered":"","protected":false},"author":5,"featured_media":0,"parent":5639,"menu_order":0,"comment_status":"closed","ping_status":"closed","template":"","meta":{"inline_featured_image":false,"footnotes":""},"class_list":["post-9609","page","type-page","status-publish","hentry"],"yoast_head":"<!-- This site is optimized with the Yoast SEO plugin v27.3 - https:\/\/yoast.com\/product\/yoast-seo-wordpress\/ -->\n<title>Transpar\u00eancia - Novo Site<\/title>\n<meta name=\"robots\" content=\"index, follow, max-snippet:-1, max-image-preview:large, max-video-preview:-1\" \/>\n<link rel=\"canonical\" href=\"https:\/\/www.odonto.ufmg.br\/novo\/institucional\/documentos\/transparencia\/\" \/>\n<meta property=\"og:locale\" content=\"pt_BR\" \/>\n<meta property=\"og:type\" content=\"article\" \/>\n<meta property=\"og:title\" content=\"Transpar\u00eancia - Novo Site\" \/>\n<meta property=\"og:url\" content=\"https:\/\/www.odonto.ufmg.br\/novo\/institucional\/documentos\/transparencia\/\" \/>\n<meta property=\"og:site_name\" content=\"Novo Site\" \/>\n<meta property=\"article:publisher\" content=\"https:\/\/www.facebook.com\/faoufmg\/\" \/>\n<meta property=\"article:modified_time\" content=\"2018-12-10T12:40:29+00:00\" \/>\n<meta name=\"twitter:card\" content=\"summary_large_image\" \/>\n<script type=\"application\/ld+json\" class=\"yoast-schema-graph\">{\"@context\":\"https:\\\/\\\/schema.org\",\"@graph\":[{\"@type\":\"WebPage\",\"@id\":\"https:\\\/\\\/www.odonto.ufmg.br\\\/novo\\\/institucional\\\/documentos\\\/transparencia\\\/\",\"url\":\"https:\\\/\\\/www.odonto.ufmg.br\\\/novo\\\/institucional\\\/documentos\\\/transparencia\\\/\",\"name\":\"Transpar\u00eancia - Novo Site\",\"isPartOf\":{\"@id\":\"https:\\\/\\\/www.odonto.ufmg.br\\\/novo\\\/#website\"},\"datePublished\":\"2018-06-07T12:32:42+00:00\",\"dateModified\":\"2018-12-10T12:40:29+00:00\",\"breadcrumb\":{\"@id\":\"https:\\\/\\\/www.odonto.ufmg.br\\\/novo\\\/institucional\\\/documentos\\\/transparencia\\\/#breadcrumb\"},\"inLanguage\":\"pt-BR\",\"potentialAction\":[{\"@type\":\"ReadAction\",\"target\":[\"https:\\\/\\\/www.odonto.ufmg.br\\\/novo\\\/institucional\\\/documentos\\\/transparencia\\\/\"]}]},{\"@type\":\"BreadcrumbList\",\"@id\":\"https:\\\/\\\/www.odonto.ufmg.br\\\/novo\\\/institucional\\\/documentos\\\/transparencia\\\/#breadcrumb\",\"itemListElement\":[{\"@type\":\"ListItem\",\"position\":1,\"name\":\"In\u00edcio\",\"item\":\"https:\\\/\\\/www.odonto.ufmg.br\\\/novo\\\/inicio-2\\\/\"},{\"@type\":\"ListItem\",\"position\":2,\"name\":\"Institucional\",\"item\":\"https:\\\/\\\/www.odonto.ufmg.br\\\/novo\\\/institucional\\\/\"},{\"@type\":\"ListItem\",\"position\":3,\"name\":\"Documentos\",\"item\":\"https:\\\/\\\/www.odonto.ufmg.br\\\/novo\\\/institucional\\\/documentos\\\/\"},{\"@type\":\"ListItem\",\"position\":4,\"name\":\"Transpar\u00eancia\"}]},{\"@type\":\"WebSite\",\"@id\":\"https:\\\/\\\/www.odonto.ufmg.br\\\/novo\\\/#website\",\"url\":\"https:\\\/\\\/www.odonto.ufmg.br\\\/novo\\\/\",\"name\":\"Novo Site\",\"description\":\"Portal da Faculdade de Odontologia da Universidade Federal de Minas Gerais\",\"publisher\":{\"@id\":\"https:\\\/\\\/www.odonto.ufmg.br\\\/novo\\\/#organization\"},\"potentialAction\":[{\"@type\":\"SearchAction\",\"target\":{\"@type\":\"EntryPoint\",\"urlTemplate\":\"https:\\\/\\\/www.odonto.ufmg.br\\\/novo\\\/?s={search_term_string}\"},\"query-input\":{\"@type\":\"PropertyValueSpecification\",\"valueRequired\":true,\"valueName\":\"search_term_string\"}}],\"inLanguage\":\"pt-BR\"},{\"@type\":\"Organization\",\"@id\":\"https:\\\/\\\/www.odonto.ufmg.br\\\/novo\\\/#organization\",\"name\":\"Faculdade de Odontologia da UFMG\",\"url\":\"https:\\\/\\\/www.odonto.ufmg.br\\\/novo\\\/\",\"logo\":{\"@type\":\"ImageObject\",\"inLanguage\":\"pt-BR\",\"@id\":\"https:\\\/\\\/www.odonto.ufmg.br\\\/novo\\\/#\\\/schema\\\/logo\\\/image\\\/\",\"url\":\"https:\\\/\\\/www.odonto.ufmg.br\\\/novo\\\/wp-content\\\/uploads\\\/sites\\\/32\\\/2015\\\/12\\\/logo-fao-ufmg.png\",\"contentUrl\":\"https:\\\/\\\/www.odonto.ufmg.br\\\/novo\\\/wp-content\\\/uploads\\\/sites\\\/32\\\/2015\\\/12\\\/logo-fao-ufmg.png\",\"width\":340,\"height\":156,\"caption\":\"Faculdade de Odontologia da UFMG\"},\"image\":{\"@id\":\"https:\\\/\\\/www.odonto.ufmg.br\\\/novo\\\/#\\\/schema\\\/logo\\\/image\\\/\"},\"sameAs\":[\"https:\\\/\\\/www.facebook.com\\\/faoufmg\\\/\"]}]}<\/script>\n<!-- \/ Yoast SEO plugin. -->","yoast_head_json":{"title":"Transpar\u00eancia - Novo Site","robots":{"index":"index","follow":"follow","max-snippet":"max-snippet:-1","max-image-preview":"max-image-preview:large","max-video-preview":"max-video-preview:-1"},"canonical":"https:\/\/www.odonto.ufmg.br\/novo\/institucional\/documentos\/transparencia\/","og_locale":"pt_BR","og_type":"article","og_title":"Transpar\u00eancia - Novo Site","og_url":"https:\/\/www.odonto.ufmg.br\/novo\/institucional\/documentos\/transparencia\/","og_site_name":"Novo Site","article_publisher":"https:\/\/www.facebook.com\/faoufmg\/","article_modified_time":"2018-12-10T12:40:29+00:00","twitter_card":"summary_large_image","schema":{"@context":"https:\/\/schema.org","@graph":[{"@type":"WebPage","@id":"https:\/\/www.odonto.ufmg.br\/novo\/institucional\/documentos\/transparencia\/","url":"https:\/\/www.odonto.ufmg.br\/novo\/institucional\/documentos\/transparencia\/","name":"Transpar\u00eancia - Novo Site","isPartOf":{"@id":"https:\/\/www.odonto.ufmg.br\/novo\/#website"},"datePublished":"2018-06-07T12:32:42+00:00","dateModified":"2018-12-10T12:40:29+00:00","breadcrumb":{"@id":"https:\/\/www.odonto.ufmg.br\/novo\/institucional\/documentos\/transparencia\/#breadcrumb"},"inLanguage":"pt-BR","potentialAction":[{"@type":"ReadAction","target":["https:\/\/www.odonto.ufmg.br\/novo\/institucional\/documentos\/transparencia\/"]}]},{"@type":"BreadcrumbList","@id":"https:\/\/www.odonto.ufmg.br\/novo\/institucional\/documentos\/transparencia\/#breadcrumb","itemListElement":[{"@type":"ListItem","position":1,"name":"In\u00edcio","item":"https:\/\/www.odonto.ufmg.br\/novo\/inicio-2\/"},{"@type":"ListItem","position":2,"name":"Institucional","item":"https:\/\/www.odonto.ufmg.br\/novo\/institucional\/"},{"@type":"ListItem","position":3,"name":"Documentos","item":"https:\/\/www.odonto.ufmg.br\/novo\/institucional\/documentos\/"},{"@type":"ListItem","position":4,"name":"Transpar\u00eancia"}]},{"@type":"WebSite","@id":"https:\/\/www.odonto.ufmg.br\/novo\/#website","url":"https:\/\/www.odonto.ufmg.br\/novo\/","name":"Novo Site","description":"Portal da Faculdade de Odontologia da Universidade Federal de Minas Gerais","publisher":{"@id":"https:\/\/www.odonto.ufmg.br\/novo\/#organization"},"potentialAction":[{"@type":"SearchAction","target":{"@type":"EntryPoint","urlTemplate":"https:\/\/www.odonto.ufmg.br\/novo\/?s={search_term_string}"},"query-input":{"@type":"PropertyValueSpecification","valueRequired":true,"valueName":"search_term_string"}}],"inLanguage":"pt-BR"},{"@type":"Organization","@id":"https:\/\/www.odonto.ufmg.br\/novo\/#organization","name":"Faculdade de Odontologia da UFMG","url":"https:\/\/www.odonto.ufmg.br\/novo\/","logo":{"@type":"ImageObject","inLanguage":"pt-BR","@id":"https:\/\/www.odonto.ufmg.br\/novo\/#\/schema\/logo\/image\/","url":"https:\/\/www.odonto.ufmg.br\/novo\/wp-content\/uploads\/sites\/32\/2015\/12\/logo-fao-ufmg.png","contentUrl":"https:\/\/www.odonto.ufmg.br\/novo\/wp-content\/uploads\/sites\/32\/2015\/12\/logo-fao-ufmg.png","width":340,"height":156,"caption":"Faculdade de Odontologia da UFMG"},"image":{"@id":"https:\/\/www.odonto.ufmg.br\/novo\/#\/schema\/logo\/image\/"},"sameAs":["https:\/\/www.facebook.com\/faoufmg\/"]}]}},"_links":{"self":[{"href":"https:\/\/www.odonto.ufmg.br\/novo\/wp-json\/wp\/v2\/pages\/9609","targetHints":{"allow":["GET"]}}],"collection":[{"href":"https:\/\/www.odonto.ufmg.br\/novo\/wp-json\/wp\/v2\/pages"}],"about":[{"href":"https:\/\/www.odonto.ufmg.br\/novo\/wp-json\/wp\/v2\/types\/page"}],"author":[{"embeddable":true,"href":"https:\/\/www.odonto.ufmg.br\/novo\/wp-json\/wp\/v2\/users\/5"}],"replies":[{"embeddable":true,"href":"https:\/\/www.odonto.ufmg.br\/novo\/wp-json\/wp\/v2\/comments?post=9609"}],"version-history":[{"count":1,"href":"https:\/\/www.odonto.ufmg.br\/novo\/wp-json\/wp\/v2\/pages\/9609\/revisions"}],"predecessor-version":[{"id":9611,"href":"https:\/\/www.odonto.ufmg.br\/novo\/wp-json\/wp\/v2\/pages\/9609\/revisions\/9611"}],"up":[{"embeddable":true,"href":"https:\/\/www.odonto.ufmg.br\/novo\/wp-json\/wp\/v2\/pages\/5639"}],"wp:attachment":[{"href":"https:\/\/www.odonto.ufmg.br\/novo\/wp-json\/wp\/v2\/media?parent=9609"}],"curies":[{"name":"wp","href":"https:\/\/api.w.org\/{rel}","templated":true}]}}