{"id":13849,"date":"2021-09-21T11:41:04","date_gmt":"2021-09-21T14:41:04","guid":{"rendered":"https:\/\/www.odonto.ufmg.br\/novo\/?page_id=13849"},"modified":"2022-11-07T09:50:44","modified_gmt":"2022-11-07T12:50:44","slug":"manutencao","status":"publish","type":"page","link":"https:\/\/www.odonto.ufmg.br\/novo\/manutencao\/","title":{"rendered":"Oficina de Manuten\u00e7\u00e3o"},"content":{"rendered":"\n<style type=\"text\/css\" data-created_by=\"avia_inline_auto\" id=\"style-css-av-ktu6nmhu-4c073172fe24f7ad4d66c22a97d92c78\">\n.avia-image-container.av-ktu6nmhu-4c073172fe24f7ad4d66c22a97d92c78 img.avia_image{\nbox-shadow:none;\n}\n.avia-image-container.av-ktu6nmhu-4c073172fe24f7ad4d66c22a97d92c78 .av-image-caption-overlay-center{\ncolor:#ffffff;\n}\n<\/style>\n<div  class='avia-image-container av-ktu6nmhu-4c073172fe24f7ad4d66c22a97d92c78 av-styling- avia-align-center  avia-builder-el-0  el_before_av_one_full  avia-builder-el-first '   itemprop=\"image\" itemscope=\"itemscope\" itemtype=\"https:\/\/schema.org\/ImageObject\" ><div class=\"avia-image-container-inner\"><div class=\"avia-image-overlay-wrap\"><img decoding=\"async\" fetchpriority=\"high\" class='wp-image-13914 avia-img-lazy-loading-not-13914 avia_image ' src=\"https:\/\/www.odonto.ufmg.br\/novo\/wp-content\/uploads\/sites\/32\/2021\/10\/sala_manutencao.png\" alt='' title='sala_manutencao'  height=\"423\" width=\"1210\"  itemprop=\"thumbnailUrl\" srcset=\"https:\/\/www.odonto.ufmg.br\/novo\/wp-content\/uploads\/sites\/32\/2021\/10\/sala_manutencao.png 1210w, https:\/\/www.odonto.ufmg.br\/novo\/wp-content\/uploads\/sites\/32\/2021\/10\/sala_manutencao-300x105.png 300w, https:\/\/www.odonto.ufmg.br\/novo\/wp-content\/uploads\/sites\/32\/2021\/10\/sala_manutencao-1030x360.png 1030w, https:\/\/www.odonto.ufmg.br\/novo\/wp-content\/uploads\/sites\/32\/2021\/10\/sala_manutencao-80x28.png 80w, https:\/\/www.odonto.ufmg.br\/novo\/wp-content\/uploads\/sites\/32\/2021\/10\/sala_manutencao-768x268.png 768w, https:\/\/www.odonto.ufmg.br\/novo\/wp-content\/uploads\/sites\/32\/2021\/10\/sala_manutencao-705x246.png 705w\" sizes=\"(max-width: 1210px) 100vw, 1210px\" \/><\/div><\/div><\/div>\n\n<style type=\"text\/css\" data-created_by=\"avia_inline_auto\" id=\"style-css-av-ktu7qoy9-bb9fbc19fa1667181751857af8557562\">\n#top .flex_column.av-ktu7qoy9-bb9fbc19fa1667181751857af8557562{\nmargin-top:10px;\nmargin-bottom:20px;\n}\n.flex_column.av-ktu7qoy9-bb9fbc19fa1667181751857af8557562{\nborder-radius:0px 0px 0px 0px;\npadding:0px 0px 0px 0px;\nbackground-color:#722f37;\n}\n.responsive #top #wrap_all .flex_column.av-ktu7qoy9-bb9fbc19fa1667181751857af8557562{\nmargin-top:10px;\nmargin-bottom:20px;\n}\n<\/style>\n<div  class='flex_column av-ktu7qoy9-bb9fbc19fa1667181751857af8557562 av_one_full  avia-builder-el-1  el_after_av_image  el_before_av_textblock  first flex_column_div av-zero-column-padding  '     ><section  class='av_textblock_section av-ktu7sjnz-2ec4ac9d36bd0237c268e49702edb97f '   itemscope=\"itemscope\" itemtype=\"https:\/\/schema.org\/CreativeWork\" ><div class='avia_textblock'  itemprop=\"text\" ><h3 style=\"text-align: center; margin: 15px 0px; color: #ffffff;\"><strong><a href=\"https:\/\/sistemas.odonto.ufmg.br\/oficina\/open.php\" target=\"_blank\" rel=\"noopener\">CLIQUE AQUI PARA ABRIR UM CHAMADO<\/a><\/strong><\/h3>\n<\/div><\/section><\/div><section  class='av_textblock_section av-ktu5og8x-03ca82c72da1bc40b4933a31270d8605 '   itemscope=\"itemscope\" itemtype=\"https:\/\/schema.org\/CreativeWork\" ><div class='avia_textblock'  itemprop=\"text\" ><p>Miss\u00e3o: Executar atividades de manuten\u00e7\u00e3o corretiva, preventiva e preditiva de m\u00e1quinas e equipamentos da unidade.<\/p>\n<p>Vis\u00e3o: Fornecer diagn\u00f3sticos e desempenhar os servi\u00e7os de manuten\u00e7\u00e3o com efetividade.<\/p>\n<h3 style=\"color: #a81010; text-align: left;\">Principais atribui\u00e7\u00f5es<\/h3>\n<p>A oficina de manuten\u00e7\u00e3o caracteriza-se por ser encarregada de fornecer m\u00e3o de obra qualificada e servi\u00e7os para manuten\u00e7\u00e3o de equipamentos odonto-m\u00e9dico-hospitalares. Dentre esses equipamentos destaca-se:<\/p>\n<ul>\n<li>Aparelhos de uso por profissionais em consult\u00f3rios e cl\u00ednicas da FAO<\/li>\n<li>Equipamentos base de funcionamento da planta da FAO<\/li>\n<\/ul>\n<p>A abrang\u00eancia das manuten\u00e7\u00f5es \u00e9 de especialidade profissional de n\u00edvel t\u00e9cnico e de natureza mec\u00e2nica. As atividades se limitam a equipamentos de toda unidade incluindo cl\u00ednicas, laborat\u00f3rios, salas de aula, salas de professores e toda instala\u00e7\u00e3o da FAO desde que o aparelho ou equipamento sejam patrimoniados sendo vedada a utiliza\u00e7\u00e3o da m\u00e3o de obra para manuten\u00e7\u00e3o ou conserto de bens particulares.<\/p>\n<p>A oficina faz parte e \u00e9 gerida pelo setor de Servi\u00e7os Gerais sendo os pedidos de manuten\u00e7\u00e3o encaminhados via ticket dentro da intranet da unidade.<\/p>\n<p><span style=\"font-weight: bold;\"><strong>Hor\u00e1rio de Funcionamento:<\/strong><br \/>\nSegunda a sexta-feira: 08:00 \u00e0s 19:00<br \/>\nS\u00e1bado: 08:00 \u00e0s 13:00<\/span><\/p>\n<h3 style=\"color: #a81010;\">Equipe<\/h3>\n<\/div><\/section><\/p>\n\n<style type=\"text\/css\" data-created_by=\"avia_inline_auto\" id=\"style-css-av-3ez5fuh-ba90222febd34fa3aa6d77ab36331bf1\">\n.flex_column.av-3ez5fuh-ba90222febd34fa3aa6d77ab36331bf1{\nborder-radius:0px 0px 0px 0px;\npadding:0px 0px 0px 0px;\n}\n<\/style>\n<div  class='flex_column av-3ez5fuh-ba90222febd34fa3aa6d77ab36331bf1 av_one_third  avia-builder-el-4  el_after_av_textblock  el_before_av_one_third  first flex_column_div av-zero-column-padding  column-top-margin'     ><\/div>\n\n<style type=\"text\/css\" data-created_by=\"avia_inline_auto\" id=\"style-css-av-308wshl-02d813e1a97d8fe90a6e4db1fb9a844b\">\n.flex_column.av-308wshl-02d813e1a97d8fe90a6e4db1fb9a844b{\nborder-radius:0px 0px 0px 0px;\npadding:0px 0px 0px 0px;\n}\n<\/style>\n<div  class='flex_column av-308wshl-02d813e1a97d8fe90a6e4db1fb9a844b av_one_third  avia-builder-el-5  el_after_av_one_third  el_before_av_hr  flex_column_div av-zero-column-padding  column-top-margin'     ><\/div>\n\n<style type=\"text\/css\" data-created_by=\"avia_inline_auto\" id=\"style-css-av-2eewbnd-6afbba17f1a07fe50e268e96bbadf8c4\">\n#top .hr.hr-invisible.av-2eewbnd-6afbba17f1a07fe50e268e96bbadf8c4{\nheight:50px;\n}\n<\/style>\n<div  class='hr av-2eewbnd-6afbba17f1a07fe50e268e96bbadf8c4 hr-invisible  avia-builder-el-6  el_after_av_one_third  el_before_av_textblock '><span class='hr-inner '><span class=\"hr-inner-style\"><\/span><\/span><\/div>\n<section  class='av_textblock_section av-roybd-f614cc875596b3ac2dbff9ab4926adcf '   itemscope=\"itemscope\" itemtype=\"https:\/\/schema.org\/CreativeWork\" ><div class='avia_textblock'  itemprop=\"text\" ><h3 style=\"color: #a81010;\">Contato<\/h3>\n<\/div><\/section>\n\n<style type=\"text\/css\" data-created_by=\"avia_inline_auto\" id=\"style-css-av-1koh34p-be2b57c9bd61396940619aa8a8e8bbc5\">\n.flex_column.av-1koh34p-be2b57c9bd61396940619aa8a8e8bbc5{\nborder-radius:0px 0px 0px 0px;\npadding:0px 0px 0px 0px;\n}\n<\/style>\n<div  class='flex_column av-1koh34p-be2b57c9bd61396940619aa8a8e8bbc5 av_one_third  avia-builder-el-8  el_after_av_textblock  el_before_av_one_third  first flex_column_div av-zero-column-padding  column-top-margin'     ><article  class='iconbox iconbox_top av-ktu5t8ep-3454761368251a2036d58617d512a65a  avia-builder-el-9  avia-builder-el-no-sibling  main_color'  itemscope=\"itemscope\" itemtype=\"https:\/\/schema.org\/CreativeWork\" ><div class=\"iconbox_content\"><header class=\"entry-content-header\" aria-label=\"Icon: Sala 1007\"><div class='iconbox_icon heading-color avia-iconfont avia-font-entypo-fontello' data-av_icon='\ue842' data-av_iconfont='entypo-fontello'  ><\/div><h3 class='iconbox_content_title '  itemprop=\"headline\" >Sala 1007<\/h3><\/header><div class='iconbox_content_container '  itemprop=\"text\" ><\/div><\/div><footer class=\"entry-footer\"><\/footer><\/article><\/div>\n\n<style type=\"text\/css\" data-created_by=\"avia_inline_auto\" id=\"style-css-av-14r8xw9-6977251de80020fd105fb31a7415a8b7\">\n.flex_column.av-14r8xw9-6977251de80020fd105fb31a7415a8b7{\nborder-radius:0px 0px 0px 0px;\npadding:0px 0px 0px 0px;\n}\n<\/style>\n<div  class='flex_column av-14r8xw9-6977251de80020fd105fb31a7415a8b7 av_one_third  avia-builder-el-10  el_after_av_one_third  el_before_av_one_third  flex_column_div av-zero-column-padding  column-top-margin'     ><article  class='iconbox iconbox_top av-ktu5tgim-790e0ac29921d6e6bf97a5d74495b384  avia-builder-el-11  avia-builder-el-no-sibling  main_color'  itemscope=\"itemscope\" itemtype=\"https:\/\/schema.org\/CreativeWork\" ><div class=\"iconbox_content\"><header class=\"entry-content-header\" aria-label=\"Icon: oficina@odonto.ufmg.br\"><div class='iconbox_icon heading-color avia-iconfont avia-font-entypo-fontello' data-av_icon='\ue805' data-av_iconfont='entypo-fontello'  ><\/div><h3 class='iconbox_content_title '  itemprop=\"headline\" >oficina@odonto.ufmg.br<\/h3><\/header><div class='iconbox_content_container '  itemprop=\"text\" ><\/div><\/div><footer class=\"entry-footer\"><\/footer><\/article><\/div>\n\n<style type=\"text\/css\" data-created_by=\"avia_inline_auto\" id=\"style-css-av-v9qpax-d3946d9952c0bd85c92eaefa2793c858\">\n.flex_column.av-v9qpax-d3946d9952c0bd85c92eaefa2793c858{\nborder-radius:0px 0px 0px 0px;\npadding:0px 0px 0px 0px;\n}\n<\/style>\n<div  class='flex_column av-v9qpax-d3946d9952c0bd85c92eaefa2793c858 av_one_third  avia-builder-el-12  el_after_av_one_third  avia-builder-el-last  flex_column_div av-zero-column-padding  column-top-margin'     ><article  class='iconbox iconbox_top av-ktu5u3ss-cf2b5fbec6293a3323126ed95dbdc6d8  avia-builder-el-13  avia-builder-el-no-sibling  main_color'  itemscope=\"itemscope\" itemtype=\"https:\/\/schema.org\/CreativeWork\" ><div class=\"iconbox_content\"><header class=\"entry-content-header\" aria-label=\"Icon: (31)3409-2463 (31)983015492\"><div class='iconbox_icon heading-color avia-iconfont avia-font-entypo-fontello' data-av_icon='\ue854' data-av_iconfont='entypo-fontello'  ><\/div><h3 class='iconbox_content_title '  itemprop=\"headline\" >(31)3409-2463 (31)983015492<\/h3><\/header><div class='iconbox_content_container '  itemprop=\"text\" ><\/div><\/div><footer class=\"entry-footer\"><\/footer><\/article><\/div>\n","protected":false},"excerpt":{"rendered":"","protected":false},"author":45,"featured_media":0,"parent":0,"menu_order":0,"comment_status":"closed","ping_status":"closed","template":"","meta":{"inline_featured_image":false,"footnotes":""},"class_list":["post-13849","page","type-page","status-publish","hentry"],"yoast_head":"<!-- This site is optimized with the Yoast SEO plugin v27.5 - https:\/\/yoast.com\/product\/yoast-seo-wordpress\/ -->\n<title>Oficina de Manuten\u00e7\u00e3o - Novo Site<\/title>\n<meta name=\"robots\" content=\"index, follow, max-snippet:-1, max-image-preview:large, max-video-preview:-1\" \/>\n<link rel=\"canonical\" href=\"https:\/\/www.odonto.ufmg.br\/novo\/manutencao\/\" \/>\n<meta property=\"og:locale\" content=\"pt_BR\" \/>\n<meta property=\"og:type\" content=\"article\" \/>\n<meta property=\"og:title\" content=\"Oficina de Manuten\u00e7\u00e3o - Novo Site\" \/>\n<meta property=\"og:url\" content=\"https:\/\/www.odonto.ufmg.br\/novo\/manutencao\/\" \/>\n<meta property=\"og:site_name\" content=\"Novo Site\" \/>\n<meta property=\"article:publisher\" content=\"https:\/\/www.facebook.com\/faoufmg\/\" \/>\n<meta property=\"article:modified_time\" content=\"2022-11-07T12:50:44+00:00\" \/>\n<meta name=\"twitter:card\" content=\"summary_large_image\" \/>\n<meta name=\"twitter:label1\" content=\"Est. tempo de leitura\" \/>\n\t<meta name=\"twitter:data1\" content=\"4 minutos\" \/>\n<script type=\"application\/ld+json\" class=\"yoast-schema-graph\">{\"@context\":\"https:\\\/\\\/schema.org\",\"@graph\":[{\"@type\":\"WebPage\",\"@id\":\"https:\\\/\\\/www.odonto.ufmg.br\\\/novo\\\/manutencao\\\/\",\"url\":\"https:\\\/\\\/www.odonto.ufmg.br\\\/novo\\\/manutencao\\\/\",\"name\":\"Oficina de Manuten\u00e7\u00e3o - Novo Site\",\"isPartOf\":{\"@id\":\"https:\\\/\\\/www.odonto.ufmg.br\\\/novo\\\/#website\"},\"datePublished\":\"2021-09-21T14:41:04+00:00\",\"dateModified\":\"2022-11-07T12:50:44+00:00\",\"breadcrumb\":{\"@id\":\"https:\\\/\\\/www.odonto.ufmg.br\\\/novo\\\/manutencao\\\/#breadcrumb\"},\"inLanguage\":\"pt-BR\",\"potentialAction\":[{\"@type\":\"ReadAction\",\"target\":[\"https:\\\/\\\/www.odonto.ufmg.br\\\/novo\\\/manutencao\\\/\"]}]},{\"@type\":\"BreadcrumbList\",\"@id\":\"https:\\\/\\\/www.odonto.ufmg.br\\\/novo\\\/manutencao\\\/#breadcrumb\",\"itemListElement\":[{\"@type\":\"ListItem\",\"position\":1,\"name\":\"In\u00edcio\",\"item\":\"https:\\\/\\\/www.odonto.ufmg.br\\\/novo\\\/inicio-2\\\/\"},{\"@type\":\"ListItem\",\"position\":2,\"name\":\"Oficina de Manuten\u00e7\u00e3o\"}]},{\"@type\":\"WebSite\",\"@id\":\"https:\\\/\\\/www.odonto.ufmg.br\\\/novo\\\/#website\",\"url\":\"https:\\\/\\\/www.odonto.ufmg.br\\\/novo\\\/\",\"name\":\"Novo Site\",\"description\":\"Portal da Faculdade de Odontologia da Universidade Federal de Minas Gerais\",\"publisher\":{\"@id\":\"https:\\\/\\\/www.odonto.ufmg.br\\\/novo\\\/#organization\"},\"potentialAction\":[{\"@type\":\"SearchAction\",\"target\":{\"@type\":\"EntryPoint\",\"urlTemplate\":\"https:\\\/\\\/www.odonto.ufmg.br\\\/novo\\\/?s={search_term_string}\"},\"query-input\":{\"@type\":\"PropertyValueSpecification\",\"valueRequired\":true,\"valueName\":\"search_term_string\"}}],\"inLanguage\":\"pt-BR\"},{\"@type\":\"Organization\",\"@id\":\"https:\\\/\\\/www.odonto.ufmg.br\\\/novo\\\/#organization\",\"name\":\"Faculdade de Odontologia da UFMG\",\"url\":\"https:\\\/\\\/www.odonto.ufmg.br\\\/novo\\\/\",\"logo\":{\"@type\":\"ImageObject\",\"inLanguage\":\"pt-BR\",\"@id\":\"https:\\\/\\\/www.odonto.ufmg.br\\\/novo\\\/#\\\/schema\\\/logo\\\/image\\\/\",\"url\":\"https:\\\/\\\/www.odonto.ufmg.br\\\/novo\\\/wp-content\\\/uploads\\\/sites\\\/32\\\/2015\\\/12\\\/logo-fao-ufmg.png\",\"contentUrl\":\"https:\\\/\\\/www.odonto.ufmg.br\\\/novo\\\/wp-content\\\/uploads\\\/sites\\\/32\\\/2015\\\/12\\\/logo-fao-ufmg.png\",\"width\":340,\"height\":156,\"caption\":\"Faculdade de Odontologia da UFMG\"},\"image\":{\"@id\":\"https:\\\/\\\/www.odonto.ufmg.br\\\/novo\\\/#\\\/schema\\\/logo\\\/image\\\/\"},\"sameAs\":[\"https:\\\/\\\/www.facebook.com\\\/faoufmg\\\/\"]}]}<\/script>\n<!-- \/ Yoast SEO plugin. -->","yoast_head_json":{"title":"Oficina de Manuten\u00e7\u00e3o - Novo Site","robots":{"index":"index","follow":"follow","max-snippet":"max-snippet:-1","max-image-preview":"max-image-preview:large","max-video-preview":"max-video-preview:-1"},"canonical":"https:\/\/www.odonto.ufmg.br\/novo\/manutencao\/","og_locale":"pt_BR","og_type":"article","og_title":"Oficina de Manuten\u00e7\u00e3o - Novo Site","og_url":"https:\/\/www.odonto.ufmg.br\/novo\/manutencao\/","og_site_name":"Novo Site","article_publisher":"https:\/\/www.facebook.com\/faoufmg\/","article_modified_time":"2022-11-07T12:50:44+00:00","twitter_card":"summary_large_image","twitter_misc":{"Est. tempo de leitura":"4 minutos"},"schema":{"@context":"https:\/\/schema.org","@graph":[{"@type":"WebPage","@id":"https:\/\/www.odonto.ufmg.br\/novo\/manutencao\/","url":"https:\/\/www.odonto.ufmg.br\/novo\/manutencao\/","name":"Oficina de Manuten\u00e7\u00e3o - Novo Site","isPartOf":{"@id":"https:\/\/www.odonto.ufmg.br\/novo\/#website"},"datePublished":"2021-09-21T14:41:04+00:00","dateModified":"2022-11-07T12:50:44+00:00","breadcrumb":{"@id":"https:\/\/www.odonto.ufmg.br\/novo\/manutencao\/#breadcrumb"},"inLanguage":"pt-BR","potentialAction":[{"@type":"ReadAction","target":["https:\/\/www.odonto.ufmg.br\/novo\/manutencao\/"]}]},{"@type":"BreadcrumbList","@id":"https:\/\/www.odonto.ufmg.br\/novo\/manutencao\/#breadcrumb","itemListElement":[{"@type":"ListItem","position":1,"name":"In\u00edcio","item":"https:\/\/www.odonto.ufmg.br\/novo\/inicio-2\/"},{"@type":"ListItem","position":2,"name":"Oficina de Manuten\u00e7\u00e3o"}]},{"@type":"WebSite","@id":"https:\/\/www.odonto.ufmg.br\/novo\/#website","url":"https:\/\/www.odonto.ufmg.br\/novo\/","name":"Novo Site","description":"Portal da Faculdade de Odontologia da Universidade Federal de Minas Gerais","publisher":{"@id":"https:\/\/www.odonto.ufmg.br\/novo\/#organization"},"potentialAction":[{"@type":"SearchAction","target":{"@type":"EntryPoint","urlTemplate":"https:\/\/www.odonto.ufmg.br\/novo\/?s={search_term_string}"},"query-input":{"@type":"PropertyValueSpecification","valueRequired":true,"valueName":"search_term_string"}}],"inLanguage":"pt-BR"},{"@type":"Organization","@id":"https:\/\/www.odonto.ufmg.br\/novo\/#organization","name":"Faculdade de Odontologia da UFMG","url":"https:\/\/www.odonto.ufmg.br\/novo\/","logo":{"@type":"ImageObject","inLanguage":"pt-BR","@id":"https:\/\/www.odonto.ufmg.br\/novo\/#\/schema\/logo\/image\/","url":"https:\/\/www.odonto.ufmg.br\/novo\/wp-content\/uploads\/sites\/32\/2015\/12\/logo-fao-ufmg.png","contentUrl":"https:\/\/www.odonto.ufmg.br\/novo\/wp-content\/uploads\/sites\/32\/2015\/12\/logo-fao-ufmg.png","width":340,"height":156,"caption":"Faculdade de Odontologia da UFMG"},"image":{"@id":"https:\/\/www.odonto.ufmg.br\/novo\/#\/schema\/logo\/image\/"},"sameAs":["https:\/\/www.facebook.com\/faoufmg\/"]}]}},"_links":{"self":[{"href":"https:\/\/www.odonto.ufmg.br\/novo\/wp-json\/wp\/v2\/pages\/13849","targetHints":{"allow":["GET"]}}],"collection":[{"href":"https:\/\/www.odonto.ufmg.br\/novo\/wp-json\/wp\/v2\/pages"}],"about":[{"href":"https:\/\/www.odonto.ufmg.br\/novo\/wp-json\/wp\/v2\/types\/page"}],"author":[{"embeddable":true,"href":"https:\/\/www.odonto.ufmg.br\/novo\/wp-json\/wp\/v2\/users\/45"}],"replies":[{"embeddable":true,"href":"https:\/\/www.odonto.ufmg.br\/novo\/wp-json\/wp\/v2\/comments?post=13849"}],"version-history":[{"count":16,"href":"https:\/\/www.odonto.ufmg.br\/novo\/wp-json\/wp\/v2\/pages\/13849\/revisions"}],"predecessor-version":[{"id":14679,"href":"https:\/\/www.odonto.ufmg.br\/novo\/wp-json\/wp\/v2\/pages\/13849\/revisions\/14679"}],"wp:attachment":[{"href":"https:\/\/www.odonto.ufmg.br\/novo\/wp-json\/wp\/v2\/media?parent=13849"}],"curies":[{"name":"wp","href":"https:\/\/api.w.org\/{rel}","templated":true}]}}