{"id":35,"date":"2020-12-15T18:14:14","date_gmt":"2020-12-15T21:14:14","guid":{"rendered":"https:\/\/www.odonto.ufmg.br\/ecv-odr\/?page_id=35"},"modified":"2021-09-14T19:29:06","modified_gmt":"2021-09-14T22:29:06","slug":"envio-de-trabalhos","status":"publish","type":"page","link":"https:\/\/www.odonto.ufmg.br\/ecv-odr\/envio-de-trabalhos\/","title":{"rendered":"Envio de trabalhos"},"content":{"rendered":"<div id='sub_menu1'  class='av-submenu-container av-kiqhffwf-4f9149a45dd9e6267406835dddf90df0 socket_color av-switch-768  avia-builder-el-0  el_before_av_slideshow_full  avia-builder-el-first  container_wrap sidebar_right' style='z-index:301' ><div class='container av-menu-mobile-active av-submenu-pos-right'><a href=\"#\" class=\"mobile_menu_toggle\"><span class='avia-svg-icon avia-font-svg_entypo-fontello' data-av_svg_icon='list' data-av_iconset='svg_entypo-fontello'><svg version=\"1.1\" xmlns=\"http:\/\/www.w3.org\/2000\/svg\" width=\"22\" height=\"32\" viewBox=\"0 0 22 32\" preserveAspectRatio=\"xMidYMid meet\" aria-labelledby='av-svg-title-1' aria-describedby='av-svg-desc-1' role=\"graphics-symbol\" aria-hidden=\"true\">\n<title id='av-svg-title-1'>List<\/title>\n<desc id='av-svg-desc-1'>List<\/desc>\n<path d=\"M3.2 20.8q0.64 0 1.12 0.48t0.48 1.12-0.48 1.12-1.12 0.48h-1.6q-0.64 0-1.12-0.48t-0.48-1.12 0.448-1.12 1.152-0.48h1.6zM3.2 14.4q0.64 0 1.12 0.48t0.48 1.12-0.48 1.12-1.12 0.48h-1.6q-0.64 0-1.12-0.48t-0.48-1.12 0.448-1.12 1.152-0.48h1.6zM3.2 8q0.64 0 1.12 0.48t0.48 1.12-0.48 1.12-1.12 0.48h-1.6q-0.64 0-1.12-0.48t-0.48-1.12 0.448-1.12 1.152-0.48h1.6zM9.6 11.2q-0.64 0-1.12-0.48t-0.48-1.12 0.48-1.12 1.12-0.48h11.2q0.704 0 1.152 0.48t0.448 1.12-0.48 1.12-1.12 0.48h-11.2zM20.8 14.4q0.704 0 1.152 0.48t0.448 1.12-0.48 1.12-1.12 0.48h-11.2q-0.64 0-1.12-0.48t-0.48-1.12 0.48-1.12 1.12-0.48h11.2zM20.8 20.8q0.704 0 1.152 0.48t0.448 1.12-0.48 1.12-1.12 0.48h-11.2q-0.64 0-1.12-0.48t-0.48-1.12 0.48-1.12 1.12-0.48h11.2z\"><\/path>\n<\/svg><\/span><span class=\"av-current-placeholder\">Menu<\/span><\/a><ul id=\"menu-voltar\" class=\"av-subnav-menu\" role=\"menu\"><li role=\"menuitem\" id=\"menu-item-103\" class=\"menu-item menu-item-type-custom menu-item-object-custom menu-item-top-level menu-item-top-level-1\"><a href=\"http:\/\/www.odonto.ufmg.br\/odr\" itemprop=\"url\" tabindex=\"0\"><span class=\"avia-bullet\"><\/span><span class=\"avia-menu-text\">Voltar para o site da Odontologia Restauradora<\/span><span class=\"avia-menu-fx\"><span class=\"avia-arrow-wrap\"><span class=\"avia-arrow\"><\/span><\/span><\/span><\/a><\/li>\n<\/ul><\/div><\/div>\n<div id='full_slider_1'  class='avia-fullwidth-slider main_color avia-shadow   avia-builder-el-1  el_after_av_submenu  el_before_av_submenu   slider-not-first container_wrap sidebar_right'  ><div  class='avia-slideshow av-kiqgg3ce-2f1e611d6c6c1448c47c458ce09cd130 avia-slideshow-featured av_slideshow_full avia-slide-slider av-slideshow-ui av-control-default av-slideshow-manual av-loop-once av-loop-manual-endless av-default-height-applied   avia-slideshow-1' data-slideshow-options=\"{&quot;animation&quot;:&quot;slide&quot;,&quot;autoplay&quot;:false,&quot;loop_autoplay&quot;:&quot;once&quot;,&quot;interval&quot;:5,&quot;loop_manual&quot;:&quot;manual-endless&quot;,&quot;autoplay_stopper&quot;:false,&quot;noNavigation&quot;:false,&quot;bg_slider&quot;:false,&quot;keep_padding&quot;:false,&quot;hoverpause&quot;:false,&quot;show_slide_delay&quot;:0}\"  itemprop=\"image\" itemscope=\"itemscope\" itemtype=\"https:\/\/schema.org\/ImageObject\" ><ul class='avia-slideshow-inner ' style='padding-bottom: 28.666666666667%;'><li  class='avia-slideshow-slide av-kiqgg3ce-2f1e611d6c6c1448c47c458ce09cd130__0  av-single-slide slide-1 slide-odd'><div data-rel='slideshow-1' class='avia-slide-wrap '   ><img decoding=\"async\" fetchpriority=\"high\" class=\"wp-image-323 avia-img-lazy-loading-not-323\"  src=\"https:\/\/www.odonto.ufmg.br\/ecv-odr\/wp-content\/uploads\/sites\/23\/2021\/03\/CAPA-ECV-ATUAL-1500x430.png\" width=\"1500\" height=\"430\" title='CAPA ECV ATUAL' alt=''  itemprop=\"thumbnailUrl\"   \/><\/div><\/li><\/ul><\/div><\/div>\n<div class='clear'><\/div><div id='sub_menu2'  class='av-submenu-container av-kiqhffwf-6857852ddd0b393756930f7197c7063e main_color av-switch-768  avia-builder-el-2  el_after_av_slideshow_full  el_before_av_section  av-sticky-submenu submenu-not-first container_wrap sidebar_right' style='z-index:302' ><div class='container av-menu-mobile-active av-submenu-pos-center'><a href=\"#\" class=\"mobile_menu_toggle\"><span class='avia-svg-icon avia-font-svg_entypo-fontello' data-av_svg_icon='list' data-av_iconset='svg_entypo-fontello'><svg version=\"1.1\" xmlns=\"http:\/\/www.w3.org\/2000\/svg\" width=\"22\" height=\"32\" viewBox=\"0 0 22 32\" preserveAspectRatio=\"xMidYMid meet\" aria-labelledby='av-svg-title-2' aria-describedby='av-svg-desc-2' role=\"graphics-symbol\" aria-hidden=\"true\">\n<title id='av-svg-title-2'>List<\/title>\n<desc id='av-svg-desc-2'>List<\/desc>\n<path d=\"M3.2 20.8q0.64 0 1.12 0.48t0.48 1.12-0.48 1.12-1.12 0.48h-1.6q-0.64 0-1.12-0.48t-0.48-1.12 0.448-1.12 1.152-0.48h1.6zM3.2 14.4q0.64 0 1.12 0.48t0.48 1.12-0.48 1.12-1.12 0.48h-1.6q-0.64 0-1.12-0.48t-0.48-1.12 0.448-1.12 1.152-0.48h1.6zM3.2 8q0.64 0 1.12 0.48t0.48 1.12-0.48 1.12-1.12 0.48h-1.6q-0.64 0-1.12-0.48t-0.48-1.12 0.448-1.12 1.152-0.48h1.6zM9.6 11.2q-0.64 0-1.12-0.48t-0.48-1.12 0.48-1.12 1.12-0.48h11.2q0.704 0 1.152 0.48t0.448 1.12-0.48 1.12-1.12 0.48h-11.2zM20.8 14.4q0.704 0 1.152 0.48t0.448 1.12-0.48 1.12-1.12 0.48h-11.2q-0.64 0-1.12-0.48t-0.48-1.12 0.48-1.12 1.12-0.48h11.2zM20.8 20.8q0.704 0 1.152 0.48t0.448 1.12-0.48 1.12-1.12 0.48h-11.2q-0.64 0-1.12-0.48t-0.48-1.12 0.48-1.12 1.12-0.48h11.2z\"><\/path>\n<\/svg><\/span><span class=\"av-current-placeholder\">Menu<\/span><\/a><ul id=\"menu-principal\" class=\"av-subnav-menu\" role=\"menu\"><li role=\"menuitem\" id=\"menu-item-24\" class=\"menu-item menu-item-type-post_type menu-item-object-page menu-item-home menu-item-top-level menu-item-top-level-1\"><a href=\"https:\/\/www.odonto.ufmg.br\/ecv-odr\/\" itemprop=\"url\" tabindex=\"0\"><span class=\"avia-bullet\"><\/span><span class=\"avia-menu-text\">P\u00e1gina Inicial<\/span><span class=\"avia-menu-fx\"><span class=\"avia-arrow-wrap\"><span class=\"avia-arrow\"><\/span><\/span><\/span><\/a><\/li>\n<li role=\"menuitem\" id=\"menu-item-23\" class=\"menu-item menu-item-type-post_type menu-item-object-page menu-item-top-level menu-item-top-level-2\"><a href=\"https:\/\/www.odonto.ufmg.br\/ecv-odr\/sobre\/\" itemprop=\"url\" tabindex=\"0\"><span class=\"avia-bullet\"><\/span><span class=\"avia-menu-text\">Quem Somos<\/span><span class=\"avia-menu-fx\"><span class=\"avia-arrow-wrap\"><span class=\"avia-arrow\"><\/span><\/span><\/span><\/a><\/li>\n<li role=\"menuitem\" id=\"menu-item-38\" class=\"menu-item menu-item-type-post_type menu-item-object-page menu-item-top-level menu-item-top-level-3\"><a href=\"https:\/\/www.odonto.ufmg.br\/ecv-odr\/envio-de-trabalhos\/\" itemprop=\"url\" tabindex=\"0\"><span class=\"avia-bullet\"><\/span><span class=\"avia-menu-text\">Envio de trabalhos<\/span><span class=\"avia-menu-fx\"><span class=\"avia-arrow-wrap\"><span class=\"avia-arrow\"><\/span><\/span><\/span><\/a><\/li>\n<li role=\"menuitem\" id=\"menu-item-900\" class=\"menu-item menu-item-type-post_type menu-item-object-page menu-item-top-level menu-item-top-level-4\"><a href=\"https:\/\/www.odonto.ufmg.br\/ecv-odr\/contato\/\" itemprop=\"url\" tabindex=\"0\"><span class=\"avia-bullet\"><\/span><span class=\"avia-menu-text\">Contato<\/span><span class=\"avia-menu-fx\"><span class=\"avia-arrow-wrap\"><span class=\"avia-arrow\"><\/span><\/span><\/span><\/a><\/li>\n<\/ul><\/div><\/div><div class='sticky_placeholder'><\/div>\n\n<style type=\"text\/css\" data-created_by=\"avia_inline_auto\" id=\"style-css-av-12zmx-2b5b3acb5a66c5c053395e81a82ab55b\">\n.avia-section.av-12zmx-2b5b3acb5a66c5c053395e81a82ab55b{\nbackground-color:rgba(206,235,255,0.68);\nbackground:linear-gradient( to bottom, rgba(206,235,255,0.68), rgba(255,255,255,0.04) );\n}\n<\/style>\n<div id='av_section_1'  class='avia-section av-12zmx-2b5b3acb5a66c5c053395e81a82ab55b main_color avia-section-default avia-no-border-styling  avia-builder-el-3  el_after_av_submenu  el_before_av_heading  avia-bg-style-scroll container_wrap sidebar_right'  ><div class='container av-section-cont-open' ><div class='template-page content  av-content-small alpha units'><div class='post-entry post-entry-type-page post-entry-35'><div class='entry-content-wrapper clearfix'>\n\n<style type=\"text\/css\" data-created_by=\"avia_inline_auto\" id=\"style-css-av-19u9b-6320bc1f2bf1080094138867374801be\">\n.flex_column.av-19u9b-6320bc1f2bf1080094138867374801be{\nborder-radius:0px 0px 0px 0px;\npadding:0px 0px 0px 0px;\n}\n<\/style>\n<div  class='flex_column av-19u9b-6320bc1f2bf1080094138867374801be av_two_fifth  avia-builder-el-4  el_before_av_textblock  avia-builder-el-first  flex_column_div av-zero-column-padding  '     ><p>\n<style type=\"text\/css\" data-created_by=\"avia_inline_auto\" id=\"style-css-av-kmir7tt0-d83f56250b55e6afa8f01dbc42e35724\">\n#top .av-special-heading.av-kmir7tt0-d83f56250b55e6afa8f01dbc42e35724{\npadding-bottom:10px;\ncolor:#010121;\nfont-size:35px;\n}\nbody .av-special-heading.av-kmir7tt0-d83f56250b55e6afa8f01dbc42e35724 .av-special-heading-tag .heading-char{\nfont-size:25px;\n}\n#top #wrap_all .av-special-heading.av-kmir7tt0-d83f56250b55e6afa8f01dbc42e35724 .av-special-heading-tag{\nfont-size:35px;\n}\n.av-special-heading.av-kmir7tt0-d83f56250b55e6afa8f01dbc42e35724 .special-heading-inner-border{\nborder-color:#010121;\n}\n.av-special-heading.av-kmir7tt0-d83f56250b55e6afa8f01dbc42e35724 .av-subheading{\nfont-size:15px;\n}\n\n@media only screen and (min-width: 480px) and (max-width: 767px){ \n#top #wrap_all .av-special-heading.av-kmir7tt0-d83f56250b55e6afa8f01dbc42e35724 .av-special-heading-tag{\nfont-size:0.8em;\n}\n}\n\n@media only screen and (max-width: 479px){ \n#top #wrap_all .av-special-heading.av-kmir7tt0-d83f56250b55e6afa8f01dbc42e35724 .av-special-heading-tag{\nfont-size:0.8em;\n}\n}\n<\/style>\n<div  class='av-special-heading av-kmir7tt0-d83f56250b55e6afa8f01dbc42e35724 av-special-heading-h3 custom-color-heading blockquote modern-quote  avia-builder-el-5  el_before_av_hr  avia-builder-el-first  av-inherit-size av-linked-heading'><h3 class='av-special-heading-tag '  itemprop=\"headline\"  >Envio de Trabalhos<\/h3><div class=\"special-heading-border\"><div class=\"special-heading-inner-border\"><\/div><\/div><\/div><br \/>\n\n<style type=\"text\/css\" data-created_by=\"avia_inline_auto\" id=\"style-css-av-zk9v-b2f5d1f26c629d0113d56ddf474a7bcf\">\n#top .hr.av-zk9v-b2f5d1f26c629d0113d56ddf474a7bcf{\nmargin-top:0px;\nmargin-bottom:30px;\n}\n.hr.av-zk9v-b2f5d1f26c629d0113d56ddf474a7bcf .hr-inner{\nwidth:200px;\nborder-color:#010121;\n}\n<\/style>\n<div  class='hr av-zk9v-b2f5d1f26c629d0113d56ddf474a7bcf hr-custom  avia-builder-el-6  el_after_av_heading  avia-builder-el-last  hr-left hr-icon-no'><span class='hr-inner inner-border-av-border-fat'><span class=\"hr-inner-style\"><\/span><\/span><\/div><\/p><\/div>\n<style type=\"text\/css\" data-created_by=\"avia_inline_auto\" id=\"style-css-av-kmirj6yr-6a1052a2d487391f5e501948c9168a60\">\n#top .av_textblock_section.av-kmirj6yr-6a1052a2d487391f5e501948c9168a60 .avia_textblock{\nfont-size:22px;\ncolor:#3a3a3a;\n}\n<\/style>\n<section  class='av_textblock_section av-kmirj6yr-6a1052a2d487391f5e501948c9168a60 '   itemscope=\"itemscope\" itemtype=\"https:\/\/schema.org\/CreativeWork\" ><div class='avia_textblock av_inherit_color'  itemprop=\"text\" ><p style=\"text-align: center\">O ECV publicar\u00e1 principalmente contribui\u00e7\u00f5es originais e in\u00e9ditas, e que n\u00e3o estejam sendo avaliadas para publica\u00e7\u00e3o em outros ve\u00edculos. Para reprodu\u00e7\u00e3o de alguma obra que n\u00e3o seja in\u00e9dita, o autor correspondente deve justificar o fato ao editor chefe, em documento separado, a ser analisado pelo comit\u00ea cient\u00edfico. Os trabalhos recebidos ser\u00e3o inicialmente avaliados pelo comit\u00ea editorial quanto \u00e0 adequa\u00e7\u00e3o nas normas previstas e por revisores da \u00e1rea espec\u00edfica \u00e0 qual o mesmo se encaixa, a saber: Cl\u00ednica Odontol\u00f3gica, Dent\u00edstica, Endodontia, Materiais Dent\u00e1rios, Ortodontia, Pr\u00f3tese ou outras. \u00c9 obrigat\u00f3ria a participa\u00e7\u00e3o de docente da FAO UFMG no trabalho submetido, preferencialmente do ODR, como autor principal, orientador ou autor correspondente. A submiss\u00e3o dos manuscritos dever\u00e1 ser feita via email: ecv.odr@gmail.com . Para ver em detalhes as normas de publica\u00e7\u00e3o e acessar os materiais necess\u00e1rios para enviar seu trabalho para avalia\u00e7\u00e3o, fa\u00e7a os downloads abaixo.<\/p>\n<\/div><\/section>\n<\/div><\/div><\/div><!-- close content main div --><\/div><\/div><div id='after_section_1'  class='main_color av_default_container_wrap container_wrap sidebar_right'  ><div class='container av-section-cont-open' ><div class='template-page content  av-content-small alpha units'><div class='post-entry post-entry-type-page post-entry-35'><div class='entry-content-wrapper clearfix'>\n\n<style type=\"text\/css\" data-created_by=\"avia_inline_auto\" id=\"style-css-av-kmiroub5-c2d303f5cf3817310cde55db3d16f21f\">\n#top .av-special-heading.av-kmiroub5-c2d303f5cf3817310cde55db3d16f21f{\npadding-bottom:10px;\n}\nbody .av-special-heading.av-kmiroub5-c2d303f5cf3817310cde55db3d16f21f .av-special-heading-tag .heading-char{\nfont-size:25px;\n}\n.av-special-heading.av-kmiroub5-c2d303f5cf3817310cde55db3d16f21f .av-subheading{\nfont-size:20px;\n}\n<\/style>\n<div  class='av-special-heading av-kmiroub5-c2d303f5cf3817310cde55db3d16f21f av-special-heading-h2 blockquote modern-quote  avia-builder-el-8  el_after_av_section  el_before_av_iconlist  avia-builder-el-first '><h2 class='av-special-heading-tag '  itemprop=\"headline\"  >Download de modelos e templates para publica\u00e7\u00e3o<\/h2><div class='av-subheading av-subheading_below'><p>Acesse abaixo os materiais necess\u00e1rios para enviar seu trabalho para publica\u00e7\u00e3o.<\/p>\n<\/div><div class=\"special-heading-border\"><div class=\"special-heading-inner-border\"><\/div><\/div><\/div>\n<div  class='avia-icon-list-container av-kmium9uf-ce732d20bf4fd5ba4667af8304cae02d  avia-builder-el-9  el_after_av_heading  avia-builder-el-last '><ul class='avia-icon-list avia_animate_when_almost_visible avia-icon-list-left av-iconlist-big av-kmium9uf-ce732d20bf4fd5ba4667af8304cae02d avia-iconlist-animate'>\n<li><a href='https:\/\/www.odonto.ufmg.br\/ecv-odr\/wp-content\/uploads\/sites\/23\/2021\/09\/Normas-para-publicacao-no-EVC-2021-22.pdf' title='Normas para publica\u00e7\u00e3o no ECV'  target=\"_blank\"  rel=\"noopener noreferrer\" class='iconlist_icon av-kmium1dt-1f6bacb2753dbce48f0f9b4ec0806618 avia-font-entypo-fontello avia-iconfont avia-font-entypo-fontello'><span class='av-icon-char' data-av_icon='\ue82d' data-av_iconfont='entypo-fontello' aria-hidden=\"true\"><\/span><\/a><article class=\"article-icon-entry \"  itemscope=\"itemscope\" itemtype=\"https:\/\/schema.org\/CreativeWork\" ><div class=\"iconlist_content_wrap\"><header class=\"entry-content-header\" aria-label=\"Icon: &lt;a href=&#039;https:\/\/www.odonto.ufmg.br\/ecv-odr\/wp-content\/uploads\/sites\/23\/2021\/09\/Normas-para-publicacao-no-EVC-2021-22.pdf&#039; title=&#039;Normas para publica\u00e7\u00e3o no ECV&#039; target=&quot;_blank&quot;  rel=&quot;noopener noreferrer&quot;&gt;Normas para publica\u00e7\u00e3o no ECV&lt;\/a&gt;\"><h4 class='av_iconlist_title iconlist_title  '  itemprop=\"headline\" ><a href='https:\/\/www.odonto.ufmg.br\/ecv-odr\/wp-content\/uploads\/sites\/23\/2021\/09\/Normas-para-publicacao-no-EVC-2021-22.pdf' title='Normas para publica\u00e7\u00e3o no ECV' target=\"_blank\"  rel=\"noopener noreferrer\">Normas para publica\u00e7\u00e3o no ECV<\/a><\/h4><\/header><div class='iconlist_content '  itemprop=\"text\" ><p>Acesso \u00e0s normas de publica\u00e7\u00e3o<\/p>\n<\/div><\/div><footer class=\"entry-footer\"><\/footer><\/article><div class=\"iconlist-timeline\"><\/div><\/li>\n<li><a href='https:\/\/www.odonto.ufmg.br\/ecv-odr\/wp-content\/uploads\/sites\/23\/2021\/03\/ECV-Dados-dos-autores-1.docx' title='Modelo de Folha de Rosto'  class='iconlist_icon av-kmiuincm-f5fb3db4dd1590617d5280a465b42295 avia-font-entypo-fontello avia-iconfont avia-font-entypo-fontello'><span class='av-icon-char' data-av_icon='\ue82d' data-av_iconfont='entypo-fontello' aria-hidden=\"true\"><\/span><\/a><article class=\"article-icon-entry \"  itemscope=\"itemscope\" itemtype=\"https:\/\/schema.org\/CreativeWork\" ><div class=\"iconlist_content_wrap\"><header class=\"entry-content-header\" aria-label=\"Icon: &lt;a href=&#039;https:\/\/www.odonto.ufmg.br\/ecv-odr\/wp-content\/uploads\/sites\/23\/2021\/03\/ECV-Dados-dos-autores-1.docx&#039; title=&#039;Modelo de Folha de Rosto&#039;&gt;Modelo de Folha de Rosto&lt;\/a&gt;\"><h4 class='av_iconlist_title iconlist_title  '  itemprop=\"headline\" ><a href='https:\/\/www.odonto.ufmg.br\/ecv-odr\/wp-content\/uploads\/sites\/23\/2021\/03\/ECV-Dados-dos-autores-1.docx' title='Modelo de Folha de Rosto'>Modelo de Folha de Rosto<\/a><\/h4><\/header><div class='iconlist_content '  itemprop=\"text\" ><p>Acesso ao modelo de folha de rosto, onde devem contar os dados dos autores.<\/p>\n<\/div><\/div><footer class=\"entry-footer\"><\/footer><\/article><div class=\"iconlist-timeline\"><\/div><\/li>\n<li><a href='https:\/\/www.odonto.ufmg.br\/ecv-odr\/wp-content\/uploads\/sites\/23\/2021\/03\/1-TEMPLATE-PARA-ECV-CASO-CLINICO.docx' title='Template para Casos Cl\u00ednicos'  target=\"_blank\"  rel=\"noopener noreferrer\" class='iconlist_icon av-kmiuau73-3768429ae2dda6ee05b5f04d12feb020 avia-font-entypo-fontello avia-iconfont avia-font-entypo-fontello'><span class='av-icon-char' data-av_icon='\ue82d' data-av_iconfont='entypo-fontello' aria-hidden=\"true\"><\/span><\/a><article class=\"article-icon-entry \"  itemscope=\"itemscope\" itemtype=\"https:\/\/schema.org\/CreativeWork\" ><div class=\"iconlist_content_wrap\"><header class=\"entry-content-header\" aria-label=\"Icon: &lt;a href=&#039;https:\/\/www.odonto.ufmg.br\/ecv-odr\/wp-content\/uploads\/sites\/23\/2021\/03\/1-TEMPLATE-PARA-ECV-CASO-CLINICO.docx&#039; title=&#039;Template para Casos Cl\u00ednicos&#039; target=&quot;_blank&quot;  rel=&quot;noopener noreferrer&quot;&gt;Template para Casos Cl\u00ednicos&lt;\/a&gt;\"><h4 class='av_iconlist_title iconlist_title  '  itemprop=\"headline\" ><a href='https:\/\/www.odonto.ufmg.br\/ecv-odr\/wp-content\/uploads\/sites\/23\/2021\/03\/1-TEMPLATE-PARA-ECV-CASO-CLINICO.docx' title='Template para Casos Cl\u00ednicos' target=\"_blank\"  rel=\"noopener noreferrer\">Template para Casos Cl\u00ednicos<\/a><\/h4><\/header><div class='iconlist_content '  itemprop=\"text\" ><p>Acesso ao template de submiss\u00e3o para casos cl\u00ednicos.<\/p>\n<\/div><\/div><footer class=\"entry-footer\"><\/footer><\/article><div class=\"iconlist-timeline\"><\/div><\/li>\n<li><a href='https:\/\/www.odonto.ufmg.br\/ecv-odr\/wp-content\/uploads\/sites\/23\/2021\/03\/2-TEMPLATE-PARA-ECV-PROTOCOLOS-E-TECNICAS-1.docx' title='Template para Protocolos e T\u00e9cnicas'  target=\"_blank\"  rel=\"noopener noreferrer\" class='iconlist_icon av-kmiufg97-d1fb1ec0aa5067fe791cc2f0d8dbd7c7 avia-font-entypo-fontello avia-iconfont avia-font-entypo-fontello'><span class='av-icon-char' data-av_icon='\ue82d' data-av_iconfont='entypo-fontello' aria-hidden=\"true\"><\/span><\/a><article class=\"article-icon-entry \"  itemscope=\"itemscope\" itemtype=\"https:\/\/schema.org\/CreativeWork\" ><div class=\"iconlist_content_wrap\"><header class=\"entry-content-header\" aria-label=\"Icon: &lt;a href=&#039;https:\/\/www.odonto.ufmg.br\/ecv-odr\/wp-content\/uploads\/sites\/23\/2021\/03\/2-TEMPLATE-PARA-ECV-PROTOCOLOS-E-TECNICAS-1.docx&#039; title=&#039;Template para Protocolos e T\u00e9cnicas&#039; target=&quot;_blank&quot;  rel=&quot;noopener noreferrer&quot;&gt;Template para Protocolos e T\u00e9cnicas&lt;\/a&gt;\"><h4 class='av_iconlist_title iconlist_title  '  itemprop=\"headline\" ><a href='https:\/\/www.odonto.ufmg.br\/ecv-odr\/wp-content\/uploads\/sites\/23\/2021\/03\/2-TEMPLATE-PARA-ECV-PROTOCOLOS-E-TECNICAS-1.docx' title='Template para Protocolos e T\u00e9cnicas' target=\"_blank\"  rel=\"noopener noreferrer\">Template para Protocolos e T\u00e9cnicas<\/a><\/h4><\/header><div class='iconlist_content '  itemprop=\"text\" ><p>Acesso para o template de submiss\u00e3o de protocolos e t\u00e9cnicas.<\/p>\n<\/div><\/div><footer class=\"entry-footer\"><\/footer><\/article><div class=\"iconlist-timeline\"><\/div><\/li>\n<\/ul><\/div>\n","protected":false},"excerpt":{"rendered":"","protected":false},"author":5,"featured_media":0,"parent":0,"menu_order":0,"comment_status":"closed","ping_status":"closed","template":"","meta":{"inline_featured_image":false,"footnotes":""},"class_list":["post-35","page","type-page","status-publish","hentry"],"yoast_head":"<!-- This site is optimized with the Yoast SEO plugin v27.6 - https:\/\/yoast.com\/product\/yoast-seo-wordpress\/ -->\n<title>Envio de trabalhos - Espa\u00e7o Cl\u00ednico Virtual<\/title>\n<meta name=\"robots\" content=\"index, follow, max-snippet:-1, max-image-preview:large, max-video-preview:-1\" \/>\n<link rel=\"canonical\" href=\"https:\/\/www.odonto.ufmg.br\/ecv-odr\/envio-de-trabalhos\/\" \/>\n<meta property=\"og:locale\" content=\"pt_BR\" \/>\n<meta property=\"og:type\" content=\"article\" \/>\n<meta property=\"og:title\" content=\"Envio de trabalhos - Espa\u00e7o Cl\u00ednico Virtual\" \/>\n<meta property=\"og:url\" content=\"https:\/\/www.odonto.ufmg.br\/ecv-odr\/envio-de-trabalhos\/\" \/>\n<meta property=\"og:site_name\" content=\"Espa\u00e7o Cl\u00ednico Virtual\" \/>\n<meta property=\"article:modified_time\" content=\"2021-09-14T22:29:06+00:00\" \/>\n<meta name=\"twitter:card\" content=\"summary_large_image\" \/>\n<meta name=\"twitter:label1\" content=\"Est. tempo de leitura\" \/>\n\t<meta name=\"twitter:data1\" content=\"7 minutos\" \/>\n<script type=\"application\/ld+json\" class=\"yoast-schema-graph\">{\"@context\":\"https:\\\/\\\/schema.org\",\"@graph\":[{\"@type\":\"WebPage\",\"@id\":\"https:\\\/\\\/www.odonto.ufmg.br\\\/ecv-odr\\\/envio-de-trabalhos\\\/\",\"url\":\"https:\\\/\\\/www.odonto.ufmg.br\\\/ecv-odr\\\/envio-de-trabalhos\\\/\",\"name\":\"Envio de trabalhos - Espa\u00e7o Cl\u00ednico Virtual\",\"isPartOf\":{\"@id\":\"https:\\\/\\\/www.odonto.ufmg.br\\\/ecv-odr\\\/#website\"},\"datePublished\":\"2020-12-15T21:14:14+00:00\",\"dateModified\":\"2021-09-14T22:29:06+00:00\",\"breadcrumb\":{\"@id\":\"https:\\\/\\\/www.odonto.ufmg.br\\\/ecv-odr\\\/envio-de-trabalhos\\\/#breadcrumb\"},\"inLanguage\":\"pt-BR\",\"potentialAction\":[{\"@type\":\"ReadAction\",\"target\":[\"https:\\\/\\\/www.odonto.ufmg.br\\\/ecv-odr\\\/envio-de-trabalhos\\\/\"]}]},{\"@type\":\"BreadcrumbList\",\"@id\":\"https:\\\/\\\/www.odonto.ufmg.br\\\/ecv-odr\\\/envio-de-trabalhos\\\/#breadcrumb\",\"itemListElement\":[{\"@type\":\"ListItem\",\"position\":1,\"name\":\"In\u00edcio\",\"item\":\"https:\\\/\\\/www.odonto.ufmg.br\\\/ecv-odr\\\/\"},{\"@type\":\"ListItem\",\"position\":2,\"name\":\"Envio de trabalhos\"}]},{\"@type\":\"WebSite\",\"@id\":\"https:\\\/\\\/www.odonto.ufmg.br\\\/ecv-odr\\\/#website\",\"url\":\"https:\\\/\\\/www.odonto.ufmg.br\\\/ecv-odr\\\/\",\"name\":\"Espa\u00e7o Cl\u00ednico Virtual\",\"description\":\"Departamento de Odontologia Restauradora (ODR)\",\"potentialAction\":[{\"@type\":\"SearchAction\",\"target\":{\"@type\":\"EntryPoint\",\"urlTemplate\":\"https:\\\/\\\/www.odonto.ufmg.br\\\/ecv-odr\\\/?s={search_term_string}\"},\"query-input\":{\"@type\":\"PropertyValueSpecification\",\"valueRequired\":true,\"valueName\":\"search_term_string\"}}],\"inLanguage\":\"pt-BR\"}]}<\/script>\n<!-- \/ Yoast SEO plugin. -->","yoast_head_json":{"title":"Envio de trabalhos - Espa\u00e7o Cl\u00ednico Virtual","robots":{"index":"index","follow":"follow","max-snippet":"max-snippet:-1","max-image-preview":"max-image-preview:large","max-video-preview":"max-video-preview:-1"},"canonical":"https:\/\/www.odonto.ufmg.br\/ecv-odr\/envio-de-trabalhos\/","og_locale":"pt_BR","og_type":"article","og_title":"Envio de trabalhos - Espa\u00e7o Cl\u00ednico Virtual","og_url":"https:\/\/www.odonto.ufmg.br\/ecv-odr\/envio-de-trabalhos\/","og_site_name":"Espa\u00e7o Cl\u00ednico Virtual","article_modified_time":"2021-09-14T22:29:06+00:00","twitter_card":"summary_large_image","twitter_misc":{"Est. tempo de leitura":"7 minutos"},"schema":{"@context":"https:\/\/schema.org","@graph":[{"@type":"WebPage","@id":"https:\/\/www.odonto.ufmg.br\/ecv-odr\/envio-de-trabalhos\/","url":"https:\/\/www.odonto.ufmg.br\/ecv-odr\/envio-de-trabalhos\/","name":"Envio de trabalhos - Espa\u00e7o Cl\u00ednico Virtual","isPartOf":{"@id":"https:\/\/www.odonto.ufmg.br\/ecv-odr\/#website"},"datePublished":"2020-12-15T21:14:14+00:00","dateModified":"2021-09-14T22:29:06+00:00","breadcrumb":{"@id":"https:\/\/www.odonto.ufmg.br\/ecv-odr\/envio-de-trabalhos\/#breadcrumb"},"inLanguage":"pt-BR","potentialAction":[{"@type":"ReadAction","target":["https:\/\/www.odonto.ufmg.br\/ecv-odr\/envio-de-trabalhos\/"]}]},{"@type":"BreadcrumbList","@id":"https:\/\/www.odonto.ufmg.br\/ecv-odr\/envio-de-trabalhos\/#breadcrumb","itemListElement":[{"@type":"ListItem","position":1,"name":"In\u00edcio","item":"https:\/\/www.odonto.ufmg.br\/ecv-odr\/"},{"@type":"ListItem","position":2,"name":"Envio de trabalhos"}]},{"@type":"WebSite","@id":"https:\/\/www.odonto.ufmg.br\/ecv-odr\/#website","url":"https:\/\/www.odonto.ufmg.br\/ecv-odr\/","name":"Espa\u00e7o Cl\u00ednico Virtual","description":"Departamento de Odontologia Restauradora (ODR)","potentialAction":[{"@type":"SearchAction","target":{"@type":"EntryPoint","urlTemplate":"https:\/\/www.odonto.ufmg.br\/ecv-odr\/?s={search_term_string}"},"query-input":{"@type":"PropertyValueSpecification","valueRequired":true,"valueName":"search_term_string"}}],"inLanguage":"pt-BR"}]}},"_links":{"self":[{"href":"https:\/\/www.odonto.ufmg.br\/ecv-odr\/wp-json\/wp\/v2\/pages\/35","targetHints":{"allow":["GET"]}}],"collection":[{"href":"https:\/\/www.odonto.ufmg.br\/ecv-odr\/wp-json\/wp\/v2\/pages"}],"about":[{"href":"https:\/\/www.odonto.ufmg.br\/ecv-odr\/wp-json\/wp\/v2\/types\/page"}],"author":[{"embeddable":true,"href":"https:\/\/www.odonto.ufmg.br\/ecv-odr\/wp-json\/wp\/v2\/users\/5"}],"replies":[{"embeddable":true,"href":"https:\/\/www.odonto.ufmg.br\/ecv-odr\/wp-json\/wp\/v2\/comments?post=35"}],"version-history":[{"count":24,"href":"https:\/\/www.odonto.ufmg.br\/ecv-odr\/wp-json\/wp\/v2\/pages\/35\/revisions"}],"predecessor-version":[{"id":1363,"href":"https:\/\/www.odonto.ufmg.br\/ecv-odr\/wp-json\/wp\/v2\/pages\/35\/revisions\/1363"}],"wp:attachment":[{"href":"https:\/\/www.odonto.ufmg.br\/ecv-odr\/wp-json\/wp\/v2\/media?parent=35"}],"curies":[{"name":"wp","href":"https:\/\/api.w.org\/{rel}","templated":true}]}}