{"id":893,"date":"2018-11-12T09:42:33","date_gmt":"2018-11-12T11:42:33","guid":{"rendered":"http:\/\/www.odonto.ufmg.br\/colgrad\/?page_id=893"},"modified":"2025-05-27T10:20:34","modified_gmt":"2025-05-27T13:20:34","slug":"portarias-diretoria","status":"publish","type":"page","link":"https:\/\/www.odonto.ufmg.br\/colgrad\/portarias-diretoria\/","title":{"rendered":"Portarias DIRETORIA"},"content":{"rendered":"<div  class='togglecontainer av-7gfp-bd03c0c26413379b20fee9f8028ea55f  avia-builder-el-0  avia-builder-el-no-sibling  toggle_close_all' >\n<section class='av_toggle_section av-766o5-c692b4883efca74843c4168548fa8fd4'  itemscope=\"itemscope\" itemtype=\"https:\/\/schema.org\/CreativeWork\" ><div role=\"tablist\" class=\"single_toggle\" data-tags=\"{Todos} \"  ><p id='toggle-toggle-id-1' data-fake-id='#toggle-id-1' class='toggler  av-title-above '  itemprop=\"headline\"  role='tab' tabindex='0' aria-controls='toggle-id-1' data-slide-speed=\"200\" data-title=\"PORTARIAS DE 2025\" data-title-open=\"\" data-aria_collapsed=\"Click to expand: PORTARIAS DE 2025\" data-aria_expanded=\"Click to collapse: PORTARIAS DE 2025\">PORTARIAS DE 2025<span class=\"toggle_icon\"><span class=\"vert_icon\"><\/span><span class=\"hor_icon\"><\/span><\/span><\/p><div id='toggle-id-1' aria-labelledby='toggle-toggle-id-1' role='region' class='toggle_wrap  av-title-above'  ><div class='toggle_content invers-color '  itemprop=\"text\" ><h4>Portaria Diretoria n\u00ba 047\/2025<\/h4>\n<p>Retifica a Portaria Diretoria n\u00ba 039\/2025 e reconduz\u00a0 professores para compor a Comiss\u00e3o Permanente de Est\u00e1gios da FAO UFMG. Para visualizar o documento na \u00edntegra, <a href=\"http:\/\/www.odonto.ufmg.br\/colgrad\/wp-content\/uploads\/sites\/3\/2025\/05\/2025-portaria-047-Comissao-Permanente-de-Estagios-da-FAO-UFMG-.docx.pdf\">CLIQUE AQUI<\/a><\/p>\n<\/div><\/div><\/div><\/section>\n<section class='av_toggle_section av-766o5-fbeb304ca0b2536ed43d0a57740a9178'  itemscope=\"itemscope\" itemtype=\"https:\/\/schema.org\/CreativeWork\" ><div role=\"tablist\" class=\"single_toggle\" data-tags=\"{Todos} \"  ><p id='toggle-toggle-id-2' data-fake-id='#toggle-id-2' class='toggler  av-title-above '  itemprop=\"headline\"  role='tab' tabindex='0' aria-controls='toggle-id-2' data-slide-speed=\"200\" data-title=\"PORTARIAS DE 2024\" data-title-open=\"\" data-aria_collapsed=\"Click to expand: PORTARIAS DE 2024\" data-aria_expanded=\"Click to collapse: PORTARIAS DE 2024\">PORTARIAS DE 2024<span class=\"toggle_icon\"><span class=\"vert_icon\"><\/span><span class=\"hor_icon\"><\/span><\/span><\/p><div id='toggle-id-2' aria-labelledby='toggle-toggle-id-2' role='region' class='toggle_wrap  av-title-above'  ><div class='toggle_content invers-color '  itemprop=\"text\" ><h4>Portaria Diretoria n\u00ba 107\/2024<\/h4>\n<p>Retifica a Portaria Diretoria n\u00ba 101\/2024 e designa o professor Lucas Guimar\u00e3es Abreu como Coordenador e o professor Carlos Jos\u00e9 de Paula Silva \u00a0como Subcoordenador do Colegiado de Gradua\u00e7\u00e3o. Para visualizar o documento na \u00edntegra, <a href=\"http:\/\/www.odonto.ufmg.br\/colgrad\/wp-content\/uploads\/sites\/3\/2024\/11\/2024-portaria-107-Retifi.-Coordenacao-Colegiado-de-Graduacao-.docx.pdf\">CLIQUE AQUI<\/a><\/p>\n<\/div><\/div><\/div><\/section>\n<section class='av_toggle_section av-766o5-1-14f168b25b5dc1643a6eb61fd84e1cca'  itemscope=\"itemscope\" itemtype=\"https:\/\/schema.org\/CreativeWork\" ><div role=\"tablist\" class=\"single_toggle\" data-tags=\"{Todos} \"  ><p id='toggle-toggle-id-3' data-fake-id='#toggle-id-3' class='toggler  av-title-above '  itemprop=\"headline\"  role='tab' tabindex='0' aria-controls='toggle-id-3' data-slide-speed=\"200\" data-title=\"PORTARIAS DE 2023\" data-title-open=\"\" data-aria_collapsed=\"Click to expand: PORTARIAS DE 2023\" data-aria_expanded=\"Click to collapse: PORTARIAS DE 2023\">PORTARIAS DE 2023<span class=\"toggle_icon\"><span class=\"vert_icon\"><\/span><span class=\"hor_icon\"><\/span><\/span><\/p><div id='toggle-id-3' aria-labelledby='toggle-toggle-id-3' role='region' class='toggle_wrap  av-title-above'  ><div class='toggle_content invers-color '  itemprop=\"text\" ><h4>Portaria Diretoria n\u00ba 51\/2023<\/h4>\n<p>Designa o servidor docente <strong>Paulo Ant\u00f4nio Martins J\u00fanior<\/strong>\u00a0como membro do N\u00facleo Docente Estruturante da FAO UFMG, <a href=\"http:\/\/www.odonto.ufmg.br\/colgrad\/wp-content\/uploads\/sites\/3\/2023\/05\/2023-portaria-51-nomeacao-NDE-Retificada-Paulo-Antonio-Martins-Junior.pdf\">CLIQUE AQUI<\/a><\/p>\n<h4>Portaria Diretoria n\u00ba 42\/2023<\/h4>\n<p>Designa professores para comporem a Comiss\u00e3o Permanente de Est\u00e1gios da FAO UFMG, <a href=\"http:\/\/www.odonto.ufmg.br\/colgrad\/wp-content\/uploads\/sites\/3\/2025\/01\/PORTARIA-DIRETORIA-N.o-42_2023.pdf\">CLIQUE AQUI<\/a><\/p>\n<\/div><\/div><\/div><\/section>\n<section class='av_toggle_section av-766o5-1-1-a45bd8fa8a13f7ab789827adefa309c5'  itemscope=\"itemscope\" itemtype=\"https:\/\/schema.org\/CreativeWork\" ><div role=\"tablist\" class=\"single_toggle\" data-tags=\"{Todos} \"  ><p id='toggle-toggle-id-4' data-fake-id='#toggle-id-4' class='toggler  av-title-above '  itemprop=\"headline\"  role='tab' tabindex='0' aria-controls='toggle-id-4' data-slide-speed=\"200\" data-title=\"PORTARIAS DE 2022\" data-title-open=\"\" data-aria_collapsed=\"Click to expand: PORTARIAS DE 2022\" data-aria_expanded=\"Click to collapse: PORTARIAS DE 2022\">PORTARIAS DE 2022<span class=\"toggle_icon\"><span class=\"vert_icon\"><\/span><span class=\"hor_icon\"><\/span><\/span><\/p><div id='toggle-id-4' aria-labelledby='toggle-toggle-id-4' role='region' class='toggle_wrap  av-title-above'  ><div class='toggle_content invers-color '  itemprop=\"text\" ><h4>Portaria Diretoria n\u00ba 164\/2022<\/h4>\n<p>Retifica a Portaria Diretoria n\u00ba 111\/2022 e designa a professora Najara Barbosa da Rocha como Coordenadora e o professor Lucas Guimar\u00e3es Abreu como Subcoordenador do Colegiado de Gradua\u00e7\u00e3o. Para visualizar o documento na \u00edntegra, <a href=\"http:\/\/www.odonto.ufmg.br\/colgrad\/wp-content\/uploads\/sites\/3\/2023\/05\/2022-portaria-164-Coordenacao-Colegiado.pdf\">CLIQUE AQUI<\/a><\/p>\n<h4>Portaria Diretoria n\u00ba 150\/2022<\/h4>\n<p>Retifica a Portaria Diretoria n\u00ba 75\/2021 e reconduz os professores para comporem a Comiss\u00e3o de Planejamento do Retorno Gradual das Atividades Presenciais da FAO UFMG. Para visualizar o documento na \u00edntegra, <a href=\"http:\/\/www.odonto.ufmg.br\/colgrad\/wp-content\/uploads\/sites\/3\/2022\/10\/2022-portaria-150-Comissao-Planejamento-retorno-gradual.pdf\">CLIQUE AQUI<\/a><\/p>\n<h4>Portaria Diretoria n\u00ba 111\/2022<\/h4>\n<p>Retifica a Portaria Diretoria FAO UFMG 077\/2022, reconduz a professora Najara Barbosa da Rocha como Coordenadora \u201c Pr\u00f3-Tempore \u201d e designa o professor Lucas Guimar\u00e3es Abreu como Subcoordenador \u201c Pr\u00f3-Tempore \u201d do Colegiado de Gradua\u00e7\u00e3o. Para visualizar o documento na \u00edntegra, <a href=\"http:\/\/www.odonto.ufmg.br\/colgrad\/wp-content\/uploads\/sites\/3\/2022\/11\/2022-portaria-111-Coordenacao-Pro-Tempore-Colegiado.pdf\">CLIQUE AQUI<\/a><\/p>\n<h4>Portaria Diretoria n\u00ba 77\/2022<\/h4>\n<p>Retifica a Portaria Diretoria FAO UFMG 26\/2021 e designa as professoras Najara Barbosa da Rocha e Am\u00e1lia Moreno como Coordenadora e Subcoordenadora \u201c Pr\u00f3-Tempore \u201d do Colegiado de Gradua\u00e7\u00e3o. Para visualizar o documento na \u00edntegra, <a href=\"http:\/\/www.odonto.ufmg.br\/colgrad\/wp-content\/uploads\/sites\/3\/2022\/11\/2022-portaria-077-Coordenacao-Pro-Tempore-Colegiado.pdf\">CLIQUE AQUI<\/a><\/p>\n<\/div><\/div><\/div><\/section>\n<section class='av_toggle_section av-766o5-2-b022e5fde6258dee60b3370ecd2bbedf'  itemscope=\"itemscope\" itemtype=\"https:\/\/schema.org\/CreativeWork\" ><div role=\"tablist\" class=\"single_toggle\" data-tags=\"{Todos} \"  ><p id='toggle-toggle-id-5' data-fake-id='#toggle-id-5' class='toggler  av-title-above '  itemprop=\"headline\"  role='tab' tabindex='0' aria-controls='toggle-id-5' data-slide-speed=\"200\" data-title=\"PORTARIAS DE 2021\" data-title-open=\"\" data-aria_collapsed=\"Click to expand: PORTARIAS DE 2021\" data-aria_expanded=\"Click to collapse: PORTARIAS DE 2021\">PORTARIAS DE 2021<span class=\"toggle_icon\"><span class=\"vert_icon\"><\/span><span class=\"hor_icon\"><\/span><\/span><\/p><div id='toggle-id-5' aria-labelledby='toggle-toggle-id-5' role='region' class='toggle_wrap  av-title-above'  ><div class='toggle_content invers-color '  itemprop=\"text\" ><h4>Portaria Diretoria n\u00ba 92\/2021<\/h4>\n<p>Designa a servidora docente <strong>Camila Megale de Almeida Leite<\/strong> como membro do N\u00facleo Docente Estruturante da FAO UFMG, <a href=\"http:\/\/www.odonto.ufmg.br\/colgrad\/wp-content\/uploads\/sites\/3\/2023\/03\/2021-portaria-92-nomeacao-NDE-Camila-ICB.docx.pdf\">CLIQUE AQUI<\/a><\/p>\n<h4>Portaria Diretoria n\u00ba 91\/2021<\/h4>\n<p>Designa a servidora docente <strong>Luciano dos Santos Aggum Capettini<\/strong> como membro do N\u00facleo Docente Estruturante da FAO UFMG, <a href=\"http:\/\/www.odonto.ufmg.br\/colgrad\/wp-content\/uploads\/sites\/3\/2023\/03\/2021-portaria-91-nomeacao-NDE-Luciano-ICB.docx.pdf\">CLIQUE AQUI<\/a><\/p>\n<h4>Portaria Diretoria n\u00ba 89\/2021<\/h4>\n<p>Designa a servidora docente <strong>Fabiana Vargas Ferreira<\/strong> como membro do N\u00facleo Docente Estruturante da FAO UFMG, <a href=\"http:\/\/www.odonto.ufmg.br\/colgrad\/wp-content\/uploads\/sites\/3\/2023\/03\/2021-portaria-89-nomeacao-NDE-Fabiana.docx.pdf\">CLIQUE AQUI<\/a><\/p>\n<h4>Portaria Diretoria n\u00ba 88\/2021<\/h4>\n<p>Designa a servidora docente <strong>Frederico Santos Lages<\/strong> como membro do N\u00facleo Docente Estruturante da FAO UFMG, <a href=\"http:\/\/www.odonto.ufmg.br\/colgrad\/wp-content\/uploads\/sites\/3\/2023\/03\/2021-portaria-88-nomeacao-NDE-Frederico-Lages.docx.pdf\">CLIQUE AQUI<\/a><\/p>\n<h4>Portaria Diretoria n\u00ba 87\/2021<\/h4>\n<p>Designa a servidora docente <strong>Izabella Barbosa Fernandes<\/strong> como membro do N\u00facleo Docente Estruturante da FAO UFMG, <a href=\"http:\/\/www.odonto.ufmg.br\/colgrad\/wp-content\/uploads\/sites\/3\/2023\/03\/2021-portaria-87-nomeacao-NDE-Izabella-Fernandesdocx.pdf\">CLIQUE AQUI<\/a><\/p>\n<h4>Portaria Diretoria n\u00ba 86\/2021<\/h4>\n<p>Designa a servidora docente <strong>Rosa N\u00fabia Vieira de Moura<\/strong> como membro do N\u00facleo Docente Estruturante da FAO UFMG, <a href=\"http:\/\/www.odonto.ufmg.br\/colgrad\/wp-content\/uploads\/sites\/3\/2023\/03\/2021-portaria-86-nomeacao-NDE-Rosa-Nubia.docx.pdf\">CLIQUE AQUI<\/a><\/p>\n<h4>Portaria Diretoria n\u00ba 85\/2021<\/h4>\n<p>Designa a servidora docente <strong>Am\u00e1lia Moreno<\/strong> como membro do N\u00facleo Docente Estruturante da FAO UFMG, <a href=\"http:\/\/www.odonto.ufmg.br\/colgrad\/wp-content\/uploads\/sites\/3\/2023\/03\/2021-portaria-85-nomeacao-NDE-Amalia-Moreno.docx.pdf\">CLIQUE AQUI<\/a><\/p>\n<h4>Portaria Diretoria n\u00ba 84\/2021<\/h4>\n<p>Designa a servidora docente <strong>Aline Ara\u00fajo Sampaio<\/strong> como membro do N\u00facleo Docente Estruturante da FAO UFMG, <a href=\"http:\/\/www.odonto.ufmg.br\/colgrad\/wp-content\/uploads\/sites\/3\/2023\/03\/2021-portaria-84-nomeacao-NDE-Aline-Sampaio.docx.pdf\">CLIQUE AQUI<\/a><\/p>\n<h4>Portaria Diretoria n\u00ba 83\/2021<\/h4>\n<p>Designa a servidora docente <strong>Patr\u00edcia Maria Pereira de Ara\u00fajo Zarzar<\/strong> como membro do N\u00facleo Docente Estruturante da FAO UFMG, <a href=\"http:\/\/www.odonto.ufmg.br\/colgrad\/wp-content\/uploads\/sites\/3\/2023\/03\/2021-portaria-83-nomeacao-NDE-Patricia-Zarzar.docx.pdf\">CLIQUE AQUI<\/a><\/p>\n<h4>Portaria Diretoria n\u00ba 82\/2021<\/h4>\n<p>Designa a servidora docente <strong>Leniana dos Santos Neves<\/strong> como membro do N\u00facleo Docente Estruturante da FAO UFMG, <a href=\"http:\/\/www.odonto.ufmg.br\/colgrad\/wp-content\/uploads\/sites\/3\/2023\/03\/2021-portaria-82-nomeacao-NDE-Leniana.pdf\">CLIQUE AQUI<\/a><\/p>\n<h4>Portaria Diretoria n\u00ba 75\/2021<\/h4>\n<p>Designa professores para comporem a Comiss\u00e3o de Planejamento do Retorno Gradual das Atividades Presenciais da FAO UFMG. Para visualizar o documento na \u00edntegra, <a href=\"http:\/\/www.odonto.ufmg.br\/colgrad\/wp-content\/uploads\/sites\/3\/2021\/05\/2021-portaria-75-Comissao-Planejamento-retorno-gradual.pdf\">CLIQUE AQUI<\/a><\/p>\n<h4>Portaria Diretoria n\u00ba 52\/2021<\/h4>\n<p>Designa professores para comporem a Comiss\u00e3o Permanente de Est\u00e1gios da FAO UFMG, <a href=\"http:\/\/www.odonto.ufmg.br\/colgrad\/wp-content\/uploads\/sites\/3\/2021\/05\/PORTARIA-DIRETORIA-N-52_2021.pdf\">CLIQUE AQUI<\/a><\/p>\n<h4>Portaria Diretoria n\u00ba 26\/2021<\/h4>\n<p>Retifica a Portaria Diretoria FAO UFMG 19\/2021 e designa as professoras Carolina Nem\u00e9sio de Barros Pereira e Najara Barbosa da Rocha como Coordenadora e Subcoordenadora \u201c Pr\u00f3-Tempore \u201d do Colegiado de Gradua\u00e7\u00e3o. Para visualizar o documento na \u00edntegra, <a href=\"http:\/\/www.odonto.ufmg.br\/colgrad\/wp-content\/uploads\/sites\/3\/2022\/11\/2021-portaria-26-Coordenacao-Pro-Tempore-Colegiado.pdf\">CLIQUE AQUI<\/a><\/p>\n<h4>Portaria Diretoria n\u00ba 19\/2021<\/h4>\n<p>Designa as professoras Carolina Nem\u00e9sio de Barros Pereira e Patr\u00edcia Carlos Caldeira como Chefe e Subchefe \u201c Pr\u00f3-Tempore \u201d do Colegiado de Gradua\u00e7\u00e3o. Para visualizar o documento na \u00edntegra, <a href=\"http:\/\/www.odonto.ufmg.br\/colgrad\/wp-content\/uploads\/sites\/3\/2022\/11\/2021-portaria-19-Coordenacao-Pro-Tempore-Colegiado.pdf\">CLIQUE AQUI<\/a><\/p>\n<\/div><\/div><\/div><\/section>\n<section class='av_toggle_section av-hazdx-a4a8e8bdaa173b3621726cb79b9aaa9f'  itemscope=\"itemscope\" itemtype=\"https:\/\/schema.org\/CreativeWork\" ><div role=\"tablist\" class=\"single_toggle\" data-tags=\"{Todos} \"  ><p id='toggle-toggle-id-6' data-fake-id='#toggle-id-6' class='toggler  av-title-above '  itemprop=\"headline\"  role='tab' tabindex='0' aria-controls='toggle-id-6' data-slide-speed=\"200\" data-title=\"PORTARIAS DE 2018\" data-title-open=\"\" data-aria_collapsed=\"Click to expand: PORTARIAS DE 2018\" data-aria_expanded=\"Click to collapse: PORTARIAS DE 2018\">PORTARIAS DE 2018<span class=\"toggle_icon\"><span class=\"vert_icon\"><\/span><span class=\"hor_icon\"><\/span><\/span><\/p><div id='toggle-id-6' aria-labelledby='toggle-toggle-id-6' role='region' class='toggle_wrap  av-title-above'  ><div class='toggle_content invers-color '  itemprop=\"text\" ><h4>Portaria Diretoria n\u00ba 40\/2018<\/h4>\n<p>Designa os Professores \u00canio Lacerda Vila\u00e7a e Patr\u00edcia Carlos Caldeira como Coordenador e Subcoordenadora do Colegiado de Gradua\u00e7\u00e3o.\u00a0Para visualizar a portaria na \u00edntegra,\u00a0<a href=\"https:\/\/www.odonto.ufmg.br\/colgrad\/wp-content\/uploads\/sites\/3\/2018\/04\/Portaria-40-2018.pdf\">CLIQUE AQUI<\/a><\/p>\n<h4>Portaria Diretoria n\u00ba 28\/2018<\/h4>\n<p>Designa o Professor \u00canio Lacerda Vila\u00e7a como Coordenador &#8220;Pr\u00f3-Tempore&#8221; do Colegiado de Gradua\u00e7\u00e3o at\u00e9 a homologa\u00e7\u00e3o do resultado da elei\u00e7\u00e3o para a nova Coordena\u00e7\u00e3o.\u00a0Para visualizar a portaria na \u00edntegra,\u00a0<a href=\"http:\/\/www.odonto.ufmg.br\/colgrad\/wp-content\/uploads\/sites\/3\/2018\/11\/Portaria-Diretoria-28-2018.pdf\">CLIQUE AQUI<\/a><\/p>\n<\/div><\/div><\/div><\/section>\n<section class='av_toggle_section av-766o5-1-1-1-6cbccaad0670260c7c6ff503f35efe41'  itemscope=\"itemscope\" itemtype=\"https:\/\/schema.org\/CreativeWork\" ><div role=\"tablist\" class=\"single_toggle\" data-tags=\"{Todos} \"  ><p id='toggle-toggle-id-7' data-fake-id='#toggle-id-7' class='toggler  av-title-above '  itemprop=\"headline\"  role='tab' tabindex='0' aria-controls='toggle-id-7' data-slide-speed=\"200\" data-title=\"PORTARIAS DE 2014\" data-title-open=\"\" data-aria_collapsed=\"Click to expand: PORTARIAS DE 2014\" data-aria_expanded=\"Click to collapse: PORTARIAS DE 2014\">PORTARIAS DE 2014<span class=\"toggle_icon\"><span class=\"vert_icon\"><\/span><span class=\"hor_icon\"><\/span><\/span><\/p><div id='toggle-id-7' aria-labelledby='toggle-toggle-id-7' role='region' class='toggle_wrap  av-title-above'  ><div class='toggle_content invers-color '  itemprop=\"text\" ><h4>Portaria Diretoria n\u00ba 67\/2014<\/h4>\n<p>Designa as Professoras Maria In\u00eas Barreiros Senna e Raquel Concei\u00e7\u00e3o Ferreira para Coordenador e Sub-coordenador do COLGRAD para um mandato Pr\u00f3-Tempore.\u00a0Para visualizar o documento na \u00edntegra,\u00a0<a href=\"https:\/\/www.odonto.ufmg.br\/wp-content\/uploads\/2015\/12\/portaria_67_2014.pdf\">CLIQUE AQUI<\/a><\/p>\n<\/div><\/div><\/div><\/section>\n<\/div>\n","protected":false},"excerpt":{"rendered":"","protected":false},"author":20,"featured_media":0,"parent":0,"menu_order":0,"comment_status":"closed","ping_status":"closed","template":"","meta":{"inline_featured_image":false,"footnotes":""},"class_list":["post-893","page","type-page","status-publish","hentry"],"yoast_head":"<!-- This site is optimized with the Yoast SEO plugin v27.3 - https:\/\/yoast.com\/product\/yoast-seo-wordpress\/ -->\n<title>Portarias DIRETORIA - Colegiado de Gradua\u00e7\u00e3o<\/title>\n<meta name=\"robots\" content=\"index, follow, max-snippet:-1, max-image-preview:large, max-video-preview:-1\" \/>\n<link rel=\"canonical\" href=\"https:\/\/www.odonto.ufmg.br\/colgrad\/portarias-diretoria\/\" \/>\n<meta property=\"og:locale\" content=\"pt_BR\" \/>\n<meta property=\"og:type\" content=\"article\" \/>\n<meta property=\"og:title\" content=\"Portarias DIRETORIA - Colegiado de Gradua\u00e7\u00e3o\" \/>\n<meta property=\"og:url\" content=\"https:\/\/www.odonto.ufmg.br\/colgrad\/portarias-diretoria\/\" \/>\n<meta property=\"og:site_name\" content=\"Colegiado de Gradua\u00e7\u00e3o\" \/>\n<meta property=\"article:modified_time\" content=\"2025-05-27T13:20:34+00:00\" \/>\n<meta name=\"twitter:card\" content=\"summary_large_image\" \/>\n<meta name=\"twitter:label1\" content=\"Est. tempo de leitura\" \/>\n\t<meta name=\"twitter:data1\" content=\"5 minutos\" \/>\n<script type=\"application\/ld+json\" class=\"yoast-schema-graph\">{\"@context\":\"https:\\\/\\\/schema.org\",\"@graph\":[{\"@type\":\"WebPage\",\"@id\":\"https:\\\/\\\/www.odonto.ufmg.br\\\/colgrad\\\/portarias-diretoria\\\/\",\"url\":\"https:\\\/\\\/www.odonto.ufmg.br\\\/colgrad\\\/portarias-diretoria\\\/\",\"name\":\"Portarias DIRETORIA - Colegiado de Gradua\u00e7\u00e3o\",\"isPartOf\":{\"@id\":\"https:\\\/\\\/www.odonto.ufmg.br\\\/colgrad\\\/#website\"},\"datePublished\":\"2018-11-12T11:42:33+00:00\",\"dateModified\":\"2025-05-27T13:20:34+00:00\",\"breadcrumb\":{\"@id\":\"https:\\\/\\\/www.odonto.ufmg.br\\\/colgrad\\\/portarias-diretoria\\\/#breadcrumb\"},\"inLanguage\":\"pt-BR\",\"potentialAction\":[{\"@type\":\"ReadAction\",\"target\":[\"https:\\\/\\\/www.odonto.ufmg.br\\\/colgrad\\\/portarias-diretoria\\\/\"]}]},{\"@type\":\"BreadcrumbList\",\"@id\":\"https:\\\/\\\/www.odonto.ufmg.br\\\/colgrad\\\/portarias-diretoria\\\/#breadcrumb\",\"itemListElement\":[{\"@type\":\"ListItem\",\"position\":1,\"name\":\"In\u00edcio\",\"item\":\"https:\\\/\\\/www.odonto.ufmg.br\\\/colgrad\\\/inicio\\\/\"},{\"@type\":\"ListItem\",\"position\":2,\"name\":\"Portarias DIRETORIA\"}]},{\"@type\":\"WebSite\",\"@id\":\"https:\\\/\\\/www.odonto.ufmg.br\\\/colgrad\\\/#website\",\"url\":\"https:\\\/\\\/www.odonto.ufmg.br\\\/colgrad\\\/\",\"name\":\"Colegiado de Gradua\u00e7\u00e3o\",\"description\":\"Faculdade de Odontologia UFMG\",\"potentialAction\":[{\"@type\":\"SearchAction\",\"target\":{\"@type\":\"EntryPoint\",\"urlTemplate\":\"https:\\\/\\\/www.odonto.ufmg.br\\\/colgrad\\\/?s={search_term_string}\"},\"query-input\":{\"@type\":\"PropertyValueSpecification\",\"valueRequired\":true,\"valueName\":\"search_term_string\"}}],\"inLanguage\":\"pt-BR\"}]}<\/script>\n<!-- \/ Yoast SEO plugin. -->","yoast_head_json":{"title":"Portarias DIRETORIA - Colegiado de Gradua\u00e7\u00e3o","robots":{"index":"index","follow":"follow","max-snippet":"max-snippet:-1","max-image-preview":"max-image-preview:large","max-video-preview":"max-video-preview:-1"},"canonical":"https:\/\/www.odonto.ufmg.br\/colgrad\/portarias-diretoria\/","og_locale":"pt_BR","og_type":"article","og_title":"Portarias DIRETORIA - Colegiado de Gradua\u00e7\u00e3o","og_url":"https:\/\/www.odonto.ufmg.br\/colgrad\/portarias-diretoria\/","og_site_name":"Colegiado de Gradua\u00e7\u00e3o","article_modified_time":"2025-05-27T13:20:34+00:00","twitter_card":"summary_large_image","twitter_misc":{"Est. tempo de leitura":"5 minutos"},"schema":{"@context":"https:\/\/schema.org","@graph":[{"@type":"WebPage","@id":"https:\/\/www.odonto.ufmg.br\/colgrad\/portarias-diretoria\/","url":"https:\/\/www.odonto.ufmg.br\/colgrad\/portarias-diretoria\/","name":"Portarias DIRETORIA - Colegiado de Gradua\u00e7\u00e3o","isPartOf":{"@id":"https:\/\/www.odonto.ufmg.br\/colgrad\/#website"},"datePublished":"2018-11-12T11:42:33+00:00","dateModified":"2025-05-27T13:20:34+00:00","breadcrumb":{"@id":"https:\/\/www.odonto.ufmg.br\/colgrad\/portarias-diretoria\/#breadcrumb"},"inLanguage":"pt-BR","potentialAction":[{"@type":"ReadAction","target":["https:\/\/www.odonto.ufmg.br\/colgrad\/portarias-diretoria\/"]}]},{"@type":"BreadcrumbList","@id":"https:\/\/www.odonto.ufmg.br\/colgrad\/portarias-diretoria\/#breadcrumb","itemListElement":[{"@type":"ListItem","position":1,"name":"In\u00edcio","item":"https:\/\/www.odonto.ufmg.br\/colgrad\/inicio\/"},{"@type":"ListItem","position":2,"name":"Portarias DIRETORIA"}]},{"@type":"WebSite","@id":"https:\/\/www.odonto.ufmg.br\/colgrad\/#website","url":"https:\/\/www.odonto.ufmg.br\/colgrad\/","name":"Colegiado de Gradua\u00e7\u00e3o","description":"Faculdade de Odontologia UFMG","potentialAction":[{"@type":"SearchAction","target":{"@type":"EntryPoint","urlTemplate":"https:\/\/www.odonto.ufmg.br\/colgrad\/?s={search_term_string}"},"query-input":{"@type":"PropertyValueSpecification","valueRequired":true,"valueName":"search_term_string"}}],"inLanguage":"pt-BR"}]}},"_links":{"self":[{"href":"https:\/\/www.odonto.ufmg.br\/colgrad\/wp-json\/wp\/v2\/pages\/893","targetHints":{"allow":["GET"]}}],"collection":[{"href":"https:\/\/www.odonto.ufmg.br\/colgrad\/wp-json\/wp\/v2\/pages"}],"about":[{"href":"https:\/\/www.odonto.ufmg.br\/colgrad\/wp-json\/wp\/v2\/types\/page"}],"author":[{"embeddable":true,"href":"https:\/\/www.odonto.ufmg.br\/colgrad\/wp-json\/wp\/v2\/users\/20"}],"replies":[{"embeddable":true,"href":"https:\/\/www.odonto.ufmg.br\/colgrad\/wp-json\/wp\/v2\/comments?post=893"}],"version-history":[{"count":25,"href":"https:\/\/www.odonto.ufmg.br\/colgrad\/wp-json\/wp\/v2\/pages\/893\/revisions"}],"predecessor-version":[{"id":3448,"href":"https:\/\/www.odonto.ufmg.br\/colgrad\/wp-json\/wp\/v2\/pages\/893\/revisions\/3448"}],"wp:attachment":[{"href":"https:\/\/www.odonto.ufmg.br\/colgrad\/wp-json\/wp\/v2\/media?parent=893"}],"curies":[{"name":"wp","href":"https:\/\/api.w.org\/{rel}","templated":true}]}}