{"id":60,"date":"2015-12-07T15:23:45","date_gmt":"2015-12-07T17:23:45","guid":{"rendered":"http:\/\/www.odonto.ufmg.br\/colgrad\/?page_id=60"},"modified":"2026-04-08T17:56:35","modified_gmt":"2026-04-08T20:56:35","slug":"composicao","status":"publish","type":"page","link":"https:\/\/www.odonto.ufmg.br\/colgrad\/composicao\/","title":{"rendered":"Composi\u00e7\u00e3o"},"content":{"rendered":"\n<style type=\"text\/css\" data-created_by=\"avia_inline_auto\" id=\"style-css-av-u50-c438ded4ea35384e18b342137319feab\">\n.flex_column.av-u50-c438ded4ea35384e18b342137319feab{\nborder-radius:0px 0px 0px 0px;\npadding:0px 0px 0px 0px;\n}\n<\/style>\n<div  class='flex_column av-u50-c438ded4ea35384e18b342137319feab av_one_full  avia-builder-el-0  avia-builder-el-no-sibling  first flex_column_div av-zero-column-padding  '     ><p>\n<style type=\"text\/css\" data-created_by=\"avia_inline_auto\" id=\"style-css-av-u6gs-4073fbfcc1796fc6892ce4f8001570ca\">\n#top .av-special-heading.av-u6gs-4073fbfcc1796fc6892ce4f8001570ca{\npadding-bottom:10px;\n}\nbody .av-special-heading.av-u6gs-4073fbfcc1796fc6892ce4f8001570ca .av-special-heading-tag .heading-char{\nfont-size:25px;\n}\n.av-special-heading.av-u6gs-4073fbfcc1796fc6892ce4f8001570ca .av-subheading{\nfont-size:15px;\n}\n<\/style>\n<div  class='av-special-heading av-u6gs-4073fbfcc1796fc6892ce4f8001570ca av-special-heading-h3 blockquote modern-quote modern-centered  avia-builder-el-1  el_before_av_textblock  avia-builder-el-first '><h3 class='av-special-heading-tag '  itemprop=\"headline\"  >Composi\u00e7\u00e3o do Colegiado de Gradua\u00e7\u00e3o da Faculdade de Odontologia da UFMG<\/h3><div class=\"special-heading-border\"><div class=\"special-heading-inner-border\"><\/div><\/div><\/div><br \/>\n<section  class='av_textblock_section av-15y00-c90345a20a349635ed486a2e9bb12dc0 '   itemscope=\"itemscope\" itemtype=\"https:\/\/schema.org\/CreativeWork\" ><div class='avia_textblock'  itemprop=\"text\" ><p style=\"text-align: center\"><strong>Coordena\u00e7\u00e3o Geral do Colegiado de Gradua\u00e7\u00e3o em Odontologia<\/strong><\/p>\n<p><b>Coordenador:<\/b> Prof. Dr.\u00a0 Lucas Guimar\u00e3es Abreu<\/p>\n<p><strong>Departamento:<\/strong>\u00a0 Sa\u00fade Bucal da Crian\u00e7a e do Adolescente (SCA)<\/p>\n<p><strong>Mandato:<\/strong> 08\/11\/2024 a 07\/11\/2026<\/p>\n<p><a href=\"http:\/\/lattes.cnpq.br\/9222249281656947\" target=\"_blank\" rel=\"noopener\">Curr\u00edculo Lattes<\/a><\/p>\n<p><strong>Subcoordenador:\u00a0<\/strong>Prof. Dr. Carlos Jos\u00e9 de Paula Silva<\/p>\n<p><strong>Departamento: <\/strong>Odontologia Social e Preventiva (OSP)<\/p>\n<p><strong>Mandato: <\/strong>08\/11\/2024 a 07\/11\/2026<\/p>\n<p><a href=\"http:\/\/lattes.cnpq.br\/4136491004982034\">Curr\u00edculo Lattes<\/a><\/p>\n<hr \/>\n<p style=\"text-align: center\"><strong>MEMBROS<\/strong><\/p>\n<hr \/>\n<p style=\"text-align: center\"><strong>Departamento de Odontologia Social e Preventiva (OSP)<\/strong><\/p>\n<p><strong>Titular:\u00a0<\/strong>\u00a0 Prof.\u00aa Dr.\u00aa Janice Simpson de Paula<\/p>\n<p><strong>Mandato:<\/strong> 16\/08\/2025 a 15\/08\/2027<\/p>\n<p><a href=\"http:\/\/lattes.cnpq.br\/5868261982075740\" target=\"_blank\" rel=\"noopener\">Curr\u00edculo Lattes<\/a><\/p>\n<p><strong>Suplente:\u00a0<\/strong> Prof.\u00aa Dr.\u00aa Fabiana Vargas Ferreira<\/p>\n<p><strong>Mandato:<\/strong> 16\/08\/2025 a 15\/08\/2027<\/p>\n<p><a href=\"http:\/\/lattes.cnpq.br\/5958590646160501\" target=\"_blank\" rel=\"noopener\">Curr\u00edculo Lattes<\/a><\/p>\n<hr \/>\n<p style=\"text-align: center\"><strong>Departamento de Odontologia Restauradora (ODR)<\/strong><\/p>\n<p><strong>Titular:\u00a0<\/strong>\u00a0 Prof. Dr.\u00a0 Marcos Daniel Sept\u00edmio Lanza<\/p>\n<p><strong>Mandato:\u00a0 <\/strong>0<strong>7<\/strong>\/09\/2024 a 07\/09\/2026<\/p>\n<p><a href=\"http:\/\/lattes.cnpq.br\/0808286685429938\" target=\"_blank\" rel=\"noopener\">Curr\u00edculo Lattes<\/a><\/p>\n<p><strong>Suplente: <\/strong>Prof.\u00aa\u00a0 Dr.\u00aa Rog\u00e9li Tib\u00farcio Ribeiro da Cunha Peixoto<\/p>\n<p><strong>Mandato: <\/strong>07\/09\/2024 a 07\/09\/2026<\/p>\n<p><a href=\"http:\/\/lattes.cnpq.br\/1832560476323549\" target=\"_blank\" rel=\"noopener\">Curr\u00edculo Lattes<\/a><\/p>\n<hr \/>\n<p><strong>Titular: <\/strong>Profa. Dra. Bruna Genari Degrazia<\/p>\n<p><strong>Mandato: <\/strong>22\/04\/2024 a 22\/04\/2026<\/p>\n<p><a href=\"http:\/\/lattes.cnpq.br\/1089857614409767\" target=\"_blank\" rel=\"noopener\">Curr\u00edculo Lattes<\/a><\/p>\n<p><strong>Suplente: <\/strong>Prof. Dr. Ricardo Rodrigues Vaz<\/p>\n<p><strong>Mandato: <\/strong>22\/04\/2024 a 22\/04\/2026<\/p>\n<p><a href=\"http:\/\/lattes.cnpq.br\/2507338603377062\" target=\"_blank\" rel=\"noopener\">Curr\u00edculo Lattes<\/a><\/p>\n<hr \/>\n<p style=\"text-align: center\"><strong>Departamento de Sa\u00fade Bucal da Crian\u00e7a e do Adolescente (SCA)<\/strong><\/p>\n<p><strong>Titular: <\/strong>Profa. Dra. Sheyla M\u00e1rcia Auad<\/p>\n<p><strong>Mandato: <\/strong>26\/06\/2026 a 26\/06\/2028<\/p>\n<p><a href=\"http:\/\/lattes.cnpq.br\/3390756663305518\" target=\"_blank\" rel=\"noopener\">Curr\u00edculo Lattes<\/a><\/p>\n<p><strong>Suplente: <\/strong>Profa. Dra. Let\u00edcia Pereira Martins<\/p>\n<p><strong>Mandato: <\/strong>26\/06\/2026 a 26\/06\/2028<\/p>\n<p><a href=\"http:\/\/lattes.cnpq.br\/1329000703973709\" target=\"_blank\" rel=\"noopener\">Curr\u00edculo Lattes<\/a><\/p>\n<hr \/>\n<p style=\"text-align: center\"><strong>Departamento de Cl\u00ednica, Patologia e Cirurgia Odontol\u00f3gicas (CPC)<\/strong><\/p>\n<p><strong>Titular:<\/strong> Prof. Dr. Marcelo Dias Moreira de Assis Costa<\/p>\n<p><strong>Mandato: <\/strong>16\/09\/2025 a 16\/09\/2027<\/p>\n<p><a href=\"http:\/\/lattes.cnpq.br\/6345363514182658\" target=\"_blank\" rel=\"noopener\">Curr\u00edculo Lattes<\/a><\/p>\n<p><strong>Suplente:<\/strong> Prof. Dr. Rafael Paschoal Esteves Lima<\/p>\n<p><strong>Mandato: <\/strong>16\/09\/2025 a 16\/09\/2027<\/p>\n<p><a href=\"http:\/\/lattes.cnpq.br\/8313648790082065\" target=\"_blank\" rel=\"noopener\">Curr\u00edculo Lattes<\/a><\/p>\n<hr \/>\n<p style=\"text-align: center\"><strong>Instituto de Ci\u00eancias Biol\u00f3gicas \u2013 ICB<\/strong><\/p>\n<p><strong>Titular ICB &#8211; MIC: <\/strong>Profa. Dra. Mila Fernandes Moreira Madeira<\/p>\n<p><strong>Mandato: <\/strong>13\/03\/2026 a 13\/03\/2028<\/p>\n<p><a href=\"http:\/\/lattes.cnpq.br\/7270421400353422\" target=\"_blank\" rel=\"noopener\">Curr\u00edculo Lattes<\/a><\/p>\n<p><strong>Suplente ICB &#8211; DGEE: <\/strong>Prof. \u00c1lvaro Cantini Nunes<\/p>\n<p><strong>Mandato: <\/strong>13\/03\/2026 a 13\/03\/2028<\/p>\n<p><a href=\"http:\/\/lattes.cnpq.br\/9265320355446970\" target=\"_blank\" rel=\"noopener\">Curr\u00edculo Lattes<\/a><\/p>\n<hr \/>\n<p><strong>Titular ICB &#8211; MOF: <\/strong>Profa. Dra. <span data-sheets-root=\"1\">Micena Roberto Miranda Alves e Silva<\/span><\/p>\n<p><strong>Mandato: <\/strong>13\/06\/2025 a 13\/06\/2027<\/p>\n<p><a href=\"http:\/\/lattes.cnpq.br\/5930132641693376\" target=\"_blank\" rel=\"noopener\">Curr\u00edculo Lattes<\/a><\/p>\n<p><strong>Suplente ICB &#8211; FAR: <\/strong>Profa. Dra. Luciene Bruno Vieira<\/p>\n<p><strong>Mandato: <\/strong>13\/03\/2026 a 13\/06\/2027<\/p>\n<p><a href=\"http:\/\/lattes.cnpq.br\/9993202168577002\">Curr\u00edculo Lattes<\/a><\/p>\n<hr \/>\n<p style=\"text-align: center\"><strong>Discente<\/strong><\/p>\n<p><strong>Titular: vacante<\/strong><\/p>\n<p><strong>Suplente: vacante<\/strong><\/p>\n<hr \/>\n<p style=\"text-align: center\"><strong>Funcion\u00e1rios T\u00e9cnicos-Administrativos da Secretaria do ColGrad<\/strong><\/p>\n<ul>\n<li>Elenice Assun\u00e7\u00e3o de Miranda<\/li>\n<li>Fernando Pereira Junior<\/li>\n<li>Gregory Kwan Chien Hoo<\/li>\n<li>L\u00e9cio Magalh\u00e3es e Silva<\/li>\n<\/ul>\n<\/div><\/section><\/p><\/div>\n","protected":false},"excerpt":{"rendered":"","protected":false},"author":1,"featured_media":0,"parent":0,"menu_order":0,"comment_status":"closed","ping_status":"closed","template":"","meta":{"inline_featured_image":false,"footnotes":""},"class_list":["post-60","page","type-page","status-publish","hentry"],"yoast_head":"<!-- This site is optimized with the Yoast SEO plugin v27.5 - https:\/\/yoast.com\/product\/yoast-seo-wordpress\/ -->\n<title>Composi\u00e7\u00e3o - Colegiado de Gradua\u00e7\u00e3o<\/title>\n<meta name=\"robots\" content=\"index, follow, max-snippet:-1, max-image-preview:large, max-video-preview:-1\" \/>\n<link rel=\"canonical\" href=\"https:\/\/www.odonto.ufmg.br\/colgrad\/composicao\/\" \/>\n<meta property=\"og:locale\" content=\"pt_BR\" \/>\n<meta property=\"og:type\" content=\"article\" \/>\n<meta property=\"og:title\" content=\"Composi\u00e7\u00e3o - Colegiado de Gradua\u00e7\u00e3o\" \/>\n<meta property=\"og:url\" content=\"https:\/\/www.odonto.ufmg.br\/colgrad\/composicao\/\" \/>\n<meta property=\"og:site_name\" content=\"Colegiado de Gradua\u00e7\u00e3o\" \/>\n<meta property=\"article:modified_time\" content=\"2026-04-08T20:56:35+00:00\" \/>\n<meta name=\"twitter:card\" content=\"summary_large_image\" \/>\n<meta name=\"twitter:label1\" content=\"Est. tempo de leitura\" \/>\n\t<meta name=\"twitter:data1\" content=\"2 minutos\" \/>\n<script type=\"application\/ld+json\" class=\"yoast-schema-graph\">{\"@context\":\"https:\\\/\\\/schema.org\",\"@graph\":[{\"@type\":\"WebPage\",\"@id\":\"https:\\\/\\\/www.odonto.ufmg.br\\\/colgrad\\\/composicao\\\/\",\"url\":\"https:\\\/\\\/www.odonto.ufmg.br\\\/colgrad\\\/composicao\\\/\",\"name\":\"Composi\u00e7\u00e3o - Colegiado de Gradua\u00e7\u00e3o\",\"isPartOf\":{\"@id\":\"https:\\\/\\\/www.odonto.ufmg.br\\\/colgrad\\\/#website\"},\"datePublished\":\"2015-12-07T17:23:45+00:00\",\"dateModified\":\"2026-04-08T20:56:35+00:00\",\"breadcrumb\":{\"@id\":\"https:\\\/\\\/www.odonto.ufmg.br\\\/colgrad\\\/composicao\\\/#breadcrumb\"},\"inLanguage\":\"pt-BR\",\"potentialAction\":[{\"@type\":\"ReadAction\",\"target\":[\"https:\\\/\\\/www.odonto.ufmg.br\\\/colgrad\\\/composicao\\\/\"]}]},{\"@type\":\"BreadcrumbList\",\"@id\":\"https:\\\/\\\/www.odonto.ufmg.br\\\/colgrad\\\/composicao\\\/#breadcrumb\",\"itemListElement\":[{\"@type\":\"ListItem\",\"position\":1,\"name\":\"In\u00edcio\",\"item\":\"https:\\\/\\\/www.odonto.ufmg.br\\\/colgrad\\\/inicio\\\/\"},{\"@type\":\"ListItem\",\"position\":2,\"name\":\"Composi\u00e7\u00e3o\"}]},{\"@type\":\"WebSite\",\"@id\":\"https:\\\/\\\/www.odonto.ufmg.br\\\/colgrad\\\/#website\",\"url\":\"https:\\\/\\\/www.odonto.ufmg.br\\\/colgrad\\\/\",\"name\":\"Colegiado de Gradua\u00e7\u00e3o\",\"description\":\"Faculdade de Odontologia UFMG\",\"potentialAction\":[{\"@type\":\"SearchAction\",\"target\":{\"@type\":\"EntryPoint\",\"urlTemplate\":\"https:\\\/\\\/www.odonto.ufmg.br\\\/colgrad\\\/?s={search_term_string}\"},\"query-input\":{\"@type\":\"PropertyValueSpecification\",\"valueRequired\":true,\"valueName\":\"search_term_string\"}}],\"inLanguage\":\"pt-BR\"}]}<\/script>\n<!-- \/ Yoast SEO plugin. -->","yoast_head_json":{"title":"Composi\u00e7\u00e3o - Colegiado de Gradua\u00e7\u00e3o","robots":{"index":"index","follow":"follow","max-snippet":"max-snippet:-1","max-image-preview":"max-image-preview:large","max-video-preview":"max-video-preview:-1"},"canonical":"https:\/\/www.odonto.ufmg.br\/colgrad\/composicao\/","og_locale":"pt_BR","og_type":"article","og_title":"Composi\u00e7\u00e3o - Colegiado de Gradua\u00e7\u00e3o","og_url":"https:\/\/www.odonto.ufmg.br\/colgrad\/composicao\/","og_site_name":"Colegiado de Gradua\u00e7\u00e3o","article_modified_time":"2026-04-08T20:56:35+00:00","twitter_card":"summary_large_image","twitter_misc":{"Est. tempo de leitura":"2 minutos"},"schema":{"@context":"https:\/\/schema.org","@graph":[{"@type":"WebPage","@id":"https:\/\/www.odonto.ufmg.br\/colgrad\/composicao\/","url":"https:\/\/www.odonto.ufmg.br\/colgrad\/composicao\/","name":"Composi\u00e7\u00e3o - Colegiado de Gradua\u00e7\u00e3o","isPartOf":{"@id":"https:\/\/www.odonto.ufmg.br\/colgrad\/#website"},"datePublished":"2015-12-07T17:23:45+00:00","dateModified":"2026-04-08T20:56:35+00:00","breadcrumb":{"@id":"https:\/\/www.odonto.ufmg.br\/colgrad\/composicao\/#breadcrumb"},"inLanguage":"pt-BR","potentialAction":[{"@type":"ReadAction","target":["https:\/\/www.odonto.ufmg.br\/colgrad\/composicao\/"]}]},{"@type":"BreadcrumbList","@id":"https:\/\/www.odonto.ufmg.br\/colgrad\/composicao\/#breadcrumb","itemListElement":[{"@type":"ListItem","position":1,"name":"In\u00edcio","item":"https:\/\/www.odonto.ufmg.br\/colgrad\/inicio\/"},{"@type":"ListItem","position":2,"name":"Composi\u00e7\u00e3o"}]},{"@type":"WebSite","@id":"https:\/\/www.odonto.ufmg.br\/colgrad\/#website","url":"https:\/\/www.odonto.ufmg.br\/colgrad\/","name":"Colegiado de Gradua\u00e7\u00e3o","description":"Faculdade de Odontologia UFMG","potentialAction":[{"@type":"SearchAction","target":{"@type":"EntryPoint","urlTemplate":"https:\/\/www.odonto.ufmg.br\/colgrad\/?s={search_term_string}"},"query-input":{"@type":"PropertyValueSpecification","valueRequired":true,"valueName":"search_term_string"}}],"inLanguage":"pt-BR"}]}},"_links":{"self":[{"href":"https:\/\/www.odonto.ufmg.br\/colgrad\/wp-json\/wp\/v2\/pages\/60","targetHints":{"allow":["GET"]}}],"collection":[{"href":"https:\/\/www.odonto.ufmg.br\/colgrad\/wp-json\/wp\/v2\/pages"}],"about":[{"href":"https:\/\/www.odonto.ufmg.br\/colgrad\/wp-json\/wp\/v2\/types\/page"}],"author":[{"embeddable":true,"href":"https:\/\/www.odonto.ufmg.br\/colgrad\/wp-json\/wp\/v2\/users\/1"}],"replies":[{"embeddable":true,"href":"https:\/\/www.odonto.ufmg.br\/colgrad\/wp-json\/wp\/v2\/comments?post=60"}],"version-history":[{"count":69,"href":"https:\/\/www.odonto.ufmg.br\/colgrad\/wp-json\/wp\/v2\/pages\/60\/revisions"}],"predecessor-version":[{"id":3712,"href":"https:\/\/www.odonto.ufmg.br\/colgrad\/wp-json\/wp\/v2\/pages\/60\/revisions\/3712"}],"wp:attachment":[{"href":"https:\/\/www.odonto.ufmg.br\/colgrad\/wp-json\/wp\/v2\/media?parent=60"}],"curies":[{"name":"wp","href":"https:\/\/api.w.org\/{rel}","templated":true}]}}