{"id":3040,"date":"2023-08-10T11:50:56","date_gmt":"2023-08-10T14:50:56","guid":{"rendered":"https:\/\/www.odonto.ufmg.br\/colgrad\/?page_id=3040"},"modified":"2023-08-10T11:50:56","modified_gmt":"2023-08-10T14:50:56","slug":"comprovacao-de-conhecimento","status":"publish","type":"page","link":"https:\/\/www.odonto.ufmg.br\/colgrad\/comprovacao-de-conhecimento\/","title":{"rendered":"Comprova\u00e7\u00e3o de Conhecimento"},"content":{"rendered":"\n<style type=\"text\/css\" data-created_by=\"avia_inline_auto\" id=\"style-css-av-ll58olk9-ad397dd523bc87710d321613169434a9\">\n#top .av-special-heading.av-ll58olk9-ad397dd523bc87710d321613169434a9{\npadding-bottom:10px;\n}\nbody .av-special-heading.av-ll58olk9-ad397dd523bc87710d321613169434a9 .av-special-heading-tag .heading-char{\nfont-size:25px;\n}\n.av-special-heading.av-ll58olk9-ad397dd523bc87710d321613169434a9 .av-subheading{\nfont-size:15px;\n}\n<\/style>\n<div  class='av-special-heading av-ll58olk9-ad397dd523bc87710d321613169434a9 av-special-heading-h1 blockquote modern-quote modern-centered  avia-builder-el-0  el_before_av_progress  avia-builder-el-first '><h1 class='av-special-heading-tag '  itemprop=\"headline\"  >COMPROVA\u00c7\u00c3O DE CONHECIMENTO<\/h1><div class=\"special-heading-border\"><div class=\"special-heading-inner-border\"><\/div><\/div><\/div>\n\n<style type=\"text\/css\" data-created_by=\"avia_inline_auto\" id=\"style-css-sub-av-ll58uq33-c2da080f201692ccf96103dce346183d\">\n#top .avia-progress-bar-container .avia-progress-bar.av-ll58u1yg-240bcdab18d1ddb68cc2ee1b0f900bd1 .bar{\nwidth:100%;\nbackground-image: linear-gradient( -45deg, #B02B2C 25%, #D24D4E 25%, #D24D4E 50%, #B02B2C 50%, #B02B2C 75%, #D24D4E 75%, #D24D4E );\nbackground-image: linear-gradient( -45deg, #B02B2C 25%, #D24D4E 25%, #D24D4E 50%, #B02B2C 50%, #B02B2C 75%, #D24D4E 75%, #D24D4E );\nbackground-color:#B02B2C;\n}\n<\/style>\n<div  class='avia-progress-bar-container av-ll58uq33-c2da080f201692ccf96103dce346183d av-striped-bar av-animated-bar avia_animate_when_almost_visible  avia-builder-el-1  el_after_av_heading  el_before_av_textblock '><div class='avia-progress-bar av-ll58u1yg-240bcdab18d1ddb68cc2ee1b0f900bd1 icon-bar-no red-bar icon-bar-no'><div class=\"progress\"><div class=\"bar-outer\"><div class='bar' data-progress='100'><\/div><\/div><\/div><\/div><\/div>\n<section  class='av_textblock_section av-ll59ktpa-d41d729be92522f7552d8eeb0dbbdd79 '   itemscope=\"itemscope\" itemtype=\"https:\/\/schema.org\/CreativeWork\" ><div class='avia_textblock'  itemprop=\"text\" ><h3>A Resolu\u00e7\u00e3o N\u00ba 04\/2019, de 14 de maio de 2019 regulamenta a realiza\u00e7\u00e3o de exame de comprova\u00e7\u00e3o de conhecimentos por estudantes de gradua\u00e7\u00e3o da UFMG e revoga a Resolu\u00e7\u00e3o do CEPE no 17\/2014, de 7 de outubro de 2014.<\/h3>\n<p>1 &#8211;\u00a0 Condi\u00e7\u00f5es para requerer<\/p>\n<p>a) Estar, no momento da solicita\u00e7\u00e3o do exame de Comprova\u00e7\u00e3o de Conhecimentos, com:<\/p>\n<p>i) registro acad\u00eamico ativo e sem ocorr\u00eancia acad\u00eamica de trancamento total de matr\u00edcula;<\/p>\n<p>ii) n\u00e3o possuir, em qualquer tempo, registro de matr\u00edcula e nem reprova\u00e7\u00e3o em exame de comprova\u00e7\u00e3o de conhecimentos na(s) disciplina(s) para a(s)\u00a0 qual(is) requer a comprova\u00e7\u00e3o de conhecimentos<\/p>\n<p>b) O requerimento de comprova\u00e7\u00e3o de conhecimentos somente estar\u00e1 dispon\u00edvel para<br \/>\natividades acad\u00eamicas que: i) pertencem ao percurso curricular do estudante; ii) n\u00e3o<br \/>\nsejam de conte\u00fado vari\u00e1vel<br \/>\nc) Estar dentro da data-limite prevista no Calend\u00e1rio Escolar para solicitar o exame de<br \/>\ncomprova\u00e7\u00e3o de conhecimentos.<\/p>\n<p>2- Como requerer exame de comprova\u00e7\u00e3o de conhecimentos<\/p>\n<p>O requerimento \u00e9 online via Sistema Acad\u00eamico<\/p>\n<h3 style=\"text-align: center\">DOWLOAND<\/h3>\n<ul>\n<li><a href=\"http:\/\/www.odonto.ufmg.br\/colgrad\/wp-content\/uploads\/sites\/3\/2023\/08\/RESOLUCAO-04-2019-DE-14-DE-MAIO-DE-2019-COMPROVACAO-DE-CONHECIMENTO-UFMG.pdf\">RESOLU\u00c7\u00c3O No 04\/2019, DE 14 DE MAIO DE 2019<\/a><\/li>\n<li><a href=\"http:\/\/www.odonto.ufmg.br\/colgrad\/wp-content\/uploads\/sites\/3\/2023\/08\/roteiro_comprovacaodeconhecimento_-estudante.pdf\">Roteiro para requerimento<\/a><\/li>\n<\/ul>\n<h6><\/h6>\n<\/div><\/section>\n","protected":false},"excerpt":{"rendered":"","protected":false},"author":20,"featured_media":0,"parent":0,"menu_order":0,"comment_status":"closed","ping_status":"closed","template":"","meta":{"inline_featured_image":false,"footnotes":""},"class_list":["post-3040","page","type-page","status-publish","hentry"],"yoast_head":"<!-- This site is optimized with the Yoast SEO plugin v27.3 - https:\/\/yoast.com\/product\/yoast-seo-wordpress\/ -->\n<title>Comprova\u00e7\u00e3o de Conhecimento - Colegiado de Gradua\u00e7\u00e3o<\/title>\n<meta name=\"robots\" content=\"index, follow, max-snippet:-1, max-image-preview:large, max-video-preview:-1\" \/>\n<link rel=\"canonical\" href=\"https:\/\/www.odonto.ufmg.br\/colgrad\/comprovacao-de-conhecimento\/\" \/>\n<meta property=\"og:locale\" content=\"pt_BR\" \/>\n<meta property=\"og:type\" content=\"article\" \/>\n<meta property=\"og:title\" content=\"Comprova\u00e7\u00e3o de Conhecimento - Colegiado de Gradua\u00e7\u00e3o\" \/>\n<meta property=\"og:url\" content=\"https:\/\/www.odonto.ufmg.br\/colgrad\/comprovacao-de-conhecimento\/\" \/>\n<meta property=\"og:site_name\" content=\"Colegiado de Gradua\u00e7\u00e3o\" \/>\n<meta name=\"twitter:card\" content=\"summary_large_image\" \/>\n<meta name=\"twitter:label1\" content=\"Est. tempo de leitura\" \/>\n\t<meta name=\"twitter:data1\" content=\"2 minutos\" \/>\n<script type=\"application\/ld+json\" class=\"yoast-schema-graph\">{\"@context\":\"https:\\\/\\\/schema.org\",\"@graph\":[{\"@type\":\"WebPage\",\"@id\":\"https:\\\/\\\/www.odonto.ufmg.br\\\/colgrad\\\/comprovacao-de-conhecimento\\\/\",\"url\":\"https:\\\/\\\/www.odonto.ufmg.br\\\/colgrad\\\/comprovacao-de-conhecimento\\\/\",\"name\":\"Comprova\u00e7\u00e3o de Conhecimento - Colegiado de Gradua\u00e7\u00e3o\",\"isPartOf\":{\"@id\":\"https:\\\/\\\/www.odonto.ufmg.br\\\/colgrad\\\/#website\"},\"datePublished\":\"2023-08-10T14:50:56+00:00\",\"breadcrumb\":{\"@id\":\"https:\\\/\\\/www.odonto.ufmg.br\\\/colgrad\\\/comprovacao-de-conhecimento\\\/#breadcrumb\"},\"inLanguage\":\"pt-BR\",\"potentialAction\":[{\"@type\":\"ReadAction\",\"target\":[\"https:\\\/\\\/www.odonto.ufmg.br\\\/colgrad\\\/comprovacao-de-conhecimento\\\/\"]}]},{\"@type\":\"BreadcrumbList\",\"@id\":\"https:\\\/\\\/www.odonto.ufmg.br\\\/colgrad\\\/comprovacao-de-conhecimento\\\/#breadcrumb\",\"itemListElement\":[{\"@type\":\"ListItem\",\"position\":1,\"name\":\"In\u00edcio\",\"item\":\"https:\\\/\\\/www.odonto.ufmg.br\\\/colgrad\\\/inicio\\\/\"},{\"@type\":\"ListItem\",\"position\":2,\"name\":\"Comprova\u00e7\u00e3o de Conhecimento\"}]},{\"@type\":\"WebSite\",\"@id\":\"https:\\\/\\\/www.odonto.ufmg.br\\\/colgrad\\\/#website\",\"url\":\"https:\\\/\\\/www.odonto.ufmg.br\\\/colgrad\\\/\",\"name\":\"Colegiado de Gradua\u00e7\u00e3o\",\"description\":\"Faculdade de Odontologia UFMG\",\"potentialAction\":[{\"@type\":\"SearchAction\",\"target\":{\"@type\":\"EntryPoint\",\"urlTemplate\":\"https:\\\/\\\/www.odonto.ufmg.br\\\/colgrad\\\/?s={search_term_string}\"},\"query-input\":{\"@type\":\"PropertyValueSpecification\",\"valueRequired\":true,\"valueName\":\"search_term_string\"}}],\"inLanguage\":\"pt-BR\"}]}<\/script>\n<!-- \/ Yoast SEO plugin. -->","yoast_head_json":{"title":"Comprova\u00e7\u00e3o de Conhecimento - Colegiado de Gradua\u00e7\u00e3o","robots":{"index":"index","follow":"follow","max-snippet":"max-snippet:-1","max-image-preview":"max-image-preview:large","max-video-preview":"max-video-preview:-1"},"canonical":"https:\/\/www.odonto.ufmg.br\/colgrad\/comprovacao-de-conhecimento\/","og_locale":"pt_BR","og_type":"article","og_title":"Comprova\u00e7\u00e3o de Conhecimento - Colegiado de Gradua\u00e7\u00e3o","og_url":"https:\/\/www.odonto.ufmg.br\/colgrad\/comprovacao-de-conhecimento\/","og_site_name":"Colegiado de Gradua\u00e7\u00e3o","twitter_card":"summary_large_image","twitter_misc":{"Est. tempo de leitura":"2 minutos"},"schema":{"@context":"https:\/\/schema.org","@graph":[{"@type":"WebPage","@id":"https:\/\/www.odonto.ufmg.br\/colgrad\/comprovacao-de-conhecimento\/","url":"https:\/\/www.odonto.ufmg.br\/colgrad\/comprovacao-de-conhecimento\/","name":"Comprova\u00e7\u00e3o de Conhecimento - Colegiado de Gradua\u00e7\u00e3o","isPartOf":{"@id":"https:\/\/www.odonto.ufmg.br\/colgrad\/#website"},"datePublished":"2023-08-10T14:50:56+00:00","breadcrumb":{"@id":"https:\/\/www.odonto.ufmg.br\/colgrad\/comprovacao-de-conhecimento\/#breadcrumb"},"inLanguage":"pt-BR","potentialAction":[{"@type":"ReadAction","target":["https:\/\/www.odonto.ufmg.br\/colgrad\/comprovacao-de-conhecimento\/"]}]},{"@type":"BreadcrumbList","@id":"https:\/\/www.odonto.ufmg.br\/colgrad\/comprovacao-de-conhecimento\/#breadcrumb","itemListElement":[{"@type":"ListItem","position":1,"name":"In\u00edcio","item":"https:\/\/www.odonto.ufmg.br\/colgrad\/inicio\/"},{"@type":"ListItem","position":2,"name":"Comprova\u00e7\u00e3o de Conhecimento"}]},{"@type":"WebSite","@id":"https:\/\/www.odonto.ufmg.br\/colgrad\/#website","url":"https:\/\/www.odonto.ufmg.br\/colgrad\/","name":"Colegiado de Gradua\u00e7\u00e3o","description":"Faculdade de Odontologia UFMG","potentialAction":[{"@type":"SearchAction","target":{"@type":"EntryPoint","urlTemplate":"https:\/\/www.odonto.ufmg.br\/colgrad\/?s={search_term_string}"},"query-input":{"@type":"PropertyValueSpecification","valueRequired":true,"valueName":"search_term_string"}}],"inLanguage":"pt-BR"}]}},"_links":{"self":[{"href":"https:\/\/www.odonto.ufmg.br\/colgrad\/wp-json\/wp\/v2\/pages\/3040","targetHints":{"allow":["GET"]}}],"collection":[{"href":"https:\/\/www.odonto.ufmg.br\/colgrad\/wp-json\/wp\/v2\/pages"}],"about":[{"href":"https:\/\/www.odonto.ufmg.br\/colgrad\/wp-json\/wp\/v2\/types\/page"}],"author":[{"embeddable":true,"href":"https:\/\/www.odonto.ufmg.br\/colgrad\/wp-json\/wp\/v2\/users\/20"}],"replies":[{"embeddable":true,"href":"https:\/\/www.odonto.ufmg.br\/colgrad\/wp-json\/wp\/v2\/comments?post=3040"}],"version-history":[{"count":13,"href":"https:\/\/www.odonto.ufmg.br\/colgrad\/wp-json\/wp\/v2\/pages\/3040\/revisions"}],"predecessor-version":[{"id":3058,"href":"https:\/\/www.odonto.ufmg.br\/colgrad\/wp-json\/wp\/v2\/pages\/3040\/revisions\/3058"}],"wp:attachment":[{"href":"https:\/\/www.odonto.ufmg.br\/colgrad\/wp-json\/wp\/v2\/media?parent=3040"}],"curies":[{"name":"wp","href":"https:\/\/api.w.org\/{rel}","templated":true}]}}