{"id":1568,"date":"2020-06-15T11:25:57","date_gmt":"2020-06-15T14:25:57","guid":{"rendered":"http:\/\/www.odonto.ufmg.br\/colgrad\/?page_id=1568"},"modified":"2025-09-05T16:33:56","modified_gmt":"2025-09-05T19:33:56","slug":"nde-composicao","status":"publish","type":"page","link":"https:\/\/www.odonto.ufmg.br\/colgrad\/nde-composicao\/","title":{"rendered":"NDE &#8211; composi\u00e7\u00e3o"},"content":{"rendered":"<h3 style=\"text-align: center\"><strong>Composi\u00e7\u00e3o do N\u00facleo Docente Estruturante da Faculdade de Odontologia da<\/strong> UFMG<\/h3>\n<p>\u00a0<\/p>\n<p><strong>Presidente:<\/strong> Profa. Dra. Rosa N\u00fabia Vieira de Moura (OSP)<\/p>\n<p><strong>Mandato como Presidente:\u00a0 <\/strong>25\/06\/2025 a 24\/06\/2027<\/p>\n<p><strong>Mandato como membro:\u00a0 <\/strong>25\/06\/2025 a 24\/06\/2029<\/p>\n<p><strong><u><a href=\"http:\/\/lattes.cnpq.br\/1397869085421106\">Curr\u00edculo Lattes<\/a><\/u><\/strong><\/p>\n<p><strong>Membro:<\/strong> Profa. Dra. Aline Ara\u00fajo Sampaio (CPC)<\/p>\n<p><strong>Mandato:\u00a0\u00a0<\/strong>25\/06\/2025 a 24\/06\/2029<\/p>\n<p><strong><u><a href=\"http:\/\/lattes.cnpq.br\/3633674090612042\">Curr\u00edculo Lattes<\/a><\/u><\/strong><\/p>\n<p><strong>Membro:<\/strong> Prof. Dr. \u00c1lvaro Cantini Nunes (ICB-GEE)<\/p>\n<p><strong>Mandato:\u00a0\u00a0<\/strong>25\/06\/2025 a 24\/06\/2029<\/p>\n<p><strong><u><a href=\"http:\/\/lattes.cnpq.br\/9265320355446970\">Curr\u00edculo Lattes<\/a><\/u><\/strong><\/p>\n<p><strong>Membro:<\/strong> Profa. Dra. Bruna Genari Degrazia (ODR)<\/p>\n<p><strong>Mandato:\u00a0\u00a0<\/strong>25\/06\/2025 a 24\/06\/2029<\/p>\n<p><strong><u><a href=\"http:\/\/lattes.cnpq.br\/1089857614409767\">Curr\u00edculo Lattes<\/a><\/u><\/strong><\/p>\n<p><strong>Membro:<\/strong> Profa. Dra. Carolina Nem\u00e9sio de Barros Pereira (ODR)<\/p>\n<p><strong>Mandato:\u00a0\u00a0<\/strong>25\/06\/2025 a 24\/06\/2029<\/p>\n<p><strong><u><a href=\"http:\/\/lattes.cnpq.br\/4850473680671269\">Curr\u00edculo Lattes<\/a><\/u><\/strong><\/p>\n<p><strong>Membro:<\/strong> Profa. Dra. Izabella Barbosa Fernandes (SCA)<\/p>\n<p><strong>Mandato:\u00a0\u00a0<\/strong>25\/06\/2025 a 24\/06\/2029<\/p>\n<p><strong><u><a href=\"http:\/\/lattes.cnpq.br\/1663453700995105\">Curr\u00edculo Lattes<\/a><\/u><\/strong><\/p>\n<p><strong>Membro:<\/strong> Prof. Dr. Lu\u00eds Ot\u00e1vio de Miranda Cota (CPC)<\/p>\n<p><strong>Mandato:\u00a0\u00a0<\/strong>25\/06\/2025 a 24\/06\/2029<\/p>\n<p><strong><u><a href=\"http:\/\/lattes.cnpq.br\/8670775860649711\">Curr\u00edculo Lattes<\/a><\/u><\/strong><\/p>\n<p><strong>Membro:<\/strong> Prof. Dr. Paulo Ant\u00f4nio Martins J\u00fanior (SCA)<\/p>\n<p><strong>Mandato:\u00a0\u00a0<\/strong>25\/06\/2025 a 24\/06\/2029<\/p>\n<p><strong><u><a href=\"http:\/\/lattes.cnpq.br\/7187395567109615\">Curr\u00edculo Lattes<\/a><\/u><\/strong><\/p>\n<p><strong>Membro:<\/strong> Profa. Dra. Rafaela da Silveira Pinto (OSP)<\/p>\n<p><strong>Mandato:\u00a0\u00a0<\/strong>25\/06\/2025 a 24\/06\/2029<\/p>\n<p><strong><u><a href=\"http:\/\/lattes.cnpq.br\/6966526416794160\">Curr\u00edculo Lattes<\/a><\/u><\/strong><\/p>\n<p><strong>Membro:<\/strong> Prof. Dr.\u00a0 Lucas Guimar\u00e3es Abreu (SCA) \u2013 Coordenador do Colegiado de Gradua\u00e7\u00e3o<\/p>\n<p><strong>Mandato:<\/strong> 08\/11\/2024 a 07\/11\/2026<\/p>\n<p><strong><u><a href=\"http:\/\/lattes.cnpq.br\/9222249281656947\">Curr\u00edculo Lattes<\/a><\/u><\/strong><\/p>\n\n\n<p><\/p>\n","protected":false},"excerpt":{"rendered":"<p>Composi\u00e7\u00e3o do N\u00facleo Docente Estruturante da Faculdade de Odontologia da UFMG \u00a0 Presidente: Profa. Dra. Rosa N\u00fabia Vieira de Moura (OSP) Mandato como Presidente:\u00a0 25\/06\/2025 a 24\/06\/2027 Mandato como membro:\u00a0 25\/06\/2025 a 24\/06\/2029 Curr\u00edculo Lattes Membro: Profa. Dra. Aline Ara\u00fajo Sampaio (CPC) Mandato:\u00a0\u00a025\/06\/2025 a 24\/06\/2029 Curr\u00edculo Lattes Membro: Prof. Dr. \u00c1lvaro Cantini Nunes (ICB-GEE) Mandato:\u00a0\u00a025\/06\/2025 [&hellip;]<\/p>\n","protected":false},"author":20,"featured_media":0,"parent":0,"menu_order":0,"comment_status":"closed","ping_status":"closed","template":"","meta":{"inline_featured_image":false,"footnotes":""},"class_list":["post-1568","page","type-page","status-publish","hentry"],"yoast_head":"<!-- This site is optimized with the Yoast SEO plugin v27.3 - https:\/\/yoast.com\/product\/yoast-seo-wordpress\/ -->\n<title>NDE - composi\u00e7\u00e3o - Colegiado de Gradua\u00e7\u00e3o<\/title>\n<meta name=\"robots\" content=\"index, follow, max-snippet:-1, max-image-preview:large, max-video-preview:-1\" \/>\n<link rel=\"canonical\" href=\"https:\/\/www.odonto.ufmg.br\/colgrad\/nde-composicao\/\" \/>\n<meta property=\"og:locale\" content=\"pt_BR\" \/>\n<meta property=\"og:type\" content=\"article\" \/>\n<meta property=\"og:title\" content=\"NDE - composi\u00e7\u00e3o - Colegiado de Gradua\u00e7\u00e3o\" \/>\n<meta property=\"og:description\" content=\"Composi\u00e7\u00e3o do N\u00facleo Docente Estruturante da Faculdade de Odontologia da UFMG \u00a0 Presidente: Profa. Dra. Rosa N\u00fabia Vieira de Moura (OSP) Mandato como Presidente:\u00a0 25\/06\/2025 a 24\/06\/2027 Mandato como membro:\u00a0 25\/06\/2025 a 24\/06\/2029 Curr\u00edculo Lattes Membro: Profa. Dra. Aline Ara\u00fajo Sampaio (CPC) Mandato:\u00a0\u00a025\/06\/2025 a 24\/06\/2029 Curr\u00edculo Lattes Membro: Prof. Dr. \u00c1lvaro Cantini Nunes (ICB-GEE) Mandato:\u00a0\u00a025\/06\/2025 [&hellip;]\" \/>\n<meta property=\"og:url\" content=\"https:\/\/www.odonto.ufmg.br\/colgrad\/nde-composicao\/\" \/>\n<meta property=\"og:site_name\" content=\"Colegiado de Gradua\u00e7\u00e3o\" \/>\n<meta property=\"article:modified_time\" content=\"2025-09-05T19:33:56+00:00\" \/>\n<meta name=\"twitter:card\" content=\"summary_large_image\" \/>\n<meta name=\"twitter:label1\" content=\"Est. tempo de leitura\" \/>\n\t<meta name=\"twitter:data1\" content=\"1 minuto\" \/>\n<script type=\"application\/ld+json\" class=\"yoast-schema-graph\">{\"@context\":\"https:\\\/\\\/schema.org\",\"@graph\":[{\"@type\":\"WebPage\",\"@id\":\"https:\\\/\\\/www.odonto.ufmg.br\\\/colgrad\\\/nde-composicao\\\/\",\"url\":\"https:\\\/\\\/www.odonto.ufmg.br\\\/colgrad\\\/nde-composicao\\\/\",\"name\":\"NDE - composi\u00e7\u00e3o - Colegiado de Gradua\u00e7\u00e3o\",\"isPartOf\":{\"@id\":\"https:\\\/\\\/www.odonto.ufmg.br\\\/colgrad\\\/#website\"},\"datePublished\":\"2020-06-15T14:25:57+00:00\",\"dateModified\":\"2025-09-05T19:33:56+00:00\",\"breadcrumb\":{\"@id\":\"https:\\\/\\\/www.odonto.ufmg.br\\\/colgrad\\\/nde-composicao\\\/#breadcrumb\"},\"inLanguage\":\"pt-BR\",\"potentialAction\":[{\"@type\":\"ReadAction\",\"target\":[\"https:\\\/\\\/www.odonto.ufmg.br\\\/colgrad\\\/nde-composicao\\\/\"]}]},{\"@type\":\"BreadcrumbList\",\"@id\":\"https:\\\/\\\/www.odonto.ufmg.br\\\/colgrad\\\/nde-composicao\\\/#breadcrumb\",\"itemListElement\":[{\"@type\":\"ListItem\",\"position\":1,\"name\":\"In\u00edcio\",\"item\":\"https:\\\/\\\/www.odonto.ufmg.br\\\/colgrad\\\/inicio\\\/\"},{\"@type\":\"ListItem\",\"position\":2,\"name\":\"NDE &#8211; composi\u00e7\u00e3o\"}]},{\"@type\":\"WebSite\",\"@id\":\"https:\\\/\\\/www.odonto.ufmg.br\\\/colgrad\\\/#website\",\"url\":\"https:\\\/\\\/www.odonto.ufmg.br\\\/colgrad\\\/\",\"name\":\"Colegiado de Gradua\u00e7\u00e3o\",\"description\":\"Faculdade de Odontologia UFMG\",\"potentialAction\":[{\"@type\":\"SearchAction\",\"target\":{\"@type\":\"EntryPoint\",\"urlTemplate\":\"https:\\\/\\\/www.odonto.ufmg.br\\\/colgrad\\\/?s={search_term_string}\"},\"query-input\":{\"@type\":\"PropertyValueSpecification\",\"valueRequired\":true,\"valueName\":\"search_term_string\"}}],\"inLanguage\":\"pt-BR\"}]}<\/script>\n<!-- \/ Yoast SEO plugin. -->","yoast_head_json":{"title":"NDE - composi\u00e7\u00e3o - Colegiado de Gradua\u00e7\u00e3o","robots":{"index":"index","follow":"follow","max-snippet":"max-snippet:-1","max-image-preview":"max-image-preview:large","max-video-preview":"max-video-preview:-1"},"canonical":"https:\/\/www.odonto.ufmg.br\/colgrad\/nde-composicao\/","og_locale":"pt_BR","og_type":"article","og_title":"NDE - composi\u00e7\u00e3o - Colegiado de Gradua\u00e7\u00e3o","og_description":"Composi\u00e7\u00e3o do N\u00facleo Docente Estruturante da Faculdade de Odontologia da UFMG \u00a0 Presidente: Profa. Dra. Rosa N\u00fabia Vieira de Moura (OSP) Mandato como Presidente:\u00a0 25\/06\/2025 a 24\/06\/2027 Mandato como membro:\u00a0 25\/06\/2025 a 24\/06\/2029 Curr\u00edculo Lattes Membro: Profa. Dra. Aline Ara\u00fajo Sampaio (CPC) Mandato:\u00a0\u00a025\/06\/2025 a 24\/06\/2029 Curr\u00edculo Lattes Membro: Prof. Dr. \u00c1lvaro Cantini Nunes (ICB-GEE) Mandato:\u00a0\u00a025\/06\/2025 [&hellip;]","og_url":"https:\/\/www.odonto.ufmg.br\/colgrad\/nde-composicao\/","og_site_name":"Colegiado de Gradua\u00e7\u00e3o","article_modified_time":"2025-09-05T19:33:56+00:00","twitter_card":"summary_large_image","twitter_misc":{"Est. tempo de leitura":"1 minuto"},"schema":{"@context":"https:\/\/schema.org","@graph":[{"@type":"WebPage","@id":"https:\/\/www.odonto.ufmg.br\/colgrad\/nde-composicao\/","url":"https:\/\/www.odonto.ufmg.br\/colgrad\/nde-composicao\/","name":"NDE - composi\u00e7\u00e3o - Colegiado de Gradua\u00e7\u00e3o","isPartOf":{"@id":"https:\/\/www.odonto.ufmg.br\/colgrad\/#website"},"datePublished":"2020-06-15T14:25:57+00:00","dateModified":"2025-09-05T19:33:56+00:00","breadcrumb":{"@id":"https:\/\/www.odonto.ufmg.br\/colgrad\/nde-composicao\/#breadcrumb"},"inLanguage":"pt-BR","potentialAction":[{"@type":"ReadAction","target":["https:\/\/www.odonto.ufmg.br\/colgrad\/nde-composicao\/"]}]},{"@type":"BreadcrumbList","@id":"https:\/\/www.odonto.ufmg.br\/colgrad\/nde-composicao\/#breadcrumb","itemListElement":[{"@type":"ListItem","position":1,"name":"In\u00edcio","item":"https:\/\/www.odonto.ufmg.br\/colgrad\/inicio\/"},{"@type":"ListItem","position":2,"name":"NDE &#8211; composi\u00e7\u00e3o"}]},{"@type":"WebSite","@id":"https:\/\/www.odonto.ufmg.br\/colgrad\/#website","url":"https:\/\/www.odonto.ufmg.br\/colgrad\/","name":"Colegiado de Gradua\u00e7\u00e3o","description":"Faculdade de Odontologia UFMG","potentialAction":[{"@type":"SearchAction","target":{"@type":"EntryPoint","urlTemplate":"https:\/\/www.odonto.ufmg.br\/colgrad\/?s={search_term_string}"},"query-input":{"@type":"PropertyValueSpecification","valueRequired":true,"valueName":"search_term_string"}}],"inLanguage":"pt-BR"}]}},"_links":{"self":[{"href":"https:\/\/www.odonto.ufmg.br\/colgrad\/wp-json\/wp\/v2\/pages\/1568","targetHints":{"allow":["GET"]}}],"collection":[{"href":"https:\/\/www.odonto.ufmg.br\/colgrad\/wp-json\/wp\/v2\/pages"}],"about":[{"href":"https:\/\/www.odonto.ufmg.br\/colgrad\/wp-json\/wp\/v2\/types\/page"}],"author":[{"embeddable":true,"href":"https:\/\/www.odonto.ufmg.br\/colgrad\/wp-json\/wp\/v2\/users\/20"}],"replies":[{"embeddable":true,"href":"https:\/\/www.odonto.ufmg.br\/colgrad\/wp-json\/wp\/v2\/comments?post=1568"}],"version-history":[{"count":20,"href":"https:\/\/www.odonto.ufmg.br\/colgrad\/wp-json\/wp\/v2\/pages\/1568\/revisions"}],"predecessor-version":[{"id":3526,"href":"https:\/\/www.odonto.ufmg.br\/colgrad\/wp-json\/wp\/v2\/pages\/1568\/revisions\/3526"}],"wp:attachment":[{"href":"https:\/\/www.odonto.ufmg.br\/colgrad\/wp-json\/wp\/v2\/media?parent=1568"}],"curies":[{"name":"wp","href":"https:\/\/api.w.org\/{rel}","templated":true}]}}