{"id":3323,"date":"2015-11-10T20:00:02","date_gmt":"2015-11-10T22:00:02","guid":{"rendered":"http:\/\/184.168.147.247\/~fao\/sites\/cenex\/?page_id=3323"},"modified":"2026-03-11T16:12:04","modified_gmt":"2026-03-11T19:12:04","slug":"extensao-na-odonto","status":"publish","type":"page","link":"https:\/\/www.odonto.ufmg.br\/cenex\/extensao-na-odonto\/","title":{"rendered":"Extens\u00e3o na Odonto"},"content":{"rendered":"<div  class='flex_column av-av_one_half-07d62527a5d3b7ab0897d1f05d00415a av_one_half  avia-builder-el-0  el_before_av_one_half  avia-builder-el-first  first flex_column_div  '     ><style type=\"text\/css\" data-created_by=\"avia_inline_auto\" id=\"style-css-av-mmmesgay-9a18ed586069465f0c0ed5a69722825a\">\n.avia-image-container.av-mmmesgay-9a18ed586069465f0c0ed5a69722825a img.avia_image{\nbox-shadow:none;\n}\n.avia-image-container.av-mmmesgay-9a18ed586069465f0c0ed5a69722825a .av-image-caption-overlay-center{\ncolor:#ffffff;\n}\n<\/style>\n<div  class='avia-image-container av-mmmesgay-9a18ed586069465f0c0ed5a69722825a av-styling- avia-align-center  avia-builder-el-1  avia-builder-el-no-sibling '   itemprop=\"image\" itemscope=\"itemscope\" itemtype=\"https:\/\/schema.org\/ImageObject\" ><div class=\"avia-image-container-inner\"><div class=\"avia-image-overlay-wrap\"><img decoding=\"async\" fetchpriority=\"high\" class='wp-image-17983 avia-img-lazy-loading-not-17983 avia_image ' src=\"https:\/\/www.odonto.ufmg.br\/cenex\/wp-content\/uploads\/sites\/2\/2026\/03\/1-Post-Instagram-2-824x1030.png\" alt='' title='1 Post Instagram (2)'  height=\"1030\" width=\"824\"  itemprop=\"thumbnailUrl\" srcset=\"https:\/\/www.odonto.ufmg.br\/cenex\/wp-content\/uploads\/sites\/2\/2026\/03\/1-Post-Instagram-2-824x1030.png 824w, https:\/\/www.odonto.ufmg.br\/cenex\/wp-content\/uploads\/sites\/2\/2026\/03\/1-Post-Instagram-2-240x300.png 240w, https:\/\/www.odonto.ufmg.br\/cenex\/wp-content\/uploads\/sites\/2\/2026\/03\/1-Post-Instagram-2-64x80.png 64w, https:\/\/www.odonto.ufmg.br\/cenex\/wp-content\/uploads\/sites\/2\/2026\/03\/1-Post-Instagram-2-768x960.png 768w, https:\/\/www.odonto.ufmg.br\/cenex\/wp-content\/uploads\/sites\/2\/2026\/03\/1-Post-Instagram-2-564x705.png 564w, https:\/\/www.odonto.ufmg.br\/cenex\/wp-content\/uploads\/sites\/2\/2026\/03\/1-Post-Instagram-2.png 1080w\" sizes=\"(max-width: 824px) 100vw, 824px\" \/><\/div><\/div><\/div><\/div><div  class='flex_column av-av_one_half-719a90a130b12e5ba514fbb762c2aa36 av_one_half  avia-builder-el-2  el_after_av_one_half  el_before_av_one_full  flex_column_div  '     ><style type=\"text\/css\" data-created_by=\"avia_inline_auto\" id=\"style-css-av-mmmeuqb3-75b193a8a56d76da5f76303410c105ff\">\n#top .av_textblock_section.av-mmmeuqb3-75b193a8a56d76da5f76303410c105ff .avia_textblock{\ncolor:#0c4930;\n}\n<\/style>\n<section  class='av_textblock_section av-mmmeuqb3-75b193a8a56d76da5f76303410c105ff '   itemscope=\"itemscope\" itemtype=\"https:\/\/schema.org\/CreativeWork\" ><div class='avia_textblock av_inherit_color'  itemprop=\"text\" ><h2 style=\"text-align: center\">Extens\u00e3o na Odonto<\/h2>\n<\/div><\/section><br \/>\n<section  class='av_textblock_section av-afssr-04907d88afab3a6b05b4fcef94bc2c03 '   itemscope=\"itemscope\" itemtype=\"https:\/\/schema.org\/CreativeWork\" ><div class='avia_textblock av_inherit_color'  itemprop=\"text\" ><p>As atividades de extens\u00e3o t\u00eam, ao longo dos anos, representado parte significativa das atividades obrigat\u00f3rias desenvolvidas no curso de gradua\u00e7\u00e3o da<strong> Faculdade de Odontologia da Universidade Federal de Minas Gerais (FAO\/UFMG)<\/strong>. Tal caracter\u00edstica se deve \u00e0 pr\u00f3pria natureza do curso que envolve, na pr\u00e1tica cl\u00ednica das disciplinas da gradua\u00e7\u00e3o, o atendimento das necessidades odontol\u00f3gicas de setores carentes da popula\u00e7\u00e3o. Realizado no passado a partir da demanda espont\u00e2nea que procurava atendimento na (FAO\/UFMG), tal atendimento hoje \u00e9 parte integrante da rede do Sistema \u00danico de Sa\u00fade &#8211; SUS sendo executado dentro de uma proposta global da Secretaria Municipal de Sa\u00fade de Belo Horizonte. Al\u00e9m das disciplinas cl\u00ednicas da gradua\u00e7\u00e3o, tamb\u00e9m faz parte do curr\u00edculo da Gradua\u00e7\u00e3o a disciplina Est\u00e1gio Supervisionado, oferecida no nono per\u00edodo, oportunidade em que os alunos se inserem na rede p\u00fablica de Belo Horizonte e outros munic\u00edpios participando regularmente do planejamento e execu\u00e7\u00e3o das pol\u00edticas de sa\u00fade ali desenvolvidas.<\/p>\n<p>Para al\u00e9m das atividades curriculares obrigat\u00f3rias, a Faculdade de Odontologia tem oferecido de forma permanente, uma variada gama de projetos de extens\u00e3o que possibilitam aos alunos, desde os per\u00edodos iniciais de sua forma\u00e7\u00e3o, vivenciar a pr\u00e1tica da odontologia dentro de uma perspectiva integral e multidisciplinar, articulada com outros cursos da \u00e1rea de sa\u00fade, e tendo como par\u00e2metro a indissociabilidade com as demais atividades acad\u00eamicas de ensino e pesquisa.<\/p>\n<p>Nos \u00faltimos anos, al\u00e9m de um significativo aumento na quantidade de atividades oferecidas, consequentemente de alunos e professores envolvidos, observa-se uma mudan\u00e7a qualitativa e conceitual da extens\u00e3o na (FAO\/UFMG). Este processo n\u00e3o ocorreu de forma isolada, pelo contr\u00e1rio, se espelhou e contribuiu na constru\u00e7\u00e3o de um projeto pol\u00edtico para a extens\u00e3o na UFMG e nacionalmente. Esta evolu\u00e7\u00e3o tem sido pautada na discuss\u00e3o dos marcos conceituais e diretrizes e se reflete em uma nova cultura em torno da extens\u00e3o: uma melhor organiza\u00e7\u00e3o interna, maior qualidade e impacto social, cultural e tecnol\u00f3gico das atividades extensionistas e por fim, uma nova rela\u00e7\u00e3o mutuamente transformadora entre Universidade e sociedade.<\/p>\n<\/div><\/section><\/p><\/div>\n<style type=\"text\/css\" data-created_by=\"avia_inline_auto\" id=\"style-css-av-3sq1x7-f4c1724b3a72fcc266f9186a49101c77\">\n.flex_column.av-3sq1x7-f4c1724b3a72fcc266f9186a49101c77{\nborder-radius:0px 0px 0px 0px;\npadding:0px 0px 0px 0px;\n}\n<\/style>\n<div  class='flex_column av-3sq1x7-f4c1724b3a72fcc266f9186a49101c77 av_one_full  avia-builder-el-5  el_after_av_one_half  avia-builder-el-last  first flex_column_div av-zero-column-padding  column-top-margin'     ><\/div><\/p>\n","protected":false},"excerpt":{"rendered":"","protected":false},"author":1,"featured_media":0,"parent":0,"menu_order":0,"comment_status":"closed","ping_status":"closed","template":"","meta":{"inline_featured_image":false,"footnotes":""},"class_list":["post-3323","page","type-page","status-publish","hentry"],"yoast_head":"<!-- This site is optimized with the Yoast SEO plugin v27.3 - https:\/\/yoast.com\/product\/yoast-seo-wordpress\/ -->\n<title>Extens\u00e3o na Odonto | CENEX Odonto<\/title>\n<meta name=\"robots\" content=\"index, follow, max-snippet:-1, max-image-preview:large, max-video-preview:-1\" \/>\n<link rel=\"canonical\" href=\"https:\/\/www.odonto.ufmg.br\/cenex\/extensao-na-odonto\/\" \/>\n<meta property=\"og:locale\" content=\"pt_BR\" \/>\n<meta property=\"og:type\" content=\"article\" \/>\n<meta property=\"og:title\" content=\"Extens\u00e3o na Odonto | CENEX Odonto\" \/>\n<meta property=\"og:url\" content=\"https:\/\/www.odonto.ufmg.br\/cenex\/extensao-na-odonto\/\" \/>\n<meta property=\"og:site_name\" content=\"CENEX Odonto\" \/>\n<meta property=\"article:publisher\" content=\"https:\/\/www.facebook.com\/cenexfao\/?locale=pt_BR\" \/>\n<meta property=\"article:modified_time\" content=\"2026-03-11T19:12:04+00:00\" \/>\n<meta name=\"twitter:card\" content=\"summary_large_image\" \/>\n<meta name=\"twitter:label1\" content=\"Est. tempo de leitura\" \/>\n\t<meta name=\"twitter:data1\" content=\"3 minutos\" \/>\n<script type=\"application\/ld+json\" class=\"yoast-schema-graph\">{\"@context\":\"https:\\\/\\\/schema.org\",\"@graph\":[{\"@type\":\"WebPage\",\"@id\":\"https:\\\/\\\/www.odonto.ufmg.br\\\/cenex\\\/extensao-na-odonto\\\/\",\"url\":\"https:\\\/\\\/www.odonto.ufmg.br\\\/cenex\\\/extensao-na-odonto\\\/\",\"name\":\"Extens\u00e3o na Odonto | CENEX Odonto\",\"isPartOf\":{\"@id\":\"https:\\\/\\\/www.odonto.ufmg.br\\\/cenex\\\/#website\"},\"datePublished\":\"2015-11-10T22:00:02+00:00\",\"dateModified\":\"2026-03-11T19:12:04+00:00\",\"breadcrumb\":{\"@id\":\"https:\\\/\\\/www.odonto.ufmg.br\\\/cenex\\\/extensao-na-odonto\\\/#breadcrumb\"},\"inLanguage\":\"pt-BR\",\"potentialAction\":[{\"@type\":\"ReadAction\",\"target\":[\"https:\\\/\\\/www.odonto.ufmg.br\\\/cenex\\\/extensao-na-odonto\\\/\"]}]},{\"@type\":\"BreadcrumbList\",\"@id\":\"https:\\\/\\\/www.odonto.ufmg.br\\\/cenex\\\/extensao-na-odonto\\\/#breadcrumb\",\"itemListElement\":[{\"@type\":\"ListItem\",\"position\":1,\"name\":\"In\u00edcio\",\"item\":\"https:\\\/\\\/www.odonto.ufmg.br\\\/cenex\\\/cenex\\\/\"},{\"@type\":\"ListItem\",\"position\":2,\"name\":\"Extens\u00e3o na Odonto\"}]},{\"@type\":\"WebSite\",\"@id\":\"https:\\\/\\\/www.odonto.ufmg.br\\\/cenex\\\/#website\",\"url\":\"https:\\\/\\\/www.odonto.ufmg.br\\\/cenex\\\/\",\"name\":\"CENEX Odonto\",\"description\":\"Centro de Extens\u00e3o - Faculdade de Odontologia UFMG\",\"publisher\":{\"@id\":\"https:\\\/\\\/www.odonto.ufmg.br\\\/cenex\\\/#organization\"},\"potentialAction\":[{\"@type\":\"SearchAction\",\"target\":{\"@type\":\"EntryPoint\",\"urlTemplate\":\"https:\\\/\\\/www.odonto.ufmg.br\\\/cenex\\\/?s={search_term_string}\"},\"query-input\":{\"@type\":\"PropertyValueSpecification\",\"valueRequired\":true,\"valueName\":\"search_term_string\"}}],\"inLanguage\":\"pt-BR\"},{\"@type\":\"Organization\",\"@id\":\"https:\\\/\\\/www.odonto.ufmg.br\\\/cenex\\\/#organization\",\"name\":\"Faculdade de Odontologia da UFMG\",\"url\":\"https:\\\/\\\/www.odonto.ufmg.br\\\/cenex\\\/\",\"logo\":{\"@type\":\"ImageObject\",\"inLanguage\":\"pt-BR\",\"@id\":\"https:\\\/\\\/www.odonto.ufmg.br\\\/cenex\\\/#\\\/schema\\\/logo\\\/image\\\/\",\"url\":\"http:\\\/\\\/www.odonto.ufmg.br\\\/cenex\\\/wp-content\\\/uploads\\\/sites\\\/2\\\/2015\\\/12\\\/logo_cenex.svg\",\"contentUrl\":\"http:\\\/\\\/www.odonto.ufmg.br\\\/cenex\\\/wp-content\\\/uploads\\\/sites\\\/2\\\/2015\\\/12\\\/logo_cenex.svg\",\"width\":1,\"height\":1,\"caption\":\"Faculdade de Odontologia da UFMG\"},\"image\":{\"@id\":\"https:\\\/\\\/www.odonto.ufmg.br\\\/cenex\\\/#\\\/schema\\\/logo\\\/image\\\/\"},\"sameAs\":[\"https:\\\/\\\/www.facebook.com\\\/cenexfao\\\/?locale=pt_BR\",\"https:\\\/\\\/www.instagram.com\\\/cenexfao\\\/\"]}]}<\/script>\n<!-- \/ Yoast SEO plugin. -->","yoast_head_json":{"title":"Extens\u00e3o na Odonto | CENEX Odonto","robots":{"index":"index","follow":"follow","max-snippet":"max-snippet:-1","max-image-preview":"max-image-preview:large","max-video-preview":"max-video-preview:-1"},"canonical":"https:\/\/www.odonto.ufmg.br\/cenex\/extensao-na-odonto\/","og_locale":"pt_BR","og_type":"article","og_title":"Extens\u00e3o na Odonto | CENEX Odonto","og_url":"https:\/\/www.odonto.ufmg.br\/cenex\/extensao-na-odonto\/","og_site_name":"CENEX Odonto","article_publisher":"https:\/\/www.facebook.com\/cenexfao\/?locale=pt_BR","article_modified_time":"2026-03-11T19:12:04+00:00","twitter_card":"summary_large_image","twitter_misc":{"Est. tempo de leitura":"3 minutos"},"schema":{"@context":"https:\/\/schema.org","@graph":[{"@type":"WebPage","@id":"https:\/\/www.odonto.ufmg.br\/cenex\/extensao-na-odonto\/","url":"https:\/\/www.odonto.ufmg.br\/cenex\/extensao-na-odonto\/","name":"Extens\u00e3o na Odonto | CENEX Odonto","isPartOf":{"@id":"https:\/\/www.odonto.ufmg.br\/cenex\/#website"},"datePublished":"2015-11-10T22:00:02+00:00","dateModified":"2026-03-11T19:12:04+00:00","breadcrumb":{"@id":"https:\/\/www.odonto.ufmg.br\/cenex\/extensao-na-odonto\/#breadcrumb"},"inLanguage":"pt-BR","potentialAction":[{"@type":"ReadAction","target":["https:\/\/www.odonto.ufmg.br\/cenex\/extensao-na-odonto\/"]}]},{"@type":"BreadcrumbList","@id":"https:\/\/www.odonto.ufmg.br\/cenex\/extensao-na-odonto\/#breadcrumb","itemListElement":[{"@type":"ListItem","position":1,"name":"In\u00edcio","item":"https:\/\/www.odonto.ufmg.br\/cenex\/cenex\/"},{"@type":"ListItem","position":2,"name":"Extens\u00e3o na Odonto"}]},{"@type":"WebSite","@id":"https:\/\/www.odonto.ufmg.br\/cenex\/#website","url":"https:\/\/www.odonto.ufmg.br\/cenex\/","name":"CENEX Odonto","description":"Centro de Extens\u00e3o - Faculdade de Odontologia UFMG","publisher":{"@id":"https:\/\/www.odonto.ufmg.br\/cenex\/#organization"},"potentialAction":[{"@type":"SearchAction","target":{"@type":"EntryPoint","urlTemplate":"https:\/\/www.odonto.ufmg.br\/cenex\/?s={search_term_string}"},"query-input":{"@type":"PropertyValueSpecification","valueRequired":true,"valueName":"search_term_string"}}],"inLanguage":"pt-BR"},{"@type":"Organization","@id":"https:\/\/www.odonto.ufmg.br\/cenex\/#organization","name":"Faculdade de Odontologia da UFMG","url":"https:\/\/www.odonto.ufmg.br\/cenex\/","logo":{"@type":"ImageObject","inLanguage":"pt-BR","@id":"https:\/\/www.odonto.ufmg.br\/cenex\/#\/schema\/logo\/image\/","url":"http:\/\/www.odonto.ufmg.br\/cenex\/wp-content\/uploads\/sites\/2\/2015\/12\/logo_cenex.svg","contentUrl":"http:\/\/www.odonto.ufmg.br\/cenex\/wp-content\/uploads\/sites\/2\/2015\/12\/logo_cenex.svg","width":1,"height":1,"caption":"Faculdade de Odontologia da UFMG"},"image":{"@id":"https:\/\/www.odonto.ufmg.br\/cenex\/#\/schema\/logo\/image\/"},"sameAs":["https:\/\/www.facebook.com\/cenexfao\/?locale=pt_BR","https:\/\/www.instagram.com\/cenexfao\/"]}]}},"_links":{"self":[{"href":"https:\/\/www.odonto.ufmg.br\/cenex\/wp-json\/wp\/v2\/pages\/3323","targetHints":{"allow":["GET"]}}],"collection":[{"href":"https:\/\/www.odonto.ufmg.br\/cenex\/wp-json\/wp\/v2\/pages"}],"about":[{"href":"https:\/\/www.odonto.ufmg.br\/cenex\/wp-json\/wp\/v2\/types\/page"}],"author":[{"embeddable":true,"href":"https:\/\/www.odonto.ufmg.br\/cenex\/wp-json\/wp\/v2\/users\/1"}],"replies":[{"embeddable":true,"href":"https:\/\/www.odonto.ufmg.br\/cenex\/wp-json\/wp\/v2\/comments?post=3323"}],"version-history":[{"count":5,"href":"https:\/\/www.odonto.ufmg.br\/cenex\/wp-json\/wp\/v2\/pages\/3323\/revisions"}],"predecessor-version":[{"id":17984,"href":"https:\/\/www.odonto.ufmg.br\/cenex\/wp-json\/wp\/v2\/pages\/3323\/revisions\/17984"}],"wp:attachment":[{"href":"https:\/\/www.odonto.ufmg.br\/cenex\/wp-json\/wp\/v2\/media?parent=3323"}],"curies":[{"name":"wp","href":"https:\/\/api.w.org\/{rel}","templated":true}]}}