{"id":16657,"date":"2025-04-04T10:05:51","date_gmt":"2025-04-04T13:05:51","guid":{"rendered":"https:\/\/www.odonto.ufmg.br\/cenex\/?page_id=16657"},"modified":"2025-06-12T14:53:32","modified_gmt":"2025-06-12T17:53:32","slug":"evento-de-lancamento-do-e-book-saude-bucal-um-guia-para-gestantes","status":"publish","type":"page","link":"https:\/\/www.odonto.ufmg.br\/cenex\/evento-de-lancamento-do-e-book-saude-bucal-um-guia-para-gestantes\/","title":{"rendered":"Evento de Lan\u00e7amento do E-book &#8220;Sa\u00fade Bucal um guia para Gestantes&#8221;"},"content":{"rendered":"<div  class='flex_column av-av_one_full-07d62527a5d3b7ab0897d1f05d00415a av_one_full  avia-builder-el-0  avia-builder-el-no-sibling  first flex_column_div  '     ><p><div  class='avia-slideshow av-mbtoe76i-636c68c2806ca69ca64f521390e989e3 avia-slideshow-no scaling av_slideshow avia-slide-slider  avia-builder-el-1  el_before_av_textblock  avia-builder-el-first  av-slideshow-ui av-control-default av-slideshow-manual av-loop-once av-loop-manual-endless av-default-height-applied avia-slideshow-1' data-slideshow-options=\"{&quot;animation&quot;:&quot;slide&quot;,&quot;autoplay&quot;:false,&quot;loop_autoplay&quot;:&quot;once&quot;,&quot;interval&quot;:5,&quot;loop_manual&quot;:&quot;manual-endless&quot;,&quot;autoplay_stopper&quot;:false,&quot;noNavigation&quot;:false,&quot;bg_slider&quot;:false,&quot;keep_padding&quot;:false,&quot;hoverpause&quot;:false,&quot;show_slide_delay&quot;:0}\"  itemprop=\"image\" itemscope=\"itemscope\" itemtype=\"https:\/\/schema.org\/ImageObject\" ><ul class='avia-slideshow-inner ' style='padding-bottom: 101.03626943005%;'><li  class='avia-slideshow-slide av-mbtoe76i-636c68c2806ca69ca64f521390e989e3__0  av-single-slide slide-1 slide-odd'><div data-rel='slideshow-1' class='avia-slide-wrap '   ><img decoding=\"async\" fetchpriority=\"high\" class=\"wp-image-17017 avia-img-lazy-loading-not-17017\"  src=\"https:\/\/www.odonto.ufmg.br\/cenex\/wp-content\/uploads\/sites\/2\/2025\/06\/evento-gestantes.png\" width=\"579\" height=\"585\" title='evento gestantes' alt=''  itemprop=\"thumbnailUrl\" srcset=\"https:\/\/www.odonto.ufmg.br\/cenex\/wp-content\/uploads\/sites\/2\/2025\/06\/evento-gestantes.png 579w, https:\/\/www.odonto.ufmg.br\/cenex\/wp-content\/uploads\/sites\/2\/2025\/06\/evento-gestantes-297x300.png 297w, https:\/\/www.odonto.ufmg.br\/cenex\/wp-content\/uploads\/sites\/2\/2025\/06\/evento-gestantes-80x80.png 80w, https:\/\/www.odonto.ufmg.br\/cenex\/wp-content\/uploads\/sites\/2\/2025\/06\/evento-gestantes-36x36.png 36w\" sizes=\"(max-width: 579px) 100vw, 579px\" \/><\/div><\/li><\/ul><\/div><br \/>\n<section  class='av_textblock_section av-mbtodd12-65e2eb20f6b95ccd791e8ff570779a3f '   itemscope=\"itemscope\" itemtype=\"https:\/\/schema.org\/CreativeWork\" ><div class='avia_textblock'  itemprop=\"text\" ><p>O projeto Tal M\u00e3e, Tal Filho convida voc\u00ea para o evento de divulga\u00e7\u00e3o do e-book \u201cSa\u00fade Bucal: Um Guia para Gestantes\u201d \ud83d\udc76\ud83e\uddb7<\/p>\n<p>\ud83d\udcc5 Data: Ter\u00e7a-feira, 17\/06<br \/>\n\u23f0 Hor\u00e1rio: 12h30 \u00e0s 13h30<br \/>\n\ud83d\udccd Local: Audit\u00f3rio da FAO\/UFMG<\/p>\n<p>Confira um pouco do que vai rolar no evento:<\/p>\n<p>\ud83d\udd39Pr\u00e9-Natal Odontol\u00f3gico no SUS: experi\u00eancias em Belo Horizonte\/MG e Mariana\/MG<br \/>\nCom Patrik Felix Jardim e Lu\u00edza Moreira Silva<\/p>\n<p>\ud83d\udd39Apresenta\u00e7\u00e3o do e-book \u201cSa\u00fade Bucal: um guia para gestantes\u201d: como acessar e utilizar na pr\u00e1tica cl\u00ednica<br \/>\nCom a Profa. L\u00edvia Guimar\u00e3es Zina<\/p>\n<p>\ud83c\udf5e Ser\u00e1 oferecido um mini lanche aos participantes!<\/p>\n<p>\ud83d\udcdd As inscri\u00e7\u00f5es podem ser feitas at\u00e9 o dia 17\/06 pelo QR code no post ou pelo link na bio.<\/p>\n<p>Esperamos por voc\u00ea! \ud83d\udc9c<\/p>\n<\/div><\/section><\/p><\/div>\n","protected":false},"excerpt":{"rendered":"","protected":false},"author":72,"featured_media":0,"parent":0,"menu_order":0,"comment_status":"closed","ping_status":"closed","template":"","meta":{"inline_featured_image":false,"footnotes":""},"class_list":["post-16657","page","type-page","status-publish","hentry"],"yoast_head":"<!-- This site is optimized with the Yoast SEO plugin v27.6 - https:\/\/yoast.com\/product\/yoast-seo-wordpress\/ -->\n<title>Evento de Lan\u00e7amento do E-book &quot;Sa\u00fade Bucal um guia para Gestantes&quot; | CENEX Odonto<\/title>\n<meta name=\"robots\" content=\"index, follow, max-snippet:-1, max-image-preview:large, max-video-preview:-1\" \/>\n<link rel=\"canonical\" href=\"https:\/\/www.odonto.ufmg.br\/cenex\/evento-de-lancamento-do-e-book-saude-bucal-um-guia-para-gestantes\/\" \/>\n<meta property=\"og:locale\" content=\"pt_BR\" \/>\n<meta property=\"og:type\" content=\"article\" \/>\n<meta property=\"og:title\" content=\"Evento de Lan\u00e7amento do E-book &quot;Sa\u00fade Bucal um guia para Gestantes&quot; | CENEX Odonto\" \/>\n<meta property=\"og:url\" content=\"https:\/\/www.odonto.ufmg.br\/cenex\/evento-de-lancamento-do-e-book-saude-bucal-um-guia-para-gestantes\/\" \/>\n<meta property=\"og:site_name\" content=\"CENEX Odonto\" \/>\n<meta property=\"article:publisher\" content=\"https:\/\/www.facebook.com\/cenexfao\/?locale=pt_BR\" \/>\n<meta property=\"article:modified_time\" content=\"2025-06-12T17:53:32+00:00\" \/>\n<meta name=\"twitter:card\" content=\"summary_large_image\" \/>\n<meta name=\"twitter:label1\" content=\"Est. tempo de leitura\" \/>\n\t<meta name=\"twitter:data1\" content=\"1 minuto\" \/>\n<script type=\"application\/ld+json\" class=\"yoast-schema-graph\">{\"@context\":\"https:\\\/\\\/schema.org\",\"@graph\":[{\"@type\":\"WebPage\",\"@id\":\"https:\\\/\\\/www.odonto.ufmg.br\\\/cenex\\\/evento-de-lancamento-do-e-book-saude-bucal-um-guia-para-gestantes\\\/\",\"url\":\"https:\\\/\\\/www.odonto.ufmg.br\\\/cenex\\\/evento-de-lancamento-do-e-book-saude-bucal-um-guia-para-gestantes\\\/\",\"name\":\"Evento de Lan\u00e7amento do E-book \\\"Sa\u00fade Bucal um guia para Gestantes\\\" | CENEX Odonto\",\"isPartOf\":{\"@id\":\"https:\\\/\\\/www.odonto.ufmg.br\\\/cenex\\\/#website\"},\"datePublished\":\"2025-04-04T13:05:51+00:00\",\"dateModified\":\"2025-06-12T17:53:32+00:00\",\"breadcrumb\":{\"@id\":\"https:\\\/\\\/www.odonto.ufmg.br\\\/cenex\\\/evento-de-lancamento-do-e-book-saude-bucal-um-guia-para-gestantes\\\/#breadcrumb\"},\"inLanguage\":\"pt-BR\",\"potentialAction\":[{\"@type\":\"ReadAction\",\"target\":[\"https:\\\/\\\/www.odonto.ufmg.br\\\/cenex\\\/evento-de-lancamento-do-e-book-saude-bucal-um-guia-para-gestantes\\\/\"]}]},{\"@type\":\"BreadcrumbList\",\"@id\":\"https:\\\/\\\/www.odonto.ufmg.br\\\/cenex\\\/evento-de-lancamento-do-e-book-saude-bucal-um-guia-para-gestantes\\\/#breadcrumb\",\"itemListElement\":[{\"@type\":\"ListItem\",\"position\":1,\"name\":\"In\u00edcio\",\"item\":\"https:\\\/\\\/www.odonto.ufmg.br\\\/cenex\\\/cenex\\\/\"},{\"@type\":\"ListItem\",\"position\":2,\"name\":\"Evento de Lan\u00e7amento do E-book &#8220;Sa\u00fade Bucal um guia para Gestantes&#8221;\"}]},{\"@type\":\"WebSite\",\"@id\":\"https:\\\/\\\/www.odonto.ufmg.br\\\/cenex\\\/#website\",\"url\":\"https:\\\/\\\/www.odonto.ufmg.br\\\/cenex\\\/\",\"name\":\"CENEX Odonto\",\"description\":\"Centro de Extens\u00e3o - Faculdade de Odontologia UFMG\",\"publisher\":{\"@id\":\"https:\\\/\\\/www.odonto.ufmg.br\\\/cenex\\\/#organization\"},\"potentialAction\":[{\"@type\":\"SearchAction\",\"target\":{\"@type\":\"EntryPoint\",\"urlTemplate\":\"https:\\\/\\\/www.odonto.ufmg.br\\\/cenex\\\/?s={search_term_string}\"},\"query-input\":{\"@type\":\"PropertyValueSpecification\",\"valueRequired\":true,\"valueName\":\"search_term_string\"}}],\"inLanguage\":\"pt-BR\"},{\"@type\":\"Organization\",\"@id\":\"https:\\\/\\\/www.odonto.ufmg.br\\\/cenex\\\/#organization\",\"name\":\"Faculdade de Odontologia da UFMG\",\"url\":\"https:\\\/\\\/www.odonto.ufmg.br\\\/cenex\\\/\",\"logo\":{\"@type\":\"ImageObject\",\"inLanguage\":\"pt-BR\",\"@id\":\"https:\\\/\\\/www.odonto.ufmg.br\\\/cenex\\\/#\\\/schema\\\/logo\\\/image\\\/\",\"url\":\"http:\\\/\\\/www.odonto.ufmg.br\\\/cenex\\\/wp-content\\\/uploads\\\/sites\\\/2\\\/2015\\\/12\\\/logo_cenex.svg\",\"contentUrl\":\"http:\\\/\\\/www.odonto.ufmg.br\\\/cenex\\\/wp-content\\\/uploads\\\/sites\\\/2\\\/2015\\\/12\\\/logo_cenex.svg\",\"width\":1,\"height\":1,\"caption\":\"Faculdade de Odontologia da UFMG\"},\"image\":{\"@id\":\"https:\\\/\\\/www.odonto.ufmg.br\\\/cenex\\\/#\\\/schema\\\/logo\\\/image\\\/\"},\"sameAs\":[\"https:\\\/\\\/www.facebook.com\\\/cenexfao\\\/?locale=pt_BR\",\"https:\\\/\\\/www.instagram.com\\\/cenexfao\\\/\"]}]}<\/script>\n<!-- \/ Yoast SEO plugin. -->","yoast_head_json":{"title":"Evento de Lan\u00e7amento do E-book \"Sa\u00fade Bucal um guia para Gestantes\" | CENEX Odonto","robots":{"index":"index","follow":"follow","max-snippet":"max-snippet:-1","max-image-preview":"max-image-preview:large","max-video-preview":"max-video-preview:-1"},"canonical":"https:\/\/www.odonto.ufmg.br\/cenex\/evento-de-lancamento-do-e-book-saude-bucal-um-guia-para-gestantes\/","og_locale":"pt_BR","og_type":"article","og_title":"Evento de Lan\u00e7amento do E-book \"Sa\u00fade Bucal um guia para Gestantes\" | CENEX Odonto","og_url":"https:\/\/www.odonto.ufmg.br\/cenex\/evento-de-lancamento-do-e-book-saude-bucal-um-guia-para-gestantes\/","og_site_name":"CENEX Odonto","article_publisher":"https:\/\/www.facebook.com\/cenexfao\/?locale=pt_BR","article_modified_time":"2025-06-12T17:53:32+00:00","twitter_card":"summary_large_image","twitter_misc":{"Est. tempo de leitura":"1 minuto"},"schema":{"@context":"https:\/\/schema.org","@graph":[{"@type":"WebPage","@id":"https:\/\/www.odonto.ufmg.br\/cenex\/evento-de-lancamento-do-e-book-saude-bucal-um-guia-para-gestantes\/","url":"https:\/\/www.odonto.ufmg.br\/cenex\/evento-de-lancamento-do-e-book-saude-bucal-um-guia-para-gestantes\/","name":"Evento de Lan\u00e7amento do E-book \"Sa\u00fade Bucal um guia para Gestantes\" | CENEX Odonto","isPartOf":{"@id":"https:\/\/www.odonto.ufmg.br\/cenex\/#website"},"datePublished":"2025-04-04T13:05:51+00:00","dateModified":"2025-06-12T17:53:32+00:00","breadcrumb":{"@id":"https:\/\/www.odonto.ufmg.br\/cenex\/evento-de-lancamento-do-e-book-saude-bucal-um-guia-para-gestantes\/#breadcrumb"},"inLanguage":"pt-BR","potentialAction":[{"@type":"ReadAction","target":["https:\/\/www.odonto.ufmg.br\/cenex\/evento-de-lancamento-do-e-book-saude-bucal-um-guia-para-gestantes\/"]}]},{"@type":"BreadcrumbList","@id":"https:\/\/www.odonto.ufmg.br\/cenex\/evento-de-lancamento-do-e-book-saude-bucal-um-guia-para-gestantes\/#breadcrumb","itemListElement":[{"@type":"ListItem","position":1,"name":"In\u00edcio","item":"https:\/\/www.odonto.ufmg.br\/cenex\/cenex\/"},{"@type":"ListItem","position":2,"name":"Evento de Lan\u00e7amento do E-book &#8220;Sa\u00fade Bucal um guia para Gestantes&#8221;"}]},{"@type":"WebSite","@id":"https:\/\/www.odonto.ufmg.br\/cenex\/#website","url":"https:\/\/www.odonto.ufmg.br\/cenex\/","name":"CENEX Odonto","description":"Centro de Extens\u00e3o - Faculdade de Odontologia UFMG","publisher":{"@id":"https:\/\/www.odonto.ufmg.br\/cenex\/#organization"},"potentialAction":[{"@type":"SearchAction","target":{"@type":"EntryPoint","urlTemplate":"https:\/\/www.odonto.ufmg.br\/cenex\/?s={search_term_string}"},"query-input":{"@type":"PropertyValueSpecification","valueRequired":true,"valueName":"search_term_string"}}],"inLanguage":"pt-BR"},{"@type":"Organization","@id":"https:\/\/www.odonto.ufmg.br\/cenex\/#organization","name":"Faculdade de Odontologia da UFMG","url":"https:\/\/www.odonto.ufmg.br\/cenex\/","logo":{"@type":"ImageObject","inLanguage":"pt-BR","@id":"https:\/\/www.odonto.ufmg.br\/cenex\/#\/schema\/logo\/image\/","url":"http:\/\/www.odonto.ufmg.br\/cenex\/wp-content\/uploads\/sites\/2\/2015\/12\/logo_cenex.svg","contentUrl":"http:\/\/www.odonto.ufmg.br\/cenex\/wp-content\/uploads\/sites\/2\/2015\/12\/logo_cenex.svg","width":1,"height":1,"caption":"Faculdade de Odontologia da UFMG"},"image":{"@id":"https:\/\/www.odonto.ufmg.br\/cenex\/#\/schema\/logo\/image\/"},"sameAs":["https:\/\/www.facebook.com\/cenexfao\/?locale=pt_BR","https:\/\/www.instagram.com\/cenexfao\/"]}]}},"_links":{"self":[{"href":"https:\/\/www.odonto.ufmg.br\/cenex\/wp-json\/wp\/v2\/pages\/16657","targetHints":{"allow":["GET"]}}],"collection":[{"href":"https:\/\/www.odonto.ufmg.br\/cenex\/wp-json\/wp\/v2\/pages"}],"about":[{"href":"https:\/\/www.odonto.ufmg.br\/cenex\/wp-json\/wp\/v2\/types\/page"}],"author":[{"embeddable":true,"href":"https:\/\/www.odonto.ufmg.br\/cenex\/wp-json\/wp\/v2\/users\/72"}],"replies":[{"embeddable":true,"href":"https:\/\/www.odonto.ufmg.br\/cenex\/wp-json\/wp\/v2\/comments?post=16657"}],"version-history":[{"count":2,"href":"https:\/\/www.odonto.ufmg.br\/cenex\/wp-json\/wp\/v2\/pages\/16657\/revisions"}],"predecessor-version":[{"id":17018,"href":"https:\/\/www.odonto.ufmg.br\/cenex\/wp-json\/wp\/v2\/pages\/16657\/revisions\/17018"}],"wp:attachment":[{"href":"https:\/\/www.odonto.ufmg.br\/cenex\/wp-json\/wp\/v2\/media?parent=16657"}],"curies":[{"name":"wp","href":"https:\/\/api.w.org\/{rel}","templated":true}]}}