{"id":5965,"date":"2024-09-30T15:40:55","date_gmt":"2024-09-30T18:40:55","guid":{"rendered":"https:\/\/www.odonto.ufmg.br\/biblioteca\/?page_id=5965"},"modified":"2025-06-02T18:28:08","modified_gmt":"2025-06-02T21:28:08","slug":"comissao-editorial-fao-ufmg-atual","status":"publish","type":"page","link":"https:\/\/www.odonto.ufmg.br\/biblioteca\/comissao-editorial-fao-ufmg-atual\/","title":{"rendered":"Composi\u00e7\u00e3o da Comiss\u00e3o Editorial da FAO UFMG -atual"},"content":{"rendered":"<section  class='av_textblock_section av-mbfkvto0-0d577d1cb3a99c479aa80cda0baddb11 '   itemscope=\"itemscope\" itemtype=\"https:\/\/schema.org\/CreativeWork\" ><div class='avia_textblock'  itemprop=\"text\" ><h4><strong><span style=\"color: #000000\">Portaria Diretoria <span id=\"x_docs-internal-guid-5c622577-7fff-4b4d-d294-11aab1f82fac\">FAO\u00a0<\/span><span id=\"x_docs-internal-guid-1b11cf45-7fff-17aa-32f5-178f820c7e9a\">N\u00ba 042\/2025<\/span><\/span><\/strong><\/h4>\n<p><b>Profa.<\/b> <b>Fabiana Vargas Ferreira <\/b>(Titular),<\/p>\n<p><b>Profa. <\/b><b>Profa. <\/b><b>Sheyla M\u00e1rcia Auad<\/b> (Suplente),<\/p>\n<p><b>Profa. <\/b><b>Rafaela da Silveira Pinto <\/b>(Titular),<\/p>\n<p><b>Profa. <\/b><b>Profa. <\/b><b>Ivana M\u00e1rcia Alves Diniz <\/b>(Suplente),<\/p>\n<p><b>Profa. <\/b><b>Francisca Daniele Jardilino <\/b>(Suplente),<\/p>\n<p><b>Profa. <\/b><b>Renata Magalh\u00e3es Cyrino <\/b>(Suplente)<\/p>\n<p><strong>Sra. <\/strong><strong>B\u00e1rbara da Silva Mourth\u00e9 Matoso<\/strong> (Titular),<\/p>\n<p><strong> Sr.<\/strong> <b>Victor Felipe Alves<\/b> (Suplente),<\/p>\n<p><strong>Sra. <\/strong><b>Miriam C\u00e2ndida de Jesus <\/b>(Titular),<\/p>\n<p><strong>Sr. <\/strong><b>S\u00e9rgio Barbosa dos Santos<\/b> (Suplente),<\/p>\n<p><strong>Sr.<\/strong> <b>Hebertt Gonzaga dos Santos Chaves <\/b>(Titular),<\/p>\n<p><strong>Sra.<\/strong> <b>Eliane Maria Mascarenhas da Silva <\/b>(Suplente)<\/p>\n<div><\/div>\n<div><\/div>\n<div><\/div>\n<div><\/div>\n<div><\/div>\n<div><\/div>\n<div><\/div>\n<div><\/div>\n<div><strong>Obs: <\/strong>A vig\u00eancia do mandato dos discentes expira em <strong>19 de abril de 2026<\/strong>, e a dos servidores (titulares e suplentes) expira em <strong>19 de abril de 2027<\/strong>.&#8221;<\/div>\n<div><\/div>\n<div><\/div>\n<\/div><\/section>\n","protected":false},"excerpt":{"rendered":"","protected":false},"author":35,"featured_media":0,"parent":0,"menu_order":0,"comment_status":"closed","ping_status":"closed","template":"","meta":{"inline_featured_image":false,"footnotes":""},"class_list":["post-5965","page","type-page","status-publish","hentry"],"yoast_head":"<!-- This site is optimized with the Yoast SEO plugin v27.6 - https:\/\/yoast.com\/product\/yoast-seo-wordpress\/ -->\n<title>Composi\u00e7\u00e3o da Comiss\u00e3o Editorial da FAO UFMG -atual - Biblioteca Professora Helena Helo\u00edsa Paix\u00e3o<\/title>\n<meta name=\"robots\" content=\"index, follow, max-snippet:-1, max-image-preview:large, max-video-preview:-1\" \/>\n<link rel=\"canonical\" href=\"https:\/\/www.odonto.ufmg.br\/biblioteca\/comissao-editorial-fao-ufmg-atual\/\" \/>\n<meta property=\"og:locale\" content=\"pt_BR\" \/>\n<meta property=\"og:type\" content=\"article\" \/>\n<meta property=\"og:title\" content=\"Composi\u00e7\u00e3o da Comiss\u00e3o Editorial da FAO UFMG -atual - Biblioteca Professora Helena Helo\u00edsa Paix\u00e3o\" \/>\n<meta property=\"og:url\" content=\"https:\/\/www.odonto.ufmg.br\/biblioteca\/comissao-editorial-fao-ufmg-atual\/\" \/>\n<meta property=\"og:site_name\" content=\"Biblioteca Professora Helena Helo\u00edsa Paix\u00e3o\" \/>\n<meta property=\"article:modified_time\" content=\"2025-06-02T21:28:08+00:00\" \/>\n<meta name=\"twitter:card\" content=\"summary_large_image\" \/>\n<meta name=\"twitter:label1\" content=\"Est. tempo de leitura\" \/>\n\t<meta name=\"twitter:data1\" content=\"1 minuto\" \/>\n<script type=\"application\/ld+json\" class=\"yoast-schema-graph\">{\"@context\":\"https:\\\/\\\/schema.org\",\"@graph\":[{\"@type\":\"WebPage\",\"@id\":\"https:\\\/\\\/www.odonto.ufmg.br\\\/biblioteca\\\/comissao-editorial-fao-ufmg-atual\\\/\",\"url\":\"https:\\\/\\\/www.odonto.ufmg.br\\\/biblioteca\\\/comissao-editorial-fao-ufmg-atual\\\/\",\"name\":\"Composi\u00e7\u00e3o da Comiss\u00e3o Editorial da FAO UFMG -atual - Biblioteca Professora Helena Helo\u00edsa Paix\u00e3o\",\"isPartOf\":{\"@id\":\"https:\\\/\\\/www.odonto.ufmg.br\\\/biblioteca\\\/#website\"},\"datePublished\":\"2024-09-30T18:40:55+00:00\",\"dateModified\":\"2025-06-02T21:28:08+00:00\",\"breadcrumb\":{\"@id\":\"https:\\\/\\\/www.odonto.ufmg.br\\\/biblioteca\\\/comissao-editorial-fao-ufmg-atual\\\/#breadcrumb\"},\"inLanguage\":\"pt-BR\",\"potentialAction\":[{\"@type\":\"ReadAction\",\"target\":[\"https:\\\/\\\/www.odonto.ufmg.br\\\/biblioteca\\\/comissao-editorial-fao-ufmg-atual\\\/\"]}]},{\"@type\":\"BreadcrumbList\",\"@id\":\"https:\\\/\\\/www.odonto.ufmg.br\\\/biblioteca\\\/comissao-editorial-fao-ufmg-atual\\\/#breadcrumb\",\"itemListElement\":[{\"@type\":\"ListItem\",\"position\":1,\"name\":\"In\u00edcio\",\"item\":\"https:\\\/\\\/www.odonto.ufmg.br\\\/biblioteca\\\/inicio2\\\/\"},{\"@type\":\"ListItem\",\"position\":2,\"name\":\"Composi\u00e7\u00e3o da Comiss\u00e3o Editorial da FAO UFMG -atual\"}]},{\"@type\":\"WebSite\",\"@id\":\"https:\\\/\\\/www.odonto.ufmg.br\\\/biblioteca\\\/#website\",\"url\":\"https:\\\/\\\/www.odonto.ufmg.br\\\/biblioteca\\\/\",\"name\":\"Biblioteca Professora Helena Helo\u00edsa Paix\u00e3o\",\"description\":\"Faculdade de Odontologia UFMG\",\"potentialAction\":[{\"@type\":\"SearchAction\",\"target\":{\"@type\":\"EntryPoint\",\"urlTemplate\":\"https:\\\/\\\/www.odonto.ufmg.br\\\/biblioteca\\\/?s={search_term_string}\"},\"query-input\":{\"@type\":\"PropertyValueSpecification\",\"valueRequired\":true,\"valueName\":\"search_term_string\"}}],\"inLanguage\":\"pt-BR\"}]}<\/script>\n<!-- \/ Yoast SEO plugin. -->","yoast_head_json":{"title":"Composi\u00e7\u00e3o da Comiss\u00e3o Editorial da FAO UFMG -atual - Biblioteca Professora Helena Helo\u00edsa Paix\u00e3o","robots":{"index":"index","follow":"follow","max-snippet":"max-snippet:-1","max-image-preview":"max-image-preview:large","max-video-preview":"max-video-preview:-1"},"canonical":"https:\/\/www.odonto.ufmg.br\/biblioteca\/comissao-editorial-fao-ufmg-atual\/","og_locale":"pt_BR","og_type":"article","og_title":"Composi\u00e7\u00e3o da Comiss\u00e3o Editorial da FAO UFMG -atual - Biblioteca Professora Helena Helo\u00edsa Paix\u00e3o","og_url":"https:\/\/www.odonto.ufmg.br\/biblioteca\/comissao-editorial-fao-ufmg-atual\/","og_site_name":"Biblioteca Professora Helena Helo\u00edsa Paix\u00e3o","article_modified_time":"2025-06-02T21:28:08+00:00","twitter_card":"summary_large_image","twitter_misc":{"Est. tempo de leitura":"1 minuto"},"schema":{"@context":"https:\/\/schema.org","@graph":[{"@type":"WebPage","@id":"https:\/\/www.odonto.ufmg.br\/biblioteca\/comissao-editorial-fao-ufmg-atual\/","url":"https:\/\/www.odonto.ufmg.br\/biblioteca\/comissao-editorial-fao-ufmg-atual\/","name":"Composi\u00e7\u00e3o da Comiss\u00e3o Editorial da FAO UFMG -atual - Biblioteca Professora Helena Helo\u00edsa Paix\u00e3o","isPartOf":{"@id":"https:\/\/www.odonto.ufmg.br\/biblioteca\/#website"},"datePublished":"2024-09-30T18:40:55+00:00","dateModified":"2025-06-02T21:28:08+00:00","breadcrumb":{"@id":"https:\/\/www.odonto.ufmg.br\/biblioteca\/comissao-editorial-fao-ufmg-atual\/#breadcrumb"},"inLanguage":"pt-BR","potentialAction":[{"@type":"ReadAction","target":["https:\/\/www.odonto.ufmg.br\/biblioteca\/comissao-editorial-fao-ufmg-atual\/"]}]},{"@type":"BreadcrumbList","@id":"https:\/\/www.odonto.ufmg.br\/biblioteca\/comissao-editorial-fao-ufmg-atual\/#breadcrumb","itemListElement":[{"@type":"ListItem","position":1,"name":"In\u00edcio","item":"https:\/\/www.odonto.ufmg.br\/biblioteca\/inicio2\/"},{"@type":"ListItem","position":2,"name":"Composi\u00e7\u00e3o da Comiss\u00e3o Editorial da FAO UFMG -atual"}]},{"@type":"WebSite","@id":"https:\/\/www.odonto.ufmg.br\/biblioteca\/#website","url":"https:\/\/www.odonto.ufmg.br\/biblioteca\/","name":"Biblioteca Professora Helena Helo\u00edsa Paix\u00e3o","description":"Faculdade de Odontologia UFMG","potentialAction":[{"@type":"SearchAction","target":{"@type":"EntryPoint","urlTemplate":"https:\/\/www.odonto.ufmg.br\/biblioteca\/?s={search_term_string}"},"query-input":{"@type":"PropertyValueSpecification","valueRequired":true,"valueName":"search_term_string"}}],"inLanguage":"pt-BR"}]}},"_links":{"self":[{"href":"https:\/\/www.odonto.ufmg.br\/biblioteca\/wp-json\/wp\/v2\/pages\/5965","targetHints":{"allow":["GET"]}}],"collection":[{"href":"https:\/\/www.odonto.ufmg.br\/biblioteca\/wp-json\/wp\/v2\/pages"}],"about":[{"href":"https:\/\/www.odonto.ufmg.br\/biblioteca\/wp-json\/wp\/v2\/types\/page"}],"author":[{"embeddable":true,"href":"https:\/\/www.odonto.ufmg.br\/biblioteca\/wp-json\/wp\/v2\/users\/35"}],"replies":[{"embeddable":true,"href":"https:\/\/www.odonto.ufmg.br\/biblioteca\/wp-json\/wp\/v2\/comments?post=5965"}],"version-history":[{"count":17,"href":"https:\/\/www.odonto.ufmg.br\/biblioteca\/wp-json\/wp\/v2\/pages\/5965\/revisions"}],"predecessor-version":[{"id":8011,"href":"https:\/\/www.odonto.ufmg.br\/biblioteca\/wp-json\/wp\/v2\/pages\/5965\/revisions\/8011"}],"wp:attachment":[{"href":"https:\/\/www.odonto.ufmg.br\/biblioteca\/wp-json\/wp\/v2\/media?parent=5965"}],"curies":[{"name":"wp","href":"https:\/\/api.w.org\/{rel}","templated":true}]}}