{"id":3450,"date":"2019-08-14T20:57:02","date_gmt":"2019-08-14T23:57:02","guid":{"rendered":"http:\/\/www.odonto.ufmg.br\/biblioteca\/?page_id=3450"},"modified":"2019-08-20T20:55:30","modified_gmt":"2019-08-20T23:55:30","slug":"n","status":"publish","type":"page","link":"https:\/\/www.odonto.ufmg.br\/biblioteca\/n\/","title":{"rendered":"N"},"content":{"rendered":"<p>Para ter acesso aos t\u00edtulos de peri\u00f3dicos do Portal Capes dispon\u00edveis na listagem\u00a0de abreviaturas,<strong> \u00e9 imprescind\u00edvel, <\/strong>\u00a0abrir\u00a0 primeiramente\u00a0 o site do<\/p>\n<p><a href=\"http:\/\/www-periodicos-capes-gov-br.ez27.periodicos.capes.gov.br\/index.php?\">Portal Capes<\/a><\/p>\n<h6><strong><a href=\"https:\/\/catalogobiblioteca.ufmg.br\/pergamum\/biblioteca\/\" target=\"_blank\" rel=\"noopener noreferrer\"><span style=\"color: #ff0000\"><img decoding=\"async\" src=\"https:\/\/encrypted-tbn2.gstatic.com\/images?q=tbn:ANd9GcSKFc98T6vZF8kB4LH0jr1ks3tzumUSveAt6Y0gBZuY0nYCrkab9Q\" alt=\"\" width=\"84\" height=\"25\" \/><\/span><\/a><em>\u00a0\u00a0<span style=\"color: #ff0000\">Cole\u00e7\u00e3o da Biblioteca\u00a0\u00a0 \u00a0<img decoding=\"async\" src=\"http:\/\/portal.revistas.bvs.br\/img\/\/pt\/flag_free.gif\" alt=\"Livre e gratuito\" \/>\u00a0\u00a0Online gratuito\u00a0\u00a0 \u00a0<a href=\"http:\/\/www-periodicos-capes-gov-br.ez27.periodicos.capes.gov.br\/index.php?option=com_phome\" target=\"_blank\" rel=\"noopener noreferrer\"><img decoding=\"async\" class=\"alignnone size-full wp-image-4667\" src=\"https:\/\/bibliodontoufmg.files.wordpress.com\/2018\/10\/capturar2.png\" alt=\"Capturar2\" width=\"54\" height=\"46\" \/><\/a>\u00a0\u00a0Dispon\u00edvel no Portal Capes<\/span><\/em><span style=\"color: #ff0000\"><em>\u00a0 \u00a0<\/em><\/span><\/strong><\/h6>\n<p>&nbsp;<\/p>\n<ul>\n<li>\n<h5><em><strong>N. Y. J. dent.<\/strong> = New York journal of dentistry \u00a0<strong><a href=\"https:\/\/catalogobiblioteca.ufmg.br\/pergamum\/biblioteca\/index.php?codAcervo=233668\" target=\"_blank\" rel=\"noopener noreferrer\"><img decoding=\"async\" src=\"https:\/\/encrypted-tbn2.gstatic.com\/images?q=tbn:ANd9GcSKFc98T6vZF8kB4LH0jr1ks3tzumUSveAt6Y0gBZuY0nYCrkab9Q\" alt=\"\" width=\"84\" height=\"25\" \/><\/a><\/strong><\/em><\/h5>\n<\/li>\n<li>\n<h5><em><strong>N. Y. State dent. j<\/strong>.= New York State dental journal\u00a0<a href=\"http:\/\/www-periodicos-capes-gov-br.ez27.periodicos.capes.gov.br\/index.php?option=com_pmetabusca&amp;mn=88&amp;smn=88&amp;type=p&amp;sfx=aHR0cHM6Ly9idXNjYWRvci5wZXJpb2RpY29zLmNhcGVzLmdvdi5ici9WP2Z1bmM9ZmluZC1lai0xJmluc3RpdHV0ZT1DQVBFUyZwb3J0YWw9Tk9WTyZuZXdfbG5nPVBPUg%3D%3D&amp;sfxparam=New+York+State+dental+journal\" target=\"_blank\" rel=\"noopener noreferrer\"><img decoding=\"async\" class=\"alignnone size-full wp-image-4667\" src=\"https:\/\/bibliodontoufmg.files.wordpress.com\/2018\/10\/capturar2.png\" alt=\"Capturar2\" width=\"54\" height=\"46\" \/><\/a><\/em><\/h5>\n<\/li>\n<li>\n<h5><em><strong>N. Z. dent. J. <\/strong>= New Zealand dental journal \u00a0 <a href=\"http:\/\/www-periodicos-capes-gov-br.ez27.periodicos.capes.gov.br\/index.php?option=com_pmetabusca&amp;mn=88&amp;smn=88&amp;type=p&amp;sfx=aHR0cHM6Ly9idXNjYWRvci5wZXJpb2RpY29zLmNhcGVzLmdvdi5ici9WP2Z1bmM9ZmluZC1lai0xJmluc3RpdHV0ZT1DQVBFUyZwb3J0YWw9Tk9WTyZuZXdfbG5nPVBPUg%3D%3D&amp;sfxparam=New+Zealand+dental+journal\" target=\"_blank\" rel=\"noopener noreferrer\"><img decoding=\"async\" class=\"alignnone size-full wp-image-4667\" src=\"https:\/\/bibliodontoufmg.files.wordpress.com\/2018\/10\/capturar2.png\" alt=\"Capturar2\" width=\"54\" height=\"46\" \/><\/a>\u00a0<a href=\"https:\/\/catalogobiblioteca.ufmg.br\/pergamum\/biblioteca\/index.php?codAcervo=233713\" target=\"_blank\" rel=\"noopener noreferrer\"><img decoding=\"async\" src=\"https:\/\/encrypted-tbn2.gstatic.com\/images?q=tbn:ANd9GcSKFc98T6vZF8kB4LH0jr1ks3tzumUSveAt6Y0gBZuY0nYCrkab9Q\" alt=\"\" width=\"84\" height=\"25\" \/><\/a><\/em><\/h5>\n<\/li>\n<li>\n<h5><em><strong>N. Z. Soc. Periodontol. Bull.<\/strong> = N.Z Society of Periodontology : Bulletin\u00a0<a href=\"http:\/\/catalogobiblioteca.ufmg.br\/pergamum\/biblioteca\/index.php?codAcervo=233624\" target=\"_blank\" rel=\"noopener noreferrer\"><img decoding=\"async\" src=\"https:\/\/encrypted-tbn2.gstatic.com\/images?q=tbn:ANd9GcSKFc98T6vZF8kB4LH0jr1ks3tzumUSveAt6Y0gBZuY0nYCrkab9Q\" alt=\"\" width=\"84\" height=\"25\" \/><\/a><\/em><\/h5>\n<\/li>\n<li>\n<h5><em><strong>Nat. sci.<\/strong> = Nature and science\u00a0<\/em><em><strong><a href=\"http:\/\/www.sciencepub.net\/nature\/\" target=\"_blank\" rel=\"noopener noreferrer\"><img decoding=\"async\" src=\"http:\/\/portal.revistas.bvs.br\/img\/\/pt\/flag_free.gif\" alt=\"Livre e gratuito\" \/><\/a><\/strong><\/em><\/h5>\n<\/li>\n<li>\n<h5><em><strong>Nihon\u00a0Shishubyo\u00a0Gakkai\u00a0Kaishi\u00a0<\/strong>=\u00a0Nihon Shishubyo Gakkai Kaishi. Journal of the Japanese Association of Periodontology\u00a0\u00a0<a href=\"https:\/\/www.jstage.jst.go.jp\/browse\/perio\/\" target=\"_blank\" rel=\"noopener noreferrer\"><img decoding=\"async\" src=\"http:\/\/portal.revistas.bvs.br\/img\/\/pt\/flag_free.gif\" alt=\"Livre e gratuito\" \/><\/a><\/em><\/h5>\n<\/li>\n<li><em><strong>Nippon Dent. Univ. Ann .Publ.<\/strong> = Nippon Dental University\u00a0 \u2013 annual publications<a href=\"https:\/\/catalogobiblioteca.ufmg.br\/pergamum\/biblioteca\/index.php?codAcervo=306722\" target=\"_blank\" rel=\"noopener noreferrer\"><img decoding=\"async\" src=\"https:\/\/encrypted-tbn2.gstatic.com\/images?q=tbn:ANd9GcSKFc98T6vZF8kB4LH0jr1ks3tzumUSveAt6Y0gBZuY0nYCrkab9Q\" alt=\"\" width=\"84\" height=\"25\" \/><\/a><\/em><\/li>\n<\/ul>\n<ul>\n<li>\n<h5><em><strong>Nippon hotetsu shika gakkai zasshi = \u00a0<\/strong><\/em><em>Nippon hotetsu shika gakkai zasshi\u00a0<\/em><em><strong>\u00a0<\/strong><a href=\"https:\/\/www.jstage.jst.go.jp\/browse\/jjps\" target=\"_blank\" rel=\"noopener noreferrer\"><img decoding=\"async\" src=\"http:\/\/portal.revistas.bvs.br\/img\/\/pt\/flag_free.gif\" alt=\"Livre e gratuito\" \/><\/a><\/em><\/h5>\n<\/li>\n<li>\n<h5><em><strong>Northwest dent<\/strong>. = Northwest dentistry\u00a0<a href=\"http:\/\/www-periodicos-capes-gov-br.ez27.periodicos.capes.gov.br\/index.php?option=com_pmetabusca&amp;mn=88&amp;smn=88&amp;type=p&amp;sfx=aHR0cHM6Ly9idXNjYWRvci5wZXJpb2RpY29zLmNhcGVzLmdvdi5ici9WP2Z1bmM9ZmluZC1lai0xJmluc3RpdHV0ZT1DQVBFUyZwb3J0YWw9Tk9WTyZuZXdfbG5nPVBPUg%3D%3D&amp;sfxparam=Northwest+dentistry\" target=\"_blank\" rel=\"noopener noreferrer\"><img decoding=\"async\" class=\"alignnone size-full wp-image-4667\" src=\"https:\/\/bibliodontoufmg.files.wordpress.com\/2018\/10\/capturar2.png\" alt=\"Capturar2\" width=\"54\" height=\"46\" \/><\/a><\/em><\/h5>\n<\/li>\n<li>\n<h5><em><strong>Nucleosides nucleotides nucleic acids <\/strong>= Nucleosides, nucleotides &amp; nucleic acids \u00a0<a href=\"http:\/\/www-periodicos-capes-gov-br.ez27.periodicos.capes.gov.br\/index.php?option=com_pmetabusca&amp;mn=88&amp;smn=88&amp;type=p&amp;sfx=aHR0cHM6Ly9idXNjYWRvci5wZXJpb2RpY29zLmNhcGVzLmdvdi5ici9WP2Z1bmM9ZmluZC1lai0xJmluc3RpdHV0ZT1DQVBFUyZwb3J0YWw9Tk9WTyZuZXdfbG5nPVBPUg%3D%3D&amp;sfxparam=Nucleosides%2C+nucleotides+%26+nucleic+acids\" target=\"_blank\" rel=\"noopener noreferrer\"><img decoding=\"async\" class=\"alignnone size-full wp-image-4667\" src=\"https:\/\/bibliodontoufmg.files.wordpress.com\/2018\/10\/capturar2.png\" alt=\"Capturar2\" width=\"54\" height=\"46\" \/><\/a><\/em><\/h5>\n<\/li>\n<li>\n<h5><em><strong>NYSDA news<\/strong>\u00a0<a href=\"http:\/\/www-periodicos-capes-gov-br.ez27.periodicos.capes.gov.br\/index.php?option=com_pmetabusca&amp;mn=88&amp;smn=88&amp;type=p&amp;sfx=aHR0cHM6Ly9idXNjYWRvci5wZXJpb2RpY29zLmNhcGVzLmdvdi5ici9WP2Z1bmM9ZmluZC1lai0xJmluc3RpdHV0ZT1DQVBFUyZwb3J0YWw9Tk9WTyZuZXdfbG5nPVBPUg%3D%3D&amp;sfxparam=NYSDA+news\" target=\"_blank\" rel=\"noopener noreferrer\"><img decoding=\"async\" class=\"alignnone size-full wp-image-4667\" src=\"https:\/\/bibliodontoufmg.files.wordpress.com\/2018\/10\/capturar2.png\" alt=\"Capturar2\" width=\"54\" height=\"46\" \/><\/a><\/em><\/h5>\n<\/li>\n<\/ul>\n","protected":false},"excerpt":{"rendered":"<p>Para ter acesso aos t\u00edtulos de peri\u00f3dicos do Portal Capes dispon\u00edveis na listagem\u00a0de abreviaturas, \u00e9 imprescind\u00edvel, \u00a0abrir\u00a0 primeiramente\u00a0 o site do Portal Capes \u00a0\u00a0Cole\u00e7\u00e3o da Biblioteca\u00a0\u00a0 \u00a0\u00a0\u00a0Online gratuito\u00a0\u00a0 \u00a0\u00a0\u00a0Dispon\u00edvel no Portal Capes\u00a0 \u00a0 &nbsp; N. Y. J. dent. = New York journal of dentistry \u00a0 N. Y. State dent. j.= New York State dental journal\u00a0 [&hellip;]<\/p>\n","protected":false},"author":35,"featured_media":0,"parent":0,"menu_order":0,"comment_status":"closed","ping_status":"closed","template":"","meta":{"inline_featured_image":false,"footnotes":""},"class_list":["post-3450","page","type-page","status-publish","hentry"],"yoast_head":"<!-- This site is optimized with the Yoast SEO plugin v27.3 - https:\/\/yoast.com\/product\/yoast-seo-wordpress\/ -->\n<title>N - Biblioteca Professora Helena Helo\u00edsa Paix\u00e3o<\/title>\n<meta name=\"robots\" content=\"index, follow, max-snippet:-1, max-image-preview:large, max-video-preview:-1\" \/>\n<link rel=\"canonical\" href=\"https:\/\/www.odonto.ufmg.br\/biblioteca\/n\/\" \/>\n<meta property=\"og:locale\" content=\"pt_BR\" \/>\n<meta property=\"og:type\" content=\"article\" \/>\n<meta property=\"og:title\" content=\"N - Biblioteca Professora Helena Helo\u00edsa Paix\u00e3o\" \/>\n<meta property=\"og:description\" content=\"Para ter acesso aos t\u00edtulos de peri\u00f3dicos do Portal Capes dispon\u00edveis na listagem\u00a0de abreviaturas, \u00e9 imprescind\u00edvel, \u00a0abrir\u00a0 primeiramente\u00a0 o site do Portal Capes \u00a0\u00a0Cole\u00e7\u00e3o da Biblioteca\u00a0\u00a0 \u00a0\u00a0\u00a0Online gratuito\u00a0\u00a0 \u00a0\u00a0\u00a0Dispon\u00edvel no Portal Capes\u00a0 \u00a0 &nbsp; N. Y. J. dent. = New York journal of dentistry \u00a0 N. Y. State dent. j.= New York State dental journal\u00a0 [&hellip;]\" \/>\n<meta property=\"og:url\" content=\"https:\/\/www.odonto.ufmg.br\/biblioteca\/n\/\" \/>\n<meta property=\"og:site_name\" content=\"Biblioteca Professora Helena Helo\u00edsa Paix\u00e3o\" \/>\n<meta property=\"article:modified_time\" content=\"2019-08-20T23:55:30+00:00\" \/>\n<meta property=\"og:image\" content=\"https:\/\/encrypted-tbn2.gstatic.com\/images?q=tbn:ANd9GcSKFc98T6vZF8kB4LH0jr1ks3tzumUSveAt6Y0gBZuY0nYCrkab9Q\" \/>\n<meta name=\"twitter:card\" content=\"summary_large_image\" \/>\n<meta name=\"twitter:label1\" content=\"Est. tempo de leitura\" \/>\n\t<meta name=\"twitter:data1\" content=\"1 minuto\" \/>\n<script type=\"application\/ld+json\" class=\"yoast-schema-graph\">{\"@context\":\"https:\\\/\\\/schema.org\",\"@graph\":[{\"@type\":\"WebPage\",\"@id\":\"https:\\\/\\\/www.odonto.ufmg.br\\\/biblioteca\\\/n\\\/\",\"url\":\"https:\\\/\\\/www.odonto.ufmg.br\\\/biblioteca\\\/n\\\/\",\"name\":\"N - Biblioteca Professora Helena Helo\u00edsa Paix\u00e3o\",\"isPartOf\":{\"@id\":\"https:\\\/\\\/www.odonto.ufmg.br\\\/biblioteca\\\/#website\"},\"primaryImageOfPage\":{\"@id\":\"https:\\\/\\\/www.odonto.ufmg.br\\\/biblioteca\\\/n\\\/#primaryimage\"},\"image\":{\"@id\":\"https:\\\/\\\/www.odonto.ufmg.br\\\/biblioteca\\\/n\\\/#primaryimage\"},\"thumbnailUrl\":\"https:\\\/\\\/encrypted-tbn2.gstatic.com\\\/images?q=tbn:ANd9GcSKFc98T6vZF8kB4LH0jr1ks3tzumUSveAt6Y0gBZuY0nYCrkab9Q\",\"datePublished\":\"2019-08-14T23:57:02+00:00\",\"dateModified\":\"2019-08-20T23:55:30+00:00\",\"breadcrumb\":{\"@id\":\"https:\\\/\\\/www.odonto.ufmg.br\\\/biblioteca\\\/n\\\/#breadcrumb\"},\"inLanguage\":\"pt-BR\",\"potentialAction\":[{\"@type\":\"ReadAction\",\"target\":[\"https:\\\/\\\/www.odonto.ufmg.br\\\/biblioteca\\\/n\\\/\"]}]},{\"@type\":\"ImageObject\",\"inLanguage\":\"pt-BR\",\"@id\":\"https:\\\/\\\/www.odonto.ufmg.br\\\/biblioteca\\\/n\\\/#primaryimage\",\"url\":\"https:\\\/\\\/encrypted-tbn2.gstatic.com\\\/images?q=tbn:ANd9GcSKFc98T6vZF8kB4LH0jr1ks3tzumUSveAt6Y0gBZuY0nYCrkab9Q\",\"contentUrl\":\"https:\\\/\\\/encrypted-tbn2.gstatic.com\\\/images?q=tbn:ANd9GcSKFc98T6vZF8kB4LH0jr1ks3tzumUSveAt6Y0gBZuY0nYCrkab9Q\"},{\"@type\":\"BreadcrumbList\",\"@id\":\"https:\\\/\\\/www.odonto.ufmg.br\\\/biblioteca\\\/n\\\/#breadcrumb\",\"itemListElement\":[{\"@type\":\"ListItem\",\"position\":1,\"name\":\"In\u00edcio\",\"item\":\"https:\\\/\\\/www.odonto.ufmg.br\\\/biblioteca\\\/inicio2\\\/\"},{\"@type\":\"ListItem\",\"position\":2,\"name\":\"N\"}]},{\"@type\":\"WebSite\",\"@id\":\"https:\\\/\\\/www.odonto.ufmg.br\\\/biblioteca\\\/#website\",\"url\":\"https:\\\/\\\/www.odonto.ufmg.br\\\/biblioteca\\\/\",\"name\":\"Biblioteca Professora Helena Helo\u00edsa Paix\u00e3o\",\"description\":\"Faculdade de Odontologia UFMG\",\"potentialAction\":[{\"@type\":\"SearchAction\",\"target\":{\"@type\":\"EntryPoint\",\"urlTemplate\":\"https:\\\/\\\/www.odonto.ufmg.br\\\/biblioteca\\\/?s={search_term_string}\"},\"query-input\":{\"@type\":\"PropertyValueSpecification\",\"valueRequired\":true,\"valueName\":\"search_term_string\"}}],\"inLanguage\":\"pt-BR\"}]}<\/script>\n<!-- \/ Yoast SEO plugin. -->","yoast_head_json":{"title":"N - Biblioteca Professora Helena Helo\u00edsa Paix\u00e3o","robots":{"index":"index","follow":"follow","max-snippet":"max-snippet:-1","max-image-preview":"max-image-preview:large","max-video-preview":"max-video-preview:-1"},"canonical":"https:\/\/www.odonto.ufmg.br\/biblioteca\/n\/","og_locale":"pt_BR","og_type":"article","og_title":"N - Biblioteca Professora Helena Helo\u00edsa Paix\u00e3o","og_description":"Para ter acesso aos t\u00edtulos de peri\u00f3dicos do Portal Capes dispon\u00edveis na listagem\u00a0de abreviaturas, \u00e9 imprescind\u00edvel, \u00a0abrir\u00a0 primeiramente\u00a0 o site do Portal Capes \u00a0\u00a0Cole\u00e7\u00e3o da Biblioteca\u00a0\u00a0 \u00a0\u00a0\u00a0Online gratuito\u00a0\u00a0 \u00a0\u00a0\u00a0Dispon\u00edvel no Portal Capes\u00a0 \u00a0 &nbsp; N. Y. J. dent. = New York journal of dentistry \u00a0 N. Y. State dent. j.= New York State dental journal\u00a0 [&hellip;]","og_url":"https:\/\/www.odonto.ufmg.br\/biblioteca\/n\/","og_site_name":"Biblioteca Professora Helena Helo\u00edsa Paix\u00e3o","article_modified_time":"2019-08-20T23:55:30+00:00","og_image":[{"url":"https:\/\/encrypted-tbn2.gstatic.com\/images?q=tbn:ANd9GcSKFc98T6vZF8kB4LH0jr1ks3tzumUSveAt6Y0gBZuY0nYCrkab9Q","type":"","width":"","height":""}],"twitter_card":"summary_large_image","twitter_misc":{"Est. tempo de leitura":"1 minuto"},"schema":{"@context":"https:\/\/schema.org","@graph":[{"@type":"WebPage","@id":"https:\/\/www.odonto.ufmg.br\/biblioteca\/n\/","url":"https:\/\/www.odonto.ufmg.br\/biblioteca\/n\/","name":"N - Biblioteca Professora Helena Helo\u00edsa Paix\u00e3o","isPartOf":{"@id":"https:\/\/www.odonto.ufmg.br\/biblioteca\/#website"},"primaryImageOfPage":{"@id":"https:\/\/www.odonto.ufmg.br\/biblioteca\/n\/#primaryimage"},"image":{"@id":"https:\/\/www.odonto.ufmg.br\/biblioteca\/n\/#primaryimage"},"thumbnailUrl":"https:\/\/encrypted-tbn2.gstatic.com\/images?q=tbn:ANd9GcSKFc98T6vZF8kB4LH0jr1ks3tzumUSveAt6Y0gBZuY0nYCrkab9Q","datePublished":"2019-08-14T23:57:02+00:00","dateModified":"2019-08-20T23:55:30+00:00","breadcrumb":{"@id":"https:\/\/www.odonto.ufmg.br\/biblioteca\/n\/#breadcrumb"},"inLanguage":"pt-BR","potentialAction":[{"@type":"ReadAction","target":["https:\/\/www.odonto.ufmg.br\/biblioteca\/n\/"]}]},{"@type":"ImageObject","inLanguage":"pt-BR","@id":"https:\/\/www.odonto.ufmg.br\/biblioteca\/n\/#primaryimage","url":"https:\/\/encrypted-tbn2.gstatic.com\/images?q=tbn:ANd9GcSKFc98T6vZF8kB4LH0jr1ks3tzumUSveAt6Y0gBZuY0nYCrkab9Q","contentUrl":"https:\/\/encrypted-tbn2.gstatic.com\/images?q=tbn:ANd9GcSKFc98T6vZF8kB4LH0jr1ks3tzumUSveAt6Y0gBZuY0nYCrkab9Q"},{"@type":"BreadcrumbList","@id":"https:\/\/www.odonto.ufmg.br\/biblioteca\/n\/#breadcrumb","itemListElement":[{"@type":"ListItem","position":1,"name":"In\u00edcio","item":"https:\/\/www.odonto.ufmg.br\/biblioteca\/inicio2\/"},{"@type":"ListItem","position":2,"name":"N"}]},{"@type":"WebSite","@id":"https:\/\/www.odonto.ufmg.br\/biblioteca\/#website","url":"https:\/\/www.odonto.ufmg.br\/biblioteca\/","name":"Biblioteca Professora Helena Helo\u00edsa Paix\u00e3o","description":"Faculdade de Odontologia UFMG","potentialAction":[{"@type":"SearchAction","target":{"@type":"EntryPoint","urlTemplate":"https:\/\/www.odonto.ufmg.br\/biblioteca\/?s={search_term_string}"},"query-input":{"@type":"PropertyValueSpecification","valueRequired":true,"valueName":"search_term_string"}}],"inLanguage":"pt-BR"}]}},"_links":{"self":[{"href":"https:\/\/www.odonto.ufmg.br\/biblioteca\/wp-json\/wp\/v2\/pages\/3450","targetHints":{"allow":["GET"]}}],"collection":[{"href":"https:\/\/www.odonto.ufmg.br\/biblioteca\/wp-json\/wp\/v2\/pages"}],"about":[{"href":"https:\/\/www.odonto.ufmg.br\/biblioteca\/wp-json\/wp\/v2\/types\/page"}],"author":[{"embeddable":true,"href":"https:\/\/www.odonto.ufmg.br\/biblioteca\/wp-json\/wp\/v2\/users\/35"}],"replies":[{"embeddable":true,"href":"https:\/\/www.odonto.ufmg.br\/biblioteca\/wp-json\/wp\/v2\/comments?post=3450"}],"version-history":[{"count":4,"href":"https:\/\/www.odonto.ufmg.br\/biblioteca\/wp-json\/wp\/v2\/pages\/3450\/revisions"}],"predecessor-version":[{"id":3977,"href":"https:\/\/www.odonto.ufmg.br\/biblioteca\/wp-json\/wp\/v2\/pages\/3450\/revisions\/3977"}],"wp:attachment":[{"href":"https:\/\/www.odonto.ufmg.br\/biblioteca\/wp-json\/wp\/v2\/media?parent=3450"}],"curies":[{"name":"wp","href":"https:\/\/api.w.org\/{rel}","templated":true}]}}