{"id":3447,"date":"2019-08-14T20:56:01","date_gmt":"2019-08-14T23:56:01","guid":{"rendered":"http:\/\/www.odonto.ufmg.br\/biblioteca\/?page_id=3447"},"modified":"2019-08-20T18:43:48","modified_gmt":"2019-08-20T21:43:48","slug":"m","status":"publish","type":"page","link":"https:\/\/www.odonto.ufmg.br\/biblioteca\/m\/","title":{"rendered":"M"},"content":{"rendered":"<p>Para ter acesso aos t\u00edtulos de peri\u00f3dicos do Portal Capes dispon\u00edveis na listagem\u00a0de abreviaturas,<strong> \u00e9 imprescind\u00edvel, <\/strong>\u00a0abrir\u00a0 primeiramente\u00a0 o site do<\/p>\n<p><a href=\"http:\/\/www-periodicos-capes-gov-br.ez27.periodicos.capes.gov.br\/index.php?\">Portal Capes<\/a><\/p>\n<h6><strong><a href=\"https:\/\/catalogobiblioteca.ufmg.br\/pergamum\/biblioteca\/\" target=\"_blank\" rel=\"noopener noreferrer\"><span style=\"color: #ff0000\"><img decoding=\"async\" src=\"https:\/\/encrypted-tbn2.gstatic.com\/images?q=tbn:ANd9GcSKFc98T6vZF8kB4LH0jr1ks3tzumUSveAt6Y0gBZuY0nYCrkab9Q\" alt=\"\" width=\"84\" height=\"25\" \/><\/span><\/a><em>\u00a0\u00a0<span style=\"color: #ff0000\">Cole\u00e7\u00e3o da Biblioteca\u00a0\u00a0 \u00a0<img decoding=\"async\" src=\"http:\/\/portal.revistas.bvs.br\/img\/\/pt\/flag_free.gif\" alt=\"Livre e gratuito\" \/>\u00a0\u00a0Online gratuito\u00a0\u00a0 \u00a0<a href=\"http:\/\/www-periodicos-capes-gov-br.ez27.periodicos.capes.gov.br\/index.php?option=com_phome\" target=\"_blank\" rel=\"noopener noreferrer\"><img decoding=\"async\" class=\"alignnone size-full wp-image-4667\" src=\"https:\/\/bibliodontoufmg.files.wordpress.com\/2018\/10\/capturar2.png\" alt=\"Capturar2\" width=\"54\" height=\"46\" \/><\/a>\u00a0\u00a0Dispon\u00edvel no Portal Capes<\/span><\/em><span style=\"color: #ff0000\"><em>\u00a0 \u00a0<\/em><\/span><\/strong><\/h6>\n<ul>\n<li>\n<h5><em><strong>Majallah Dandan Pazshki<\/strong> = Majallah-i dand\u0101npizishk\u012b \u00a0<a href=\"http:\/\/www-periodicos-capes-gov-br.ez27.periodicos.capes.gov.br\/index.php?option=com_pmetabusca&amp;mn=88&amp;smn=88&amp;type=p&amp;sfx=aHR0cHM6Ly9idXNjYWRvci5wZXJpb2RpY29zLmNhcGVzLmdvdi5ici9WP2Z1bmM9ZmluZC1lai0xJmluc3RpdHV0ZT1DQVBFUyZwb3J0YWw9Tk9WTyZuZXdfbG5nPVBPUg%3D%3D&amp;sfxparam=Majallah-i+dand%C4%81npizishk%C4%AB\" target=\"_blank\" rel=\"noopener noreferrer\"><img decoding=\"async\" class=\"alignnone size-full wp-image-4667\" src=\"https:\/\/bibliodontoufmg.files.wordpress.com\/2018\/10\/capturar2.png\" alt=\"Capturar2\" width=\"54\" height=\"46\" \/><\/a>\u00a0<\/em><em><strong><a href=\"http:\/\/dentjods.sums.ac.ir\/index.php\/JDSUMS\" target=\"_blank\" rel=\"noopener noreferrer\"><img decoding=\"async\" class=\"alignnone\" src=\"http:\/\/portal.revistas.bvs.br\/img\/\/pt\/flag_free.gif\" alt=\"Livre e gratuito\" width=\"17\" height=\"21\" \/><\/a><\/strong><\/em><\/h5>\n<\/li>\n<li>\n<h5><em><strong>Manag. d<\/strong><strong>ent. care<\/strong>.= Managed dental care\u00a0<a href=\"http:\/\/www-periodicos-capes-gov-br.ez27.periodicos.capes.gov.br\/index.php?option=com_pmetabusca&amp;mn=88&amp;smn=88&amp;type=p&amp;sfx=aHR0cHM6Ly9idXNjYWRvci5wZXJpb2RpY29zLmNhcGVzLmdvdi5ici9WP2Z1bmM9ZmluZC1lai0xJmluc3RpdHV0ZT1DQVBFUyZwb3J0YWw9Tk9WTyZuZXdfbG5nPVBPUg%3D%3D&amp;sfxparam=Managed+dental+care\" target=\"_blank\" rel=\"noopener noreferrer\"><strong><img decoding=\"async\" class=\"alignnone size-full wp-image-4667\" src=\"https:\/\/bibliodontoufmg.files.wordpress.com\/2018\/10\/capturar2.png\" alt=\"Capturar2\" width=\"54\" height=\"46\" \/><\/strong><\/a><\/em><\/h5>\n<\/li>\n<li>\n<h5><em><strong>Maxi-odonto: dent\u00edstica\u00a0<\/strong><strong><a href=\"https:\/\/catalogobiblioteca.ufmg.br\/pergamum\/biblioteca\/index.php?codAcervo=307732\" target=\"_blank\" rel=\"noopener noreferrer\"><img loading=\"lazy\" decoding=\"async\" class=\"alignnone\" src=\"https:\/\/encrypted-tbn2.gstatic.com\/images?q=tbn:ANd9GcSKFc98T6vZF8kB4LH0jr1ks3tzumUSveAt6Y0gBZuY0nYCrkab9Q\" alt=\"\" width=\"84\" height=\"25\" \/><\/a><\/strong><\/em><\/h5>\n<\/li>\n<li>\n<h5><em><strong>Med. chem.<\/strong> = Medicinal chemistry \u00a0\u00a0<strong><a href=\"http:\/\/www-periodicos-capes-gov-br.ez27.periodicos.capes.gov.br\/index.php?option=com_pmetabusca&amp;mn=88&amp;smn=88&amp;type=p&amp;sfx=aHR0cHM6Ly9idXNjYWRvci5wZXJpb2RpY29zLmNhcGVzLmdvdi5ici9WP2Z1bmM9ZmluZC1lai0xJmluc3RpdHV0ZT1DQVBFUyZwb3J0YWw9Tk9WTyZuZXdfbG5nPVBPUg%3D%3D&amp;sfxparam=Medicinal+chemistry\" target=\"_blank\" rel=\"noopener noreferrer\"><img decoding=\"async\" class=\"alignnone size-full wp-image-4667\" src=\"https:\/\/bibliodontoufmg.files.wordpress.com\/2018\/10\/capturar2.png\" alt=\"Capturar2\" width=\"54\" height=\"46\" \/><\/a><\/strong><\/em><\/h5>\n<\/li>\n<li>\n<h5><em><strong>Med. devices.<\/strong>\u00a0 = Medical Devices: Evidence and Research\u00a0<strong><a href=\"http:\/\/www-periodicos-capes-gov-br.ez27.periodicos.capes.gov.br\/index.php?option=com_pmetabusca&amp;mn=88&amp;smn=88&amp;type=p&amp;sfx=aHR0cHM6Ly9idXNjYWRvci5wZXJpb2RpY29zLmNhcGVzLmdvdi5ici9WP2Z1bmM9ZmluZC1lai0xJmluc3RpdHV0ZT1DQVBFUyZwb3J0YWw9Tk9WTyZuZXdfbG5nPVBPUg%3D%3D&amp;sfxparam=Medical+Devices%3A+Evidence+and+Research\" target=\"_blank\" rel=\"noopener noreferrer\"><img decoding=\"async\" class=\"alignnone size-full wp-image-4667\" src=\"https:\/\/bibliodontoufmg.files.wordpress.com\/2018\/10\/capturar2.png\" alt=\"Capturar2\" width=\"54\" height=\"46\" \/><\/a>\u00a0<\/strong><\/em><em><strong><a href=\"http:\/\/www.ncbi.nlm.nih.gov\/pmc\/journals\/1841\/\" target=\"_blank\" rel=\"noopener noreferrer\"><img decoding=\"async\" class=\"alignnone\" src=\"http:\/\/portal.revistas.bvs.br\/img\/\/pt\/flag_free.gif\" alt=\"Livre e gratuito\" width=\"17\" height=\"21\" \/><\/a><\/strong><\/em><\/h5>\n<\/li>\n<li>\n<h5><em><strong>Med. oral.<\/strong> = Medicina Oral \u00a0<strong><a href=\"http:\/\/www-periodicos-capes-gov-br.ez27.periodicos.capes.gov.br\/index.php?option=com_pmetabusca&amp;mn=88&amp;smn=88&amp;type=p&amp;sfx=aHR0cHM6Ly9idXNjYWRvci5wZXJpb2RpY29zLmNhcGVzLmdvdi5ici9WP2Z1bmM9ZmluZC1lai0xJmluc3RpdHV0ZT1DQVBFUyZwb3J0YWw9Tk9WTyZuZXdfbG5nPVBPUg%3D%3D&amp;sfxparam=Medicina+Oral\" target=\"_blank\" rel=\"noopener noreferrer\"><img decoding=\"async\" class=\"alignnone size-full wp-image-4667\" src=\"https:\/\/bibliodontoufmg.files.wordpress.com\/2018\/10\/capturar2.png\" alt=\"Capturar2\" width=\"54\" height=\"46\" \/><\/a><\/strong><\/em><\/h5>\n<\/li>\n<li>\n<h5><em><strong>Med. oral. patol. oral. cir. bucal. <\/strong>= Medicina oral, patolog\u00eda oral y cirug\u00eda bucal<strong><a href=\"http:\/\/www-periodicos-capes-gov-br.ez27.periodicos.capes.gov.br\/index.php?option=com_pmetabusca&amp;mn=88&amp;smn=88&amp;type=p&amp;sfx=aHR0cHM6Ly9idXNjYWRvci5wZXJpb2RpY29zLmNhcGVzLmdvdi5ici9WP2Z1bmM9ZmluZC1lai0xJmluc3RpdHV0ZT1DQVBFUyZwb3J0YWw9Tk9WTyZuZXdfbG5nPVBPUg%3D%3D&amp;sfxparam=Medicina+oral%2C+patolog%C3%ADa+oral+y+cirug%C3%ADa+bucal\" target=\"_blank\" rel=\"noopener noreferrer\"><img decoding=\"async\" class=\"alignnone size-full wp-image-4667\" src=\"https:\/\/bibliodontoufmg.files.wordpress.com\/2018\/10\/capturar2.png\" alt=\"Capturar2\" width=\"54\" height=\"46\" \/><\/a>\u00a0<\/strong><\/em><em><strong><a href=\"http:\/\/www.ncbi.nlm.nih.gov\/pmc\/journals\/1898\/\" target=\"_blank\" rel=\"noopener noreferrer\"><img decoding=\"async\" class=\"alignnone\" src=\"http:\/\/portal.revistas.bvs.br\/img\/\/pt\/flag_free.gif\" alt=\"Livre e gratuito\" width=\"17\" height=\"21\" \/><\/a><\/strong><\/em><\/h5>\n<\/li>\n<li>\n<h5><em><strong>Med. sci. res. = <\/strong>Medical science research<strong>\u00a0<a href=\"https:\/\/catalogobiblioteca.ufmg.br\/pergamum\/biblioteca\/index.php?codAcervo=304951\" target=\"_blank\" rel=\"noopener noreferrer\"><img loading=\"lazy\" decoding=\"async\" class=\"alignnone\" src=\"https:\/\/encrypted-tbn2.gstatic.com\/images?q=tbn:ANd9GcSKFc98T6vZF8kB4LH0jr1ks3tzumUSveAt6Y0gBZuY0nYCrkab9Q\" alt=\"\" width=\"84\" height=\"25\" \/><\/a><\/strong><\/em><\/h5>\n<\/li>\n<li>\n<h5><em><strong>Mem. Inst. Oswaldo Cruz<\/strong> = Mem\u00f3rias do Instituto Oswaldo Cruz \u00a0<strong>\u00a0<a href=\"http:\/\/www.scielo.br\/scielo.php?script=sci_issuetoc&amp;pid=0074-027620130009&amp;lng=en&amp;nrm=iso\" target=\"_blank\" rel=\"noopener noreferrer\"><img decoding=\"async\" src=\"http:\/\/portal.revistas.bvs.br\/img\/\/pt\/flag_free.gif\" alt=\"Livre e gratuito\" \/><\/a>\u00a0<\/strong>\u00a0<strong><a href=\"https:\/\/catalogobiblioteca.ufmg.br\/pergamum\/biblioteca\/index.php?codAcervo=226900\" target=\"_blank\" rel=\"noopener noreferrer\"><img loading=\"lazy\" decoding=\"async\" class=\"alignnone\" src=\"https:\/\/encrypted-tbn2.gstatic.com\/images?q=tbn:ANd9GcSKFc98T6vZF8kB4LH0jr1ks3tzumUSveAt6Y0gBZuY0nYCrkab9Q\" alt=\"\" width=\"84\" height=\"25\" \/><\/a><\/strong><\/em><\/h5>\n<\/li>\n<li>\n<h5><em><strong>Micro: int. j. microdentistry <\/strong>=\u00a0 MICRO: \u00a0International journal of microDentistry \u00a0 \u00a0<strong><a href=\"http:\/\/www-periodicos-capes-gov-br.ez27.periodicos.capes.gov.br\/index.php?option=com_pmetabusca&amp;mn=88&amp;smn=88&amp;type=p&amp;sfx=aHR0cHM6Ly9idXNjYWRvci5wZXJpb2RpY29zLmNhcGVzLmdvdi5ici9WP2Z1bmM9ZmluZC1lai0xJmluc3RpdHV0ZT1DQVBFUyZwb3J0YWw9Tk9WTyZuZXdfbG5nPVBPUg%3D%3D&amp;sfxparam=MICRO%3A+%C2%A0International+journal+of+microDentistry\" target=\"_blank\" rel=\"noopener noreferrer\"><img decoding=\"async\" class=\"alignnone size-full wp-image-4667\" src=\"https:\/\/bibliodontoufmg.files.wordpress.com\/2018\/10\/capturar2.png\" alt=\"Capturar2\" width=\"54\" height=\"46\" \/><\/a><\/strong><\/em><\/h5>\n<\/li>\n<li>\n<h5><em><strong>Minerva stomatol. = <\/strong>Minerva stomatologica\u00a0<strong><a href=\"https:\/\/catalogobiblioteca.ufmg.br\/pergamum\/biblioteca\/index.php?codAcervo=233643\" target=\"_blank\" rel=\"noopener noreferrer\"><img loading=\"lazy\" decoding=\"async\" class=\"alignnone\" src=\"https:\/\/encrypted-tbn2.gstatic.com\/images?q=tbn:ANd9GcSKFc98T6vZF8kB4LH0jr1ks3tzumUSveAt6Y0gBZuY0nYCrkab9Q\" alt=\"\" width=\"84\" height=\"25\" \/><\/a><\/strong><\/em><\/h5>\n<\/li>\n<li>\n<h5><em><strong>Mod. hyg.=<\/strong> Modern hygienist\u00a0<strong><a href=\"http:\/\/www-periodicos-capes-gov-br.ez27.periodicos.capes.gov.br\/index.php?option=com_pmetabusca&amp;mn=88&amp;smn=88&amp;type=p&amp;sfx=aHR0cHM6Ly9idXNjYWRvci5wZXJpb2RpY29zLmNhcGVzLmdvdi5ici9WP2Z1bmM9ZmluZC1lai0xJmluc3RpdHV0ZT1DQVBFUyZwb3J0YWw9Tk9WTyZuZXdfbG5nPVBPUg%3D%3D&amp;sfxparam=Modern+hygienist\" target=\"_blank\" rel=\"noopener noreferrer\"><img decoding=\"async\" class=\"alignnone size-full wp-image-4667\" src=\"https:\/\/bibliodontoufmg.files.wordpress.com\/2018\/10\/capturar2.png\" alt=\"Capturar2\" width=\"54\" height=\"46\" \/><\/a><\/strong><\/em><\/h5>\n<\/li>\n<li>\n<h5><em><strong>Mol. cancer res.<\/strong> = Molecular cancer research\u00a0<strong><a href=\"http:\/\/www-periodicos-capes-gov-br.ez27.periodicos.capes.gov.br\/index.php?option=com_pmetabusca&amp;mn=88&amp;smn=88&amp;type=p&amp;sfx=aHR0cHM6Ly9idXNjYWRvci5wZXJpb2RpY29zLmNhcGVzLmdvdi5ici9WP2Z1bmM9ZmluZC1lai0xJmluc3RpdHV0ZT1DQVBFUyZwb3J0YWw9Tk9WTyZuZXdfbG5nPVBPUg%3D%3D&amp;sfxparam=Molecular+cancer+research\" target=\"_blank\" rel=\"noopener noreferrer\"><img decoding=\"async\" class=\"alignnone size-full wp-image-4667\" src=\"https:\/\/bibliodontoufmg.files.wordpress.com\/2018\/10\/capturar2.png\" alt=\"Capturar2\" width=\"54\" height=\"46\" \/><\/a><\/strong><\/em><\/h5>\n<\/li>\n<li>\n<h5><em><strong>Mol. oral microbiol.<\/strong> = Molecular oral microbiology\u00a0<strong><a href=\"http:\/\/www-periodicos-capes-gov-br.ez27.periodicos.capes.gov.br\/index.php?option=com_pmetabusca&amp;mn=88&amp;smn=88&amp;type=p&amp;sfx=aHR0cHM6Ly9idXNjYWRvci5wZXJpb2RpY29zLmNhcGVzLmdvdi5ici9WP2Z1bmM9ZmluZC1lai0xJmluc3RpdHV0ZT1DQVBFUyZwb3J0YWw9Tk9WTyZuZXdfbG5nPVBPUg%3D%3D&amp;sfxparam=Molecular+oral+microbiology\" target=\"_blank\" rel=\"noopener noreferrer\"><img decoding=\"async\" class=\"alignnone size-full wp-image-4667\" src=\"https:\/\/bibliodontoufmg.files.wordpress.com\/2018\/10\/capturar2.png\" alt=\"Capturar2\" width=\"54\" height=\"46\" \/><\/a><\/strong><\/em><\/h5>\n<\/li>\n<\/ul>\n<p>&nbsp;<\/p>\n","protected":false},"excerpt":{"rendered":"<p>Para ter acesso aos t\u00edtulos de peri\u00f3dicos do Portal Capes dispon\u00edveis na listagem\u00a0de abreviaturas, \u00e9 imprescind\u00edvel, \u00a0abrir\u00a0 primeiramente\u00a0 o site do Portal Capes \u00a0\u00a0Cole\u00e7\u00e3o da Biblioteca\u00a0\u00a0 \u00a0\u00a0\u00a0Online gratuito\u00a0\u00a0 \u00a0\u00a0\u00a0Dispon\u00edvel no Portal Capes\u00a0 \u00a0 Majallah Dandan Pazshki = Majallah-i dand\u0101npizishk\u012b \u00a0\u00a0 Manag. dent. care.= Managed dental care\u00a0 Maxi-odonto: dent\u00edstica\u00a0 Med. chem. = Medicinal chemistry \u00a0\u00a0 Med. [&hellip;]<\/p>\n","protected":false},"author":35,"featured_media":0,"parent":0,"menu_order":0,"comment_status":"closed","ping_status":"closed","template":"","meta":{"inline_featured_image":false,"footnotes":""},"class_list":["post-3447","page","type-page","status-publish","hentry"],"yoast_head":"<!-- This site is optimized with the Yoast SEO plugin v27.3 - https:\/\/yoast.com\/product\/yoast-seo-wordpress\/ -->\n<title>M - Biblioteca Professora Helena Helo\u00edsa Paix\u00e3o<\/title>\n<meta name=\"robots\" content=\"index, follow, max-snippet:-1, max-image-preview:large, max-video-preview:-1\" \/>\n<link rel=\"canonical\" href=\"https:\/\/www.odonto.ufmg.br\/biblioteca\/m\/\" \/>\n<meta property=\"og:locale\" content=\"pt_BR\" \/>\n<meta property=\"og:type\" content=\"article\" \/>\n<meta property=\"og:title\" content=\"M - Biblioteca Professora Helena Helo\u00edsa Paix\u00e3o\" \/>\n<meta property=\"og:description\" content=\"Para ter acesso aos t\u00edtulos de peri\u00f3dicos do Portal Capes dispon\u00edveis na listagem\u00a0de abreviaturas, \u00e9 imprescind\u00edvel, \u00a0abrir\u00a0 primeiramente\u00a0 o site do Portal Capes \u00a0\u00a0Cole\u00e7\u00e3o da Biblioteca\u00a0\u00a0 \u00a0\u00a0\u00a0Online gratuito\u00a0\u00a0 \u00a0\u00a0\u00a0Dispon\u00edvel no Portal Capes\u00a0 \u00a0 Majallah Dandan Pazshki = Majallah-i dand\u0101npizishk\u012b \u00a0\u00a0 Manag. dent. care.= Managed dental care\u00a0 Maxi-odonto: dent\u00edstica\u00a0 Med. chem. = Medicinal chemistry \u00a0\u00a0 Med. [&hellip;]\" \/>\n<meta property=\"og:url\" content=\"https:\/\/www.odonto.ufmg.br\/biblioteca\/m\/\" \/>\n<meta property=\"og:site_name\" content=\"Biblioteca Professora Helena Helo\u00edsa Paix\u00e3o\" \/>\n<meta property=\"article:modified_time\" content=\"2019-08-20T21:43:48+00:00\" \/>\n<meta property=\"og:image\" content=\"https:\/\/encrypted-tbn2.gstatic.com\/images?q=tbn:ANd9GcSKFc98T6vZF8kB4LH0jr1ks3tzumUSveAt6Y0gBZuY0nYCrkab9Q\" \/>\n<meta name=\"twitter:card\" content=\"summary_large_image\" \/>\n<meta name=\"twitter:label1\" content=\"Est. tempo de leitura\" \/>\n\t<meta name=\"twitter:data1\" content=\"1 minuto\" \/>\n<script type=\"application\/ld+json\" class=\"yoast-schema-graph\">{\"@context\":\"https:\\\/\\\/schema.org\",\"@graph\":[{\"@type\":\"WebPage\",\"@id\":\"https:\\\/\\\/www.odonto.ufmg.br\\\/biblioteca\\\/m\\\/\",\"url\":\"https:\\\/\\\/www.odonto.ufmg.br\\\/biblioteca\\\/m\\\/\",\"name\":\"M - Biblioteca Professora Helena Helo\u00edsa Paix\u00e3o\",\"isPartOf\":{\"@id\":\"https:\\\/\\\/www.odonto.ufmg.br\\\/biblioteca\\\/#website\"},\"primaryImageOfPage\":{\"@id\":\"https:\\\/\\\/www.odonto.ufmg.br\\\/biblioteca\\\/m\\\/#primaryimage\"},\"image\":{\"@id\":\"https:\\\/\\\/www.odonto.ufmg.br\\\/biblioteca\\\/m\\\/#primaryimage\"},\"thumbnailUrl\":\"https:\\\/\\\/encrypted-tbn2.gstatic.com\\\/images?q=tbn:ANd9GcSKFc98T6vZF8kB4LH0jr1ks3tzumUSveAt6Y0gBZuY0nYCrkab9Q\",\"datePublished\":\"2019-08-14T23:56:01+00:00\",\"dateModified\":\"2019-08-20T21:43:48+00:00\",\"breadcrumb\":{\"@id\":\"https:\\\/\\\/www.odonto.ufmg.br\\\/biblioteca\\\/m\\\/#breadcrumb\"},\"inLanguage\":\"pt-BR\",\"potentialAction\":[{\"@type\":\"ReadAction\",\"target\":[\"https:\\\/\\\/www.odonto.ufmg.br\\\/biblioteca\\\/m\\\/\"]}]},{\"@type\":\"ImageObject\",\"inLanguage\":\"pt-BR\",\"@id\":\"https:\\\/\\\/www.odonto.ufmg.br\\\/biblioteca\\\/m\\\/#primaryimage\",\"url\":\"https:\\\/\\\/encrypted-tbn2.gstatic.com\\\/images?q=tbn:ANd9GcSKFc98T6vZF8kB4LH0jr1ks3tzumUSveAt6Y0gBZuY0nYCrkab9Q\",\"contentUrl\":\"https:\\\/\\\/encrypted-tbn2.gstatic.com\\\/images?q=tbn:ANd9GcSKFc98T6vZF8kB4LH0jr1ks3tzumUSveAt6Y0gBZuY0nYCrkab9Q\"},{\"@type\":\"BreadcrumbList\",\"@id\":\"https:\\\/\\\/www.odonto.ufmg.br\\\/biblioteca\\\/m\\\/#breadcrumb\",\"itemListElement\":[{\"@type\":\"ListItem\",\"position\":1,\"name\":\"In\u00edcio\",\"item\":\"https:\\\/\\\/www.odonto.ufmg.br\\\/biblioteca\\\/inicio2\\\/\"},{\"@type\":\"ListItem\",\"position\":2,\"name\":\"M\"}]},{\"@type\":\"WebSite\",\"@id\":\"https:\\\/\\\/www.odonto.ufmg.br\\\/biblioteca\\\/#website\",\"url\":\"https:\\\/\\\/www.odonto.ufmg.br\\\/biblioteca\\\/\",\"name\":\"Biblioteca Professora Helena Helo\u00edsa Paix\u00e3o\",\"description\":\"Faculdade de Odontologia UFMG\",\"potentialAction\":[{\"@type\":\"SearchAction\",\"target\":{\"@type\":\"EntryPoint\",\"urlTemplate\":\"https:\\\/\\\/www.odonto.ufmg.br\\\/biblioteca\\\/?s={search_term_string}\"},\"query-input\":{\"@type\":\"PropertyValueSpecification\",\"valueRequired\":true,\"valueName\":\"search_term_string\"}}],\"inLanguage\":\"pt-BR\"}]}<\/script>\n<!-- \/ Yoast SEO plugin. -->","yoast_head_json":{"title":"M - Biblioteca Professora Helena Helo\u00edsa Paix\u00e3o","robots":{"index":"index","follow":"follow","max-snippet":"max-snippet:-1","max-image-preview":"max-image-preview:large","max-video-preview":"max-video-preview:-1"},"canonical":"https:\/\/www.odonto.ufmg.br\/biblioteca\/m\/","og_locale":"pt_BR","og_type":"article","og_title":"M - Biblioteca Professora Helena Helo\u00edsa Paix\u00e3o","og_description":"Para ter acesso aos t\u00edtulos de peri\u00f3dicos do Portal Capes dispon\u00edveis na listagem\u00a0de abreviaturas, \u00e9 imprescind\u00edvel, \u00a0abrir\u00a0 primeiramente\u00a0 o site do Portal Capes \u00a0\u00a0Cole\u00e7\u00e3o da Biblioteca\u00a0\u00a0 \u00a0\u00a0\u00a0Online gratuito\u00a0\u00a0 \u00a0\u00a0\u00a0Dispon\u00edvel no Portal Capes\u00a0 \u00a0 Majallah Dandan Pazshki = Majallah-i dand\u0101npizishk\u012b \u00a0\u00a0 Manag. dent. care.= Managed dental care\u00a0 Maxi-odonto: dent\u00edstica\u00a0 Med. chem. = Medicinal chemistry \u00a0\u00a0 Med. [&hellip;]","og_url":"https:\/\/www.odonto.ufmg.br\/biblioteca\/m\/","og_site_name":"Biblioteca Professora Helena Helo\u00edsa Paix\u00e3o","article_modified_time":"2019-08-20T21:43:48+00:00","og_image":[{"url":"https:\/\/encrypted-tbn2.gstatic.com\/images?q=tbn:ANd9GcSKFc98T6vZF8kB4LH0jr1ks3tzumUSveAt6Y0gBZuY0nYCrkab9Q","type":"","width":"","height":""}],"twitter_card":"summary_large_image","twitter_misc":{"Est. tempo de leitura":"1 minuto"},"schema":{"@context":"https:\/\/schema.org","@graph":[{"@type":"WebPage","@id":"https:\/\/www.odonto.ufmg.br\/biblioteca\/m\/","url":"https:\/\/www.odonto.ufmg.br\/biblioteca\/m\/","name":"M - Biblioteca Professora Helena Helo\u00edsa Paix\u00e3o","isPartOf":{"@id":"https:\/\/www.odonto.ufmg.br\/biblioteca\/#website"},"primaryImageOfPage":{"@id":"https:\/\/www.odonto.ufmg.br\/biblioteca\/m\/#primaryimage"},"image":{"@id":"https:\/\/www.odonto.ufmg.br\/biblioteca\/m\/#primaryimage"},"thumbnailUrl":"https:\/\/encrypted-tbn2.gstatic.com\/images?q=tbn:ANd9GcSKFc98T6vZF8kB4LH0jr1ks3tzumUSveAt6Y0gBZuY0nYCrkab9Q","datePublished":"2019-08-14T23:56:01+00:00","dateModified":"2019-08-20T21:43:48+00:00","breadcrumb":{"@id":"https:\/\/www.odonto.ufmg.br\/biblioteca\/m\/#breadcrumb"},"inLanguage":"pt-BR","potentialAction":[{"@type":"ReadAction","target":["https:\/\/www.odonto.ufmg.br\/biblioteca\/m\/"]}]},{"@type":"ImageObject","inLanguage":"pt-BR","@id":"https:\/\/www.odonto.ufmg.br\/biblioteca\/m\/#primaryimage","url":"https:\/\/encrypted-tbn2.gstatic.com\/images?q=tbn:ANd9GcSKFc98T6vZF8kB4LH0jr1ks3tzumUSveAt6Y0gBZuY0nYCrkab9Q","contentUrl":"https:\/\/encrypted-tbn2.gstatic.com\/images?q=tbn:ANd9GcSKFc98T6vZF8kB4LH0jr1ks3tzumUSveAt6Y0gBZuY0nYCrkab9Q"},{"@type":"BreadcrumbList","@id":"https:\/\/www.odonto.ufmg.br\/biblioteca\/m\/#breadcrumb","itemListElement":[{"@type":"ListItem","position":1,"name":"In\u00edcio","item":"https:\/\/www.odonto.ufmg.br\/biblioteca\/inicio2\/"},{"@type":"ListItem","position":2,"name":"M"}]},{"@type":"WebSite","@id":"https:\/\/www.odonto.ufmg.br\/biblioteca\/#website","url":"https:\/\/www.odonto.ufmg.br\/biblioteca\/","name":"Biblioteca Professora Helena Helo\u00edsa Paix\u00e3o","description":"Faculdade de Odontologia UFMG","potentialAction":[{"@type":"SearchAction","target":{"@type":"EntryPoint","urlTemplate":"https:\/\/www.odonto.ufmg.br\/biblioteca\/?s={search_term_string}"},"query-input":{"@type":"PropertyValueSpecification","valueRequired":true,"valueName":"search_term_string"}}],"inLanguage":"pt-BR"}]}},"_links":{"self":[{"href":"https:\/\/www.odonto.ufmg.br\/biblioteca\/wp-json\/wp\/v2\/pages\/3447","targetHints":{"allow":["GET"]}}],"collection":[{"href":"https:\/\/www.odonto.ufmg.br\/biblioteca\/wp-json\/wp\/v2\/pages"}],"about":[{"href":"https:\/\/www.odonto.ufmg.br\/biblioteca\/wp-json\/wp\/v2\/types\/page"}],"author":[{"embeddable":true,"href":"https:\/\/www.odonto.ufmg.br\/biblioteca\/wp-json\/wp\/v2\/users\/35"}],"replies":[{"embeddable":true,"href":"https:\/\/www.odonto.ufmg.br\/biblioteca\/wp-json\/wp\/v2\/comments?post=3447"}],"version-history":[{"count":4,"href":"https:\/\/www.odonto.ufmg.br\/biblioteca\/wp-json\/wp\/v2\/pages\/3447\/revisions"}],"predecessor-version":[{"id":3771,"href":"https:\/\/www.odonto.ufmg.br\/biblioteca\/wp-json\/wp\/v2\/pages\/3447\/revisions\/3771"}],"wp:attachment":[{"href":"https:\/\/www.odonto.ufmg.br\/biblioteca\/wp-json\/wp\/v2\/media?parent=3447"}],"curies":[{"name":"wp","href":"https:\/\/api.w.org\/{rel}","templated":true}]}}