{"id":3441,"date":"2019-08-14T20:54:15","date_gmt":"2019-08-14T23:54:15","guid":{"rendered":"http:\/\/www.odonto.ufmg.br\/biblioteca\/?page_id=3441"},"modified":"2019-08-20T18:12:48","modified_gmt":"2019-08-20T21:12:48","slug":"k","status":"publish","type":"page","link":"https:\/\/www.odonto.ufmg.br\/biblioteca\/k\/","title":{"rendered":"K"},"content":{"rendered":"<p>Para ter acesso aos t\u00edtulos de peri\u00f3dicos do Portal Capes dispon\u00edveis na listagem\u00a0de abreviaturas,<strong> \u00e9 imprescind\u00edvel, <\/strong>\u00a0abrir\u00a0 primeiramente\u00a0 o site do<\/p>\n<p><a href=\"http:\/\/www-periodicos-capes-gov-br.ez27.periodicos.capes.gov.br\/index.php?\">Portal Capes<\/a><\/p>\n<h6><strong><a href=\"https:\/\/catalogobiblioteca.ufmg.br\/pergamum\/biblioteca\/\" target=\"_blank\" rel=\"noopener noreferrer\"><img decoding=\"async\" src=\"https:\/\/encrypted-tbn2.gstatic.com\/images?q=tbn:ANd9GcSKFc98T6vZF8kB4LH0jr1ks3tzumUSveAt6Y0gBZuY0nYCrkab9Q\" alt=\"\" width=\"84\" height=\"25\" \/><\/a><em>\u00a0\u00a0Cole\u00e7\u00e3o da Biblioteca\u00a0\u00a0 \u00a0<img decoding=\"async\" src=\"https:\/\/i2.wp.com\/portal.revistas.bvs.br\/img\/\/pt\/flag_free.gif\" alt=\"Livre e gratuito\" \/>\u00a0\u00a0Online gratuito\u00a0\u00a0 \u00a0<a href=\"http:\/\/www-periodicos-capes-gov-br.ez27.periodicos.capes.gov.br\/index.php?option=com_phome\" target=\"_blank\" rel=\"noopener noreferrer\"><img decoding=\"async\" class=\"alignnone size-full wp-image-4667\" src=\"https:\/\/bibliodontoufmg.files.wordpress.com\/2018\/10\/capturar2.png?w=640\" alt=\"Capturar2\" data-attachment-id=\"4667\" data-permalink=\"https:\/\/bibliodontoufmg.wordpress.com\/a\/capturar2\/\" data-orig-file=\"https:\/\/bibliodontoufmg.files.wordpress.com\/2018\/10\/capturar2.png\" data-orig-size=\"54,46\" data-comments-opened=\"1\" data-image-meta=\"{&quot;aperture&quot;:&quot;0&quot;,&quot;credit&quot;:&quot;&quot;,&quot;camera&quot;:&quot;&quot;,&quot;caption&quot;:&quot;&quot;,&quot;created_timestamp&quot;:&quot;0&quot;,&quot;copyright&quot;:&quot;&quot;,&quot;focal_length&quot;:&quot;0&quot;,&quot;iso&quot;:&quot;0&quot;,&quot;shutter_speed&quot;:&quot;0&quot;,&quot;title&quot;:&quot;&quot;,&quot;orientation&quot;:&quot;0&quot;}\" data-image-title=\"Capturar2\" data-image-description=\"\" data-medium-file=\"https:\/\/bibliodontoufmg.files.wordpress.com\/2018\/10\/capturar2.png?w=54\" data-large-file=\"https:\/\/bibliodontoufmg.files.wordpress.com\/2018\/10\/capturar2.png?w=54\" \/><\/a>\u00a0\u00a0Dispon\u00edvel no Portal Capes<\/em><em>\u00a0 \u00a0<\/em><\/strong><\/h6>\n<p>&nbsp;<\/p>\n<ul>\n<li>\n<h5><em><strong>Kranion<\/strong>\u00a0(Barcelona) = Kranion \u00a0<strong><a href=\"http:\/\/www.kranion.es\/sumarios.asp?anyvol=201209&amp;num=1&amp;ft=1\" target=\"_blank\" rel=\"noopener noreferrer\"><img decoding=\"async\" class=\"alignnone\" src=\"https:\/\/i2.wp.com\/portal.revistas.bvs.br\/img\/\/pt\/flag_free.gif\" alt=\"Livre e gratuito\" width=\"17\" height=\"21\" \/><\/a><\/strong><\/em><\/h5>\n<\/li>\n<\/ul>\n<ul>\n<li>\n<h5><em><strong>Korean j. oral\u00a0maxillofac.\u00a0radiol. = \u00a0<\/strong>\u00a0Korean journal of oral and maxillofacial radiology\u00a0<a href=\"http:\/\/koreamed.org\/JournalVolume.php?id=2080&amp;code=2080ISD\" target=\"_blank\" rel=\"noopener noreferrer\"><img decoding=\"async\" src=\"https:\/\/i2.wp.com\/portal.revistas.bvs.br\/img\/\/pt\/flag_free.gif\" alt=\"Livre e gratuito\" \/><\/a><\/em><\/h5>\n<\/li>\n<li>\n<h5><em><strong>Korean. j. orthod.\u00a0<\/strong>= Korean journal of orthodontics \u00a0 \u00a0\u00a0<a href=\"http:\/\/www-periodicos-capes-gov-br.ez27.periodicos.capes.gov.br\/index.php?option=com_pmetabusca&amp;mn=88&amp;smn=88&amp;type=p&amp;sfx=aHR0cHM6Ly9idXNjYWRvci5wZXJpb2RpY29zLmNhcGVzLmdvdi5ici9WP2Z1bmM9ZmluZC1lai0xJmluc3RpdHV0ZT1DQVBFUyZwb3J0YWw9Tk9WTyZuZXdfbG5nPVBPUg%3D%3D&amp;sfxparam=Korean+journal+of+orthodontics\" target=\"_blank\" rel=\"noopener noreferrer\"><img decoding=\"async\" class=\"alignnone size-full wp-image-4667\" src=\"https:\/\/bibliodontoufmg.files.wordpress.com\/2018\/10\/capturar2.png?w=640\" alt=\"Capturar2\" data-attachment-id=\"4667\" data-permalink=\"https:\/\/bibliodontoufmg.wordpress.com\/a\/capturar2\/\" data-orig-file=\"https:\/\/bibliodontoufmg.files.wordpress.com\/2018\/10\/capturar2.png\" data-orig-size=\"54,46\" data-comments-opened=\"1\" data-image-meta=\"{&quot;aperture&quot;:&quot;0&quot;,&quot;credit&quot;:&quot;&quot;,&quot;camera&quot;:&quot;&quot;,&quot;caption&quot;:&quot;&quot;,&quot;created_timestamp&quot;:&quot;0&quot;,&quot;copyright&quot;:&quot;&quot;,&quot;focal_length&quot;:&quot;0&quot;,&quot;iso&quot;:&quot;0&quot;,&quot;shutter_speed&quot;:&quot;0&quot;,&quot;title&quot;:&quot;&quot;,&quot;orientation&quot;:&quot;0&quot;}\" data-image-title=\"Capturar2\" data-image-description=\"\" data-medium-file=\"https:\/\/bibliodontoufmg.files.wordpress.com\/2018\/10\/capturar2.png?w=54\" data-large-file=\"https:\/\/bibliodontoufmg.files.wordpress.com\/2018\/10\/capturar2.png?w=54\" \/><\/a><\/em><\/h5>\n<\/li>\n<\/ul>\n<ul>\n<li>\n<h5><em><strong>Kokubyo Gakkai Zasshi.<\/strong>\u00a0=\u00a0Kokubyo Gakkai Zasshi. \u00a0Journal of the Stomatological Society, Japan \u00a0<a href=\"https:\/\/www.jstage.jst.go.jp\/browse\/koubyou1952\" target=\"_blank\" rel=\"noopener noreferrer\"><img decoding=\"async\" src=\"https:\/\/i2.wp.com\/portal.revistas.bvs.br\/img\/\/pt\/flag_free.gif\" alt=\"Livre e gratuito\" \/><\/a><\/em><\/h5>\n<\/li>\n<\/ul>\n","protected":false},"excerpt":{"rendered":"<p>Para ter acesso aos t\u00edtulos de peri\u00f3dicos do Portal Capes dispon\u00edveis na listagem\u00a0de abreviaturas, \u00e9 imprescind\u00edvel, \u00a0abrir\u00a0 primeiramente\u00a0 o site do Portal Capes \u00a0\u00a0Cole\u00e7\u00e3o da Biblioteca\u00a0\u00a0 \u00a0\u00a0\u00a0Online gratuito\u00a0\u00a0 \u00a0\u00a0\u00a0Dispon\u00edvel no Portal Capes\u00a0 \u00a0 &nbsp; Kranion\u00a0(Barcelona) = Kranion \u00a0 Korean j. oral\u00a0maxillofac.\u00a0radiol. = \u00a0\u00a0Korean journal of oral and maxillofacial radiology\u00a0 Korean. j. orthod.\u00a0= Korean journal of [&hellip;]<\/p>\n","protected":false},"author":35,"featured_media":0,"parent":0,"menu_order":0,"comment_status":"closed","ping_status":"closed","template":"","meta":{"inline_featured_image":false,"footnotes":""},"class_list":["post-3441","page","type-page","status-publish","hentry"],"yoast_head":"<!-- This site is optimized with the Yoast SEO plugin v27.3 - https:\/\/yoast.com\/product\/yoast-seo-wordpress\/ -->\n<title>K - Biblioteca Professora Helena Helo\u00edsa Paix\u00e3o<\/title>\n<meta name=\"robots\" content=\"index, follow, max-snippet:-1, max-image-preview:large, max-video-preview:-1\" \/>\n<link rel=\"canonical\" href=\"https:\/\/www.odonto.ufmg.br\/biblioteca\/k\/\" \/>\n<meta property=\"og:locale\" content=\"pt_BR\" \/>\n<meta property=\"og:type\" content=\"article\" \/>\n<meta property=\"og:title\" content=\"K - Biblioteca Professora Helena Helo\u00edsa Paix\u00e3o\" \/>\n<meta property=\"og:description\" content=\"Para ter acesso aos t\u00edtulos de peri\u00f3dicos do Portal Capes dispon\u00edveis na listagem\u00a0de abreviaturas, \u00e9 imprescind\u00edvel, \u00a0abrir\u00a0 primeiramente\u00a0 o site do Portal Capes \u00a0\u00a0Cole\u00e7\u00e3o da Biblioteca\u00a0\u00a0 \u00a0\u00a0\u00a0Online gratuito\u00a0\u00a0 \u00a0\u00a0\u00a0Dispon\u00edvel no Portal Capes\u00a0 \u00a0 &nbsp; Kranion\u00a0(Barcelona) = Kranion \u00a0 Korean j. oral\u00a0maxillofac.\u00a0radiol. = \u00a0\u00a0Korean journal of oral and maxillofacial radiology\u00a0 Korean. j. orthod.\u00a0= Korean journal of [&hellip;]\" \/>\n<meta property=\"og:url\" content=\"https:\/\/www.odonto.ufmg.br\/biblioteca\/k\/\" \/>\n<meta property=\"og:site_name\" content=\"Biblioteca Professora Helena Helo\u00edsa Paix\u00e3o\" \/>\n<meta property=\"article:modified_time\" content=\"2019-08-20T21:12:48+00:00\" \/>\n<meta property=\"og:image\" content=\"https:\/\/encrypted-tbn2.gstatic.com\/images?q=tbn:ANd9GcSKFc98T6vZF8kB4LH0jr1ks3tzumUSveAt6Y0gBZuY0nYCrkab9Q\" \/>\n<meta name=\"twitter:card\" content=\"summary_large_image\" \/>\n<script type=\"application\/ld+json\" class=\"yoast-schema-graph\">{\"@context\":\"https:\\\/\\\/schema.org\",\"@graph\":[{\"@type\":\"WebPage\",\"@id\":\"https:\\\/\\\/www.odonto.ufmg.br\\\/biblioteca\\\/k\\\/\",\"url\":\"https:\\\/\\\/www.odonto.ufmg.br\\\/biblioteca\\\/k\\\/\",\"name\":\"K - Biblioteca Professora Helena Helo\u00edsa Paix\u00e3o\",\"isPartOf\":{\"@id\":\"https:\\\/\\\/www.odonto.ufmg.br\\\/biblioteca\\\/#website\"},\"primaryImageOfPage\":{\"@id\":\"https:\\\/\\\/www.odonto.ufmg.br\\\/biblioteca\\\/k\\\/#primaryimage\"},\"image\":{\"@id\":\"https:\\\/\\\/www.odonto.ufmg.br\\\/biblioteca\\\/k\\\/#primaryimage\"},\"thumbnailUrl\":\"https:\\\/\\\/encrypted-tbn2.gstatic.com\\\/images?q=tbn:ANd9GcSKFc98T6vZF8kB4LH0jr1ks3tzumUSveAt6Y0gBZuY0nYCrkab9Q\",\"datePublished\":\"2019-08-14T23:54:15+00:00\",\"dateModified\":\"2019-08-20T21:12:48+00:00\",\"breadcrumb\":{\"@id\":\"https:\\\/\\\/www.odonto.ufmg.br\\\/biblioteca\\\/k\\\/#breadcrumb\"},\"inLanguage\":\"pt-BR\",\"potentialAction\":[{\"@type\":\"ReadAction\",\"target\":[\"https:\\\/\\\/www.odonto.ufmg.br\\\/biblioteca\\\/k\\\/\"]}]},{\"@type\":\"ImageObject\",\"inLanguage\":\"pt-BR\",\"@id\":\"https:\\\/\\\/www.odonto.ufmg.br\\\/biblioteca\\\/k\\\/#primaryimage\",\"url\":\"https:\\\/\\\/encrypted-tbn2.gstatic.com\\\/images?q=tbn:ANd9GcSKFc98T6vZF8kB4LH0jr1ks3tzumUSveAt6Y0gBZuY0nYCrkab9Q\",\"contentUrl\":\"https:\\\/\\\/encrypted-tbn2.gstatic.com\\\/images?q=tbn:ANd9GcSKFc98T6vZF8kB4LH0jr1ks3tzumUSveAt6Y0gBZuY0nYCrkab9Q\"},{\"@type\":\"BreadcrumbList\",\"@id\":\"https:\\\/\\\/www.odonto.ufmg.br\\\/biblioteca\\\/k\\\/#breadcrumb\",\"itemListElement\":[{\"@type\":\"ListItem\",\"position\":1,\"name\":\"In\u00edcio\",\"item\":\"https:\\\/\\\/www.odonto.ufmg.br\\\/biblioteca\\\/inicio2\\\/\"},{\"@type\":\"ListItem\",\"position\":2,\"name\":\"K\"}]},{\"@type\":\"WebSite\",\"@id\":\"https:\\\/\\\/www.odonto.ufmg.br\\\/biblioteca\\\/#website\",\"url\":\"https:\\\/\\\/www.odonto.ufmg.br\\\/biblioteca\\\/\",\"name\":\"Biblioteca Professora Helena Helo\u00edsa Paix\u00e3o\",\"description\":\"Faculdade de Odontologia UFMG\",\"potentialAction\":[{\"@type\":\"SearchAction\",\"target\":{\"@type\":\"EntryPoint\",\"urlTemplate\":\"https:\\\/\\\/www.odonto.ufmg.br\\\/biblioteca\\\/?s={search_term_string}\"},\"query-input\":{\"@type\":\"PropertyValueSpecification\",\"valueRequired\":true,\"valueName\":\"search_term_string\"}}],\"inLanguage\":\"pt-BR\"}]}<\/script>\n<!-- \/ Yoast SEO plugin. -->","yoast_head_json":{"title":"K - Biblioteca Professora Helena Helo\u00edsa Paix\u00e3o","robots":{"index":"index","follow":"follow","max-snippet":"max-snippet:-1","max-image-preview":"max-image-preview:large","max-video-preview":"max-video-preview:-1"},"canonical":"https:\/\/www.odonto.ufmg.br\/biblioteca\/k\/","og_locale":"pt_BR","og_type":"article","og_title":"K - Biblioteca Professora Helena Helo\u00edsa Paix\u00e3o","og_description":"Para ter acesso aos t\u00edtulos de peri\u00f3dicos do Portal Capes dispon\u00edveis na listagem\u00a0de abreviaturas, \u00e9 imprescind\u00edvel, \u00a0abrir\u00a0 primeiramente\u00a0 o site do Portal Capes \u00a0\u00a0Cole\u00e7\u00e3o da Biblioteca\u00a0\u00a0 \u00a0\u00a0\u00a0Online gratuito\u00a0\u00a0 \u00a0\u00a0\u00a0Dispon\u00edvel no Portal Capes\u00a0 \u00a0 &nbsp; Kranion\u00a0(Barcelona) = Kranion \u00a0 Korean j. oral\u00a0maxillofac.\u00a0radiol. = \u00a0\u00a0Korean journal of oral and maxillofacial radiology\u00a0 Korean. j. orthod.\u00a0= Korean journal of [&hellip;]","og_url":"https:\/\/www.odonto.ufmg.br\/biblioteca\/k\/","og_site_name":"Biblioteca Professora Helena Helo\u00edsa Paix\u00e3o","article_modified_time":"2019-08-20T21:12:48+00:00","og_image":[{"url":"https:\/\/encrypted-tbn2.gstatic.com\/images?q=tbn:ANd9GcSKFc98T6vZF8kB4LH0jr1ks3tzumUSveAt6Y0gBZuY0nYCrkab9Q","type":"","width":"","height":""}],"twitter_card":"summary_large_image","schema":{"@context":"https:\/\/schema.org","@graph":[{"@type":"WebPage","@id":"https:\/\/www.odonto.ufmg.br\/biblioteca\/k\/","url":"https:\/\/www.odonto.ufmg.br\/biblioteca\/k\/","name":"K - Biblioteca Professora Helena Helo\u00edsa Paix\u00e3o","isPartOf":{"@id":"https:\/\/www.odonto.ufmg.br\/biblioteca\/#website"},"primaryImageOfPage":{"@id":"https:\/\/www.odonto.ufmg.br\/biblioteca\/k\/#primaryimage"},"image":{"@id":"https:\/\/www.odonto.ufmg.br\/biblioteca\/k\/#primaryimage"},"thumbnailUrl":"https:\/\/encrypted-tbn2.gstatic.com\/images?q=tbn:ANd9GcSKFc98T6vZF8kB4LH0jr1ks3tzumUSveAt6Y0gBZuY0nYCrkab9Q","datePublished":"2019-08-14T23:54:15+00:00","dateModified":"2019-08-20T21:12:48+00:00","breadcrumb":{"@id":"https:\/\/www.odonto.ufmg.br\/biblioteca\/k\/#breadcrumb"},"inLanguage":"pt-BR","potentialAction":[{"@type":"ReadAction","target":["https:\/\/www.odonto.ufmg.br\/biblioteca\/k\/"]}]},{"@type":"ImageObject","inLanguage":"pt-BR","@id":"https:\/\/www.odonto.ufmg.br\/biblioteca\/k\/#primaryimage","url":"https:\/\/encrypted-tbn2.gstatic.com\/images?q=tbn:ANd9GcSKFc98T6vZF8kB4LH0jr1ks3tzumUSveAt6Y0gBZuY0nYCrkab9Q","contentUrl":"https:\/\/encrypted-tbn2.gstatic.com\/images?q=tbn:ANd9GcSKFc98T6vZF8kB4LH0jr1ks3tzumUSveAt6Y0gBZuY0nYCrkab9Q"},{"@type":"BreadcrumbList","@id":"https:\/\/www.odonto.ufmg.br\/biblioteca\/k\/#breadcrumb","itemListElement":[{"@type":"ListItem","position":1,"name":"In\u00edcio","item":"https:\/\/www.odonto.ufmg.br\/biblioteca\/inicio2\/"},{"@type":"ListItem","position":2,"name":"K"}]},{"@type":"WebSite","@id":"https:\/\/www.odonto.ufmg.br\/biblioteca\/#website","url":"https:\/\/www.odonto.ufmg.br\/biblioteca\/","name":"Biblioteca Professora Helena Helo\u00edsa Paix\u00e3o","description":"Faculdade de Odontologia UFMG","potentialAction":[{"@type":"SearchAction","target":{"@type":"EntryPoint","urlTemplate":"https:\/\/www.odonto.ufmg.br\/biblioteca\/?s={search_term_string}"},"query-input":{"@type":"PropertyValueSpecification","valueRequired":true,"valueName":"search_term_string"}}],"inLanguage":"pt-BR"}]}},"_links":{"self":[{"href":"https:\/\/www.odonto.ufmg.br\/biblioteca\/wp-json\/wp\/v2\/pages\/3441","targetHints":{"allow":["GET"]}}],"collection":[{"href":"https:\/\/www.odonto.ufmg.br\/biblioteca\/wp-json\/wp\/v2\/pages"}],"about":[{"href":"https:\/\/www.odonto.ufmg.br\/biblioteca\/wp-json\/wp\/v2\/types\/page"}],"author":[{"embeddable":true,"href":"https:\/\/www.odonto.ufmg.br\/biblioteca\/wp-json\/wp\/v2\/users\/35"}],"replies":[{"embeddable":true,"href":"https:\/\/www.odonto.ufmg.br\/biblioteca\/wp-json\/wp\/v2\/comments?post=3441"}],"version-history":[{"count":4,"href":"https:\/\/www.odonto.ufmg.br\/biblioteca\/wp-json\/wp\/v2\/pages\/3441\/revisions"}],"predecessor-version":[{"id":3764,"href":"https:\/\/www.odonto.ufmg.br\/biblioteca\/wp-json\/wp\/v2\/pages\/3441\/revisions\/3764"}],"wp:attachment":[{"href":"https:\/\/www.odonto.ufmg.br\/biblioteca\/wp-json\/wp\/v2\/media?parent=3441"}],"curies":[{"name":"wp","href":"https:\/\/api.w.org\/{rel}","templated":true}]}}