{"id":2812,"date":"2016-08-08T14:08:39","date_gmt":"2016-08-08T17:08:39","guid":{"rendered":"http:\/\/www.odonto.ufmg.br\/biblioteca\/?page_id=2812"},"modified":"2025-02-06T19:17:53","modified_gmt":"2025-02-06T22:17:53","slug":"emprestimo-domiciliar","status":"publish","type":"page","link":"https:\/\/www.odonto.ufmg.br\/biblioteca\/emprestimo-domiciliar\/","title":{"rendered":"EMPR\u00c9STIMO DOMICILIAR"},"content":{"rendered":"\n<style type=\"text\/css\" data-created_by=\"avia_inline_auto\" id=\"style-css-av-27oacc-633e1e98fe5438c94fe65c92d0eacd85\">\n#top .av_textblock_section.av-27oacc-633e1e98fe5438c94fe65c92d0eacd85 .avia_textblock{\nfont-size:16px;\n}\n<\/style>\n<section  class='av_textblock_section av-27oacc-633e1e98fe5438c94fe65c92d0eacd85 '   itemscope=\"itemscope\" itemtype=\"https:\/\/schema.org\/CreativeWork\" ><div class='avia_textblock'  itemprop=\"text\" ><p style=\"text-align: justify\"><strong><span style=\"color: #000000\">EMPR\u00c9STIMO DOMICILIAR<\/span><\/strong><\/p>\n<p><span style=\"color: #000000\">Se voc\u00ea tem v\u00ednculo com a Universidade Federal de Minas Gerais, deve providenciar a carteira \u00fanica da UFMG. Emitida pela Pr\u00f3-reitoria de Administra\u00e7\u00e3o, ela \u00e9 o passaporte de acesso \u00e0 Universidade Federal de Minas Gerais.<\/span><\/p>\n<p><span style=\"color: #000000\">Caso seja aluno da gradua\u00e7\u00e3o ou da educa\u00e7\u00e3o profissional, sua carteira ser\u00e1 entregue ap\u00f3s o registro acad\u00eamico. Mas se voc\u00ea for aluno da p\u00f3s-gradua\u00e7\u00e3o, servidor ou prestador de servi\u00e7os, dever\u00e1 solicit\u00e1-la na Central de Controle de Acesso, no 2\u00ba andar da Pra\u00e7a de Servi\u00e7os do campus Pampulha. Depois disso, \u00e9 s\u00f3 atualizar seu cadastro na biblioteca da sua unidade de origem.<\/span><\/p>\n<p><strong><span style=\"color: #000000\">QUEM PODE SOLICITAR CARTEIRA \u00daNICA?<\/span><\/strong><\/p>\n<ul>\n<li style=\"list-style-type: none\">\n<ul>\n<li style=\"list-style-type: none\">\n<ul>\n<li><span style=\"color: #000000\">Estudantes: educa\u00e7\u00e3o profissional, gradua\u00e7\u00e3o, especializa\u00e7\u00e3o e p\u00f3s-gradua\u00e7\u00e3o;<\/span><\/li>\n<li><span style=\"color: #000000\">Alunos da educa\u00e7\u00e3o b\u00e1sica e educa\u00e7\u00e3o de jovens e adultos podem se cadastrar e utilizar os servi\u00e7os das bibliotecas apresentando comprovante de matr\u00edcula e documento com foto;<\/span><\/li>\n<li><span style=\"color: #000000\">Servidores: docentes, t\u00e9cnicos e administrativos do quadro ativo;<\/span><\/li>\n<li><span style=\"color: #000000\">Prestadores de servi\u00e7os: funcion\u00e1rios contratados por funda\u00e7\u00f5es ou empresas terceirizadas e menor aprendiz da Cruz Vermelha;<\/span><\/li>\n<li><span style=\"color: #000000\">Outras categorias: residentes, pesquisadores, professores visitantes, servidores docentes e t\u00e9cnico-administrativos aposentados poder\u00e3o usar as bibliotecas apresentando outros documentos que comprovem a vincula\u00e7\u00e3o;<\/span><\/li>\n<li><span style=\"color: #000000\">OBS: por for\u00e7a do Decreto 5703\/06, o servidor aposentado n\u00e3o pode portar a identifica\u00e7\u00e3o funcional.<\/span><\/li>\n<\/ul>\n<\/li>\n<\/ul>\n<\/li>\n<\/ul>\n<p><strong><span style=\"color: #000000\">DOCUMENTOS NECESS\u00c1RIOS PARA EMISS\u00c3O DE CARTEIRA \u00daNICA<\/span><\/strong><\/p>\n<ul>\n<li style=\"list-style-type: none\">\n<ul>\n<li style=\"list-style-type: none\">\n<ul>\n<li><span style=\"color: #000000\">Estudantes da educa\u00e7\u00e3o profissional e gradua\u00e7\u00e3o &#8211; nenhuma a\u00e7\u00e3o \u00e9 necess\u00e1ria. A carteira ser\u00e1 entregue na sua unidade ap\u00f3s o registro acad\u00eamico;<\/span><\/li>\n<li><span style=\"color: #000000\">Estudantes da p\u00f3s-gradua\u00e7\u00e3o &#8211; RG + CPF + Comprovante de matr\u00edcula ou contracheque;<\/span><\/li>\n<li><span style=\"color: #000000\">Servidores e prestadores de servi\u00e7o &#8211; RG + CPF + Contracheque + Carta de apresenta\u00e7\u00e3o assinada pelo diretor da empresa terceirizada (somente para prestadores de servi\u00e7o);<\/span><\/li>\n<li><span style=\"color: #000000\">Menor aprendiz &#8211; RG + CPF + Declara\u00e7\u00e3o emitida pelo DRH\/PRORH.<\/span><\/li>\n<\/ul>\n<\/li>\n<\/ul>\n<\/li>\n<\/ul>\n<p><span style=\"color: #000000\">Em caso de perda ou extravio, a solicita\u00e7\u00e3o da segunda via dever\u00e1 ser feita pelo portal \u201cminhaufmg\u201d para as categorias de estudantes, servidores e contratados via funda\u00e7\u00f5es.<\/span><\/p>\n<p><span style=\"color: #000000\">Local de solicita\u00e7\u00e3o\u00a0<strong><br \/>\n<\/strong>Central de Controle de Acesso \u2013 CCA\/PRA<\/span><br \/>\n<span style=\"color: #000000\"> Pra\u00e7a de Servi\u00e7os \u2013 2\u00ba andar \u2013 Loja 26 \u2013 Campus Pampulha.<\/span><br \/>\n<span style=\"color: #000000\"> Hor\u00e1rio de funcionamento: de segunda a quinta-feira, das 8h30 \u00e0s 11h30 e das 13h30 \u00e0s 16h30. \/\/ Contato: (31)3409-3263 \/ <a style=\"color: #000000\" href=\"mailto:acesso@pra.ufmg.br\">acesso@pra.ufmg.br<\/a><\/span><\/p>\n<p><strong><span style=\"color: #000000\">EMPR\u00c9STIMO DO ACERVO DA BIBLIOTECA FAO UFMG<\/span><\/strong><\/p>\n<ul>\n<li style=\"list-style-type: none\">\n<ul>\n<li style=\"list-style-type: none\">\n<ul>\n<li><span style=\"color: #000000\">Alunos do ensino t\u00e9cnico, da educa\u00e7\u00e3o de jovens e adultos (EJA) e da gradua\u00e7\u00e3o, servidores, funcion\u00e1rios contratados, residentes e menores da Cruz Vermelha\u00a0&#8211; 5 itens &#8211; 14 dias<\/span><\/li>\n<li><span style=\"color: #000000\">Professores e alunos da p\u00f3s-gradua\u00e7\u00e3o\u00a0&#8211; 7 itens &#8211; 28 dias<\/span><\/li>\n<\/ul>\n<\/li>\n<\/ul>\n<\/li>\n<\/ul>\n<p><strong><span style=\"color: #000000\">RENOVA\u00c7\u00c3O DOS LIVROS<\/span><\/strong><\/p>\n<p><span style=\"color: #000000\">Acesse o site: <span style=\"color: #0000ff\"><a style=\"color: #0000ff\" href=\"https:\/\/www.bu.ufmg.br\/bu_atual\/\">www.bu.ufmg.br<\/a>;<\/span><\/span><br \/>\n<span style=\"color: #000000\"> Clique em \u201cCat\u00e1logo on-line\u201d e acesse a \u00e1rea do usu\u00e1rio.<\/span><\/p>\n<p><span style=\"color: #000000\">Voc\u00ea pode renovar o livro por at\u00e9 10 vezes seguidas, se ele n\u00e3o estiver reservado ou em atraso.\u00a0 N\u00e3o conseguir fazer a renova\u00e7\u00e3o on-line n\u00e3o justifica o atraso na devolu\u00e7\u00e3o do material emprestado!<\/span><\/p>\n<p><span style=\"color: #000000\">Caso n\u00e3o consiga fazer a renova\u00e7\u00e3o on-line, voc\u00ea dever\u00e1 ir\u00a0 a biblioteca para renovar o livro.<\/span><\/p>\n<p><strong><span style=\"color: #000000\">DEVOLU\u00c7\u00c3O<\/span><\/strong><\/p>\n<p><span style=\"color: #000000\">Voc\u00ea pode devolver os itens emprestados em qualquer biblioteca, exceto aqueles considerados especiais \u2013 CDs, DVDs, partituras etc \u2013 que devem ser devolvidos na biblioteca onde o empr\u00e9stimo foi realizado.<\/span><\/p>\n<p><span style=\"color: #000000\">Se n\u00e3o puder devolver os livros pessoalmente, pe\u00e7a para um colega devolv\u00ea-los para voc\u00ea. Qualquer pessoa pode fazer a devolu\u00e7\u00e3o para o usu\u00e1rio que fez o empr\u00e9stimo.<\/span><\/p>\n<p><strong><span style=\"color: #000000\">MULTAS E EMOLUMENTOS<\/span><\/strong><\/p>\n<p><span style=\"color: #000000\">Ser\u00e1 cobrada multa para os materiais n\u00e3o devolvidos no per\u00edodo previsto. A multa por cada item varia de acordo com o tipo de empr\u00e9stimo. S\u00e3o considerados dias corridos inclusive s\u00e1bados, domingos e feriados.<\/span><\/p>\n<p><span style=\"color: #000000\">Os d\u00e9bitos dever\u00e3o ser quitados via Guia de Recolhimento da Uni\u00e3o (GRU).\u00a0 Solicite a GRU na Biblioteca ou acesse a \u00e1rea do usu\u00e1rio no cat\u00e1logo online, efetue o pagamento no Banco do Brasil e envie o comprovante de pagamento\u00a0 para o e-mail: cadastrobibodonto@odonto.ufmg.br ou entregue o comprovante impresso, pessoalmente, na Biblioteca.<\/span><\/p>\n<p><span style=\"color: #000000\">Valores das multas<strong><br \/>\n<\/strong>Empr\u00e9stimo Domiciliar: R$ 1,00\/dia\/obra<\/span><br \/>\n<span style=\"color: #000000\"> Empr\u00e9stimo Especial: R$ 1,00\/hora\/obra<\/span><br \/>\n<span style=\"color: #000000\"> Empr\u00e9stimo entre Bibliotecas: R$ 1,00\/dia\/obra<\/span><br \/>\n<span style=\"color: #000000\"> Empr\u00e9stimo da Cole\u00e7\u00e3o Reserva: R$ 1,00\/hora\/obra<\/span><br \/>\n<span style=\"color: #000000\"> Pernoite escaninho: R$5,00\/dia<\/span><br \/>\n<span style=\"color: #000000\"> Perda da chave do escaninho: R$ 10,00<\/span><\/p>\n<p><strong><span style=\"color: #000000\">N\u00e3o se esque\u00e7a de devolver o material em dia!\u00a0<\/span><\/strong><\/p>\n<p><span style=\"color: #000000\">Mantenha seu cadastro atualizado . O sistema envia para o seu e-mail mensagens para lembr\u00e1-lo da data de devolu\u00e7\u00e3o do material emprestado ou em atraso. Por\u00e9m, n\u00e3o se esque\u00e7a de que a devolu\u00e7\u00e3o \u00e9 uma responsabilidade sua. Portanto, o n\u00e3o recebimento da mensagem n\u00e3o o isentar\u00e1 do pagamento de multa por atraso.<\/span><\/p>\n<p><span style=\"color: #000000\"> O aluno que estiver em d\u00e9bito com a biblioteca n\u00e3o poder\u00e1 receber nenhum tipo de declara\u00e7\u00e3o ou certificado da UFMG.\u00a0 Os servidores t\u00e9cnico-administrativos, docentes e funcion\u00e1rios contratados, que estiverem em d\u00e9bito, estar\u00e3o sujeitos \u00e0s penalidades disciplinares definidas em lei.<\/span><\/p>\n<p><strong><span style=\"color: #000000\">Fonte com adapta\u00e7\u00f5es:<\/span><\/strong><a href=\"https:\/\/www.bu.ufmg.br\/bu_atual\/comunicacao\/guia-do-usuario\/\" target=\"_blank\" rel=\"noopener\"> https:\/\/www.bu.ufmg.br\/bu_atual\/comunicacao\/guia-do-usuario\/<\/a><\/p>\n<\/div><\/section>\n","protected":false},"excerpt":{"rendered":"","protected":false},"author":1,"featured_media":0,"parent":0,"menu_order":0,"comment_status":"closed","ping_status":"closed","template":"","meta":{"inline_featured_image":false,"footnotes":""},"class_list":["post-2812","page","type-page","status-publish","hentry"],"yoast_head":"<!-- This site is optimized with the Yoast SEO plugin v27.3 - https:\/\/yoast.com\/product\/yoast-seo-wordpress\/ -->\n<title>EMPR\u00c9STIMO DOMICILIAR - Biblioteca Professora Helena Helo\u00edsa Paix\u00e3o<\/title>\n<meta name=\"robots\" content=\"index, follow, max-snippet:-1, max-image-preview:large, max-video-preview:-1\" \/>\n<link rel=\"canonical\" href=\"https:\/\/www.odonto.ufmg.br\/biblioteca\/emprestimo-domiciliar\/\" \/>\n<meta property=\"og:locale\" content=\"pt_BR\" \/>\n<meta property=\"og:type\" content=\"article\" \/>\n<meta property=\"og:title\" content=\"EMPR\u00c9STIMO DOMICILIAR - Biblioteca Professora Helena Helo\u00edsa Paix\u00e3o\" \/>\n<meta property=\"og:url\" content=\"https:\/\/www.odonto.ufmg.br\/biblioteca\/emprestimo-domiciliar\/\" \/>\n<meta property=\"og:site_name\" content=\"Biblioteca Professora Helena Helo\u00edsa Paix\u00e3o\" \/>\n<meta property=\"article:modified_time\" content=\"2025-02-06T22:17:53+00:00\" \/>\n<meta name=\"twitter:card\" content=\"summary_large_image\" \/>\n<meta name=\"twitter:label1\" content=\"Est. tempo de leitura\" \/>\n\t<meta name=\"twitter:data1\" content=\"4 minutos\" \/>\n<script type=\"application\/ld+json\" class=\"yoast-schema-graph\">{\"@context\":\"https:\\\/\\\/schema.org\",\"@graph\":[{\"@type\":\"WebPage\",\"@id\":\"https:\\\/\\\/www.odonto.ufmg.br\\\/biblioteca\\\/emprestimo-domiciliar\\\/\",\"url\":\"https:\\\/\\\/www.odonto.ufmg.br\\\/biblioteca\\\/emprestimo-domiciliar\\\/\",\"name\":\"EMPR\u00c9STIMO DOMICILIAR - Biblioteca Professora Helena Helo\u00edsa Paix\u00e3o\",\"isPartOf\":{\"@id\":\"https:\\\/\\\/www.odonto.ufmg.br\\\/biblioteca\\\/#website\"},\"datePublished\":\"2016-08-08T17:08:39+00:00\",\"dateModified\":\"2025-02-06T22:17:53+00:00\",\"breadcrumb\":{\"@id\":\"https:\\\/\\\/www.odonto.ufmg.br\\\/biblioteca\\\/emprestimo-domiciliar\\\/#breadcrumb\"},\"inLanguage\":\"pt-BR\",\"potentialAction\":[{\"@type\":\"ReadAction\",\"target\":[\"https:\\\/\\\/www.odonto.ufmg.br\\\/biblioteca\\\/emprestimo-domiciliar\\\/\"]}]},{\"@type\":\"BreadcrumbList\",\"@id\":\"https:\\\/\\\/www.odonto.ufmg.br\\\/biblioteca\\\/emprestimo-domiciliar\\\/#breadcrumb\",\"itemListElement\":[{\"@type\":\"ListItem\",\"position\":1,\"name\":\"In\u00edcio\",\"item\":\"https:\\\/\\\/www.odonto.ufmg.br\\\/biblioteca\\\/inicio2\\\/\"},{\"@type\":\"ListItem\",\"position\":2,\"name\":\"EMPR\u00c9STIMO DOMICILIAR\"}]},{\"@type\":\"WebSite\",\"@id\":\"https:\\\/\\\/www.odonto.ufmg.br\\\/biblioteca\\\/#website\",\"url\":\"https:\\\/\\\/www.odonto.ufmg.br\\\/biblioteca\\\/\",\"name\":\"Biblioteca Professora Helena Helo\u00edsa Paix\u00e3o\",\"description\":\"Faculdade de Odontologia UFMG\",\"potentialAction\":[{\"@type\":\"SearchAction\",\"target\":{\"@type\":\"EntryPoint\",\"urlTemplate\":\"https:\\\/\\\/www.odonto.ufmg.br\\\/biblioteca\\\/?s={search_term_string}\"},\"query-input\":{\"@type\":\"PropertyValueSpecification\",\"valueRequired\":true,\"valueName\":\"search_term_string\"}}],\"inLanguage\":\"pt-BR\"}]}<\/script>\n<!-- \/ Yoast SEO plugin. -->","yoast_head_json":{"title":"EMPR\u00c9STIMO DOMICILIAR - Biblioteca Professora Helena Helo\u00edsa Paix\u00e3o","robots":{"index":"index","follow":"follow","max-snippet":"max-snippet:-1","max-image-preview":"max-image-preview:large","max-video-preview":"max-video-preview:-1"},"canonical":"https:\/\/www.odonto.ufmg.br\/biblioteca\/emprestimo-domiciliar\/","og_locale":"pt_BR","og_type":"article","og_title":"EMPR\u00c9STIMO DOMICILIAR - Biblioteca Professora Helena Helo\u00edsa Paix\u00e3o","og_url":"https:\/\/www.odonto.ufmg.br\/biblioteca\/emprestimo-domiciliar\/","og_site_name":"Biblioteca Professora Helena Helo\u00edsa Paix\u00e3o","article_modified_time":"2025-02-06T22:17:53+00:00","twitter_card":"summary_large_image","twitter_misc":{"Est. tempo de leitura":"4 minutos"},"schema":{"@context":"https:\/\/schema.org","@graph":[{"@type":"WebPage","@id":"https:\/\/www.odonto.ufmg.br\/biblioteca\/emprestimo-domiciliar\/","url":"https:\/\/www.odonto.ufmg.br\/biblioteca\/emprestimo-domiciliar\/","name":"EMPR\u00c9STIMO DOMICILIAR - Biblioteca Professora Helena Helo\u00edsa Paix\u00e3o","isPartOf":{"@id":"https:\/\/www.odonto.ufmg.br\/biblioteca\/#website"},"datePublished":"2016-08-08T17:08:39+00:00","dateModified":"2025-02-06T22:17:53+00:00","breadcrumb":{"@id":"https:\/\/www.odonto.ufmg.br\/biblioteca\/emprestimo-domiciliar\/#breadcrumb"},"inLanguage":"pt-BR","potentialAction":[{"@type":"ReadAction","target":["https:\/\/www.odonto.ufmg.br\/biblioteca\/emprestimo-domiciliar\/"]}]},{"@type":"BreadcrumbList","@id":"https:\/\/www.odonto.ufmg.br\/biblioteca\/emprestimo-domiciliar\/#breadcrumb","itemListElement":[{"@type":"ListItem","position":1,"name":"In\u00edcio","item":"https:\/\/www.odonto.ufmg.br\/biblioteca\/inicio2\/"},{"@type":"ListItem","position":2,"name":"EMPR\u00c9STIMO DOMICILIAR"}]},{"@type":"WebSite","@id":"https:\/\/www.odonto.ufmg.br\/biblioteca\/#website","url":"https:\/\/www.odonto.ufmg.br\/biblioteca\/","name":"Biblioteca Professora Helena Helo\u00edsa Paix\u00e3o","description":"Faculdade de Odontologia UFMG","potentialAction":[{"@type":"SearchAction","target":{"@type":"EntryPoint","urlTemplate":"https:\/\/www.odonto.ufmg.br\/biblioteca\/?s={search_term_string}"},"query-input":{"@type":"PropertyValueSpecification","valueRequired":true,"valueName":"search_term_string"}}],"inLanguage":"pt-BR"}]}},"_links":{"self":[{"href":"https:\/\/www.odonto.ufmg.br\/biblioteca\/wp-json\/wp\/v2\/pages\/2812","targetHints":{"allow":["GET"]}}],"collection":[{"href":"https:\/\/www.odonto.ufmg.br\/biblioteca\/wp-json\/wp\/v2\/pages"}],"about":[{"href":"https:\/\/www.odonto.ufmg.br\/biblioteca\/wp-json\/wp\/v2\/types\/page"}],"author":[{"embeddable":true,"href":"https:\/\/www.odonto.ufmg.br\/biblioteca\/wp-json\/wp\/v2\/users\/1"}],"replies":[{"embeddable":true,"href":"https:\/\/www.odonto.ufmg.br\/biblioteca\/wp-json\/wp\/v2\/comments?post=2812"}],"version-history":[{"count":12,"href":"https:\/\/www.odonto.ufmg.br\/biblioteca\/wp-json\/wp\/v2\/pages\/2812\/revisions"}],"predecessor-version":[{"id":6277,"href":"https:\/\/www.odonto.ufmg.br\/biblioteca\/wp-json\/wp\/v2\/pages\/2812\/revisions\/6277"}],"wp:attachment":[{"href":"https:\/\/www.odonto.ufmg.br\/biblioteca\/wp-json\/wp\/v2\/media?parent=2812"}],"curies":[{"name":"wp","href":"https:\/\/api.w.org\/{rel}","templated":true}]}}