{"id":330,"date":"2016-02-29T13:10:37","date_gmt":"2016-02-29T13:10:37","guid":{"rendered":"http:\/\/test.kriesi.at\/travel\/?page_id=2"},"modified":"2017-06-14T11:02:39","modified_gmt":"2017-06-14T14:02:39","slug":"apresentacao","status":"publish","type":"page","link":"https:\/\/www.odonto.ufmg.br\/110anos\/apresentacao\/","title":{"rendered":"Apresenta\u00e7\u00e3o"},"content":{"rendered":"<div id='full_slider_1'  class='avia-fullwidth-slider main_color avia-shadow   avia-builder-el-0  el_before_av_one_full  avia-builder-el-first   container_wrap fullsize'  ><div  class='avia-slideshow av-av_slideshow_full-4f3ef5c0d0c5e5a45e27d5f99336c2be avia-slideshow-featured av_slideshow_full avia-slide-slider av-slideshow-ui av-control-default av-slideshow-manual av-loop-once av-loop-manual-endless av-default-height-applied   avia-slideshow-1' data-slideshow-options=\"{&quot;animation&quot;:&quot;slide&quot;,&quot;autoplay&quot;:false,&quot;loop_autoplay&quot;:&quot;once&quot;,&quot;interval&quot;:5,&quot;loop_manual&quot;:&quot;manual-endless&quot;,&quot;autoplay_stopper&quot;:false,&quot;noNavigation&quot;:false,&quot;bg_slider&quot;:false,&quot;keep_padding&quot;:false,&quot;hoverpause&quot;:false,&quot;show_slide_delay&quot;:0}\"  itemprop=\"image\" itemscope=\"itemscope\" itemtype=\"https:\/\/schema.org\/ImageObject\" ><ul class='avia-slideshow-inner ' style='padding-bottom: 29.861111111111%;'><li  class='avia-slideshow-slide av-av_slideshow_full-4f3ef5c0d0c5e5a45e27d5f99336c2be__1  av-single-slide slide-1 slide-odd'><div data-rel='slideshow-1' class='avia-slide-wrap '   ><img fetchpriority=\"high\" class=\"wp-image-1692 avia-img-lazy-loading-not-1692\"  src='https:\/\/www.odonto.ufmg.br\/110anos\/wp-content\/uploads\/sites\/17\/2016\/02\/Imagem1-1440x430.jpg' width='1440' height='430' title='Imagem1' alt=''  itemprop=\"thumbnailUrl\"   \/><\/div><\/li><\/ul><\/div><\/div><div id='after_full_slider_1'  class='main_color av_default_container_wrap container_wrap fullsize'  ><div class='container av-section-cont-open' ><div class='template-page content  av-content-full alpha units'><div class='post-entry post-entry-type-page post-entry-330'><div class='entry-content-wrapper clearfix'>\n\n<style type=\"text\/css\" data-created_by=\"avia_inline_auto\" id=\"style-css-av-av_one_full-6126cab7d8fab8d08143dd2dacdf673c\">\n.flex_column.av-av_one_full-6126cab7d8fab8d08143dd2dacdf673c{\nborder-radius:0px 0px 0px 0px;\npadding:0px 0px 0px 0px;\n}\n<\/style>\n<div  class='flex_column av-av_one_full-6126cab7d8fab8d08143dd2dacdf673c av_one_full  avia-builder-el-1  el_after_av_slideshow_full  el_before_av_layout_row  avia-builder-el-no-sibling  first flex_column_div av-zero-column-padding  '     ><p>\n<style type=\"text\/css\" data-created_by=\"avia_inline_auto\" id=\"style-css-av-av_heading-681a0ac78b9d49874c9b83136218801b\">\n#top .av-special-heading.av-av_heading-681a0ac78b9d49874c9b83136218801b{\npadding-bottom:0;\ncolor:#831d1c;\n}\nbody .av-special-heading.av-av_heading-681a0ac78b9d49874c9b83136218801b .av-special-heading-tag .heading-char{\nfont-size:25px;\n}\n.av-special-heading.av-av_heading-681a0ac78b9d49874c9b83136218801b .special-heading-inner-border{\nborder-color:#831d1c;\n}\n.av-special-heading.av-av_heading-681a0ac78b9d49874c9b83136218801b .av-subheading{\nfont-size:15px;\n}\n<\/style>\n<div  class='av-special-heading av-av_heading-681a0ac78b9d49874c9b83136218801b av-special-heading-h3 custom-color-heading  avia-builder-el-2  el_before_av_textblock  avia-builder-el-first '><h3 class='av-special-heading-tag '  itemprop=\"headline\"  >Apresenta\u00e7\u00e3o<\/h3><div class=\"special-heading-border\"><div class=\"special-heading-inner-border\"><\/div><\/div><\/div><br \/>\n<section  class='av_textblock_section av-av_textblock-0366cc7376be6c9e82a3e9cc8987b64f '   itemscope=\"itemscope\" itemtype=\"https:\/\/schema.org\/CreativeWork\" ><div class='avia_textblock'  itemprop=\"text\" ><div id=\"divtagdefaultwrapper\" dir=\"ltr\">\n<div>\n<div>\n<div dir=\"ltr\">\n<div>\n<div>\n<div id=\"divtagdefaultwrapper\" dir=\"ltr\">\n<p style=\"text-align: justify\">A Faculdade de Odontologia da UFMG completou 110 anos de sua funda\u00e7\u00e3o no dia 03 de fevereiro de 2017 e para marcar essa data t\u00e3o significativa organizou uma agenda de comemora\u00e7\u00f5es\u00a0 que t\u00eam como objetivo resgatar o passado, celebrar o presente e projetar o futuro da nossa Faculdade. Esses momentos ser\u00e3o evidenciados pela presen\u00e7a de todos que contribu\u00edram e contribuem para a constru\u00e7\u00e3o e desenvolvimento da nossa institui\u00e7\u00e3o.\u00a0 Neste sentido, os 110 anos se configuram tamb\u00e9m como uma oportunidade para a reafirmar nosso compromisso com a educa\u00e7\u00e3o p\u00fablica e de qualidade, com a produ\u00e7\u00e3o de conhecimento socialmente relevante e a forma\u00e7\u00e3o de cirurgi\u00f5es-dentistas comprometidos com a mudan\u00e7a das condi\u00e7\u00f5es de sa\u00fade bucal da popula\u00e7\u00e3o brasileira.<\/p>\n<\/div>\n<\/div>\n<\/div>\n<\/div>\n<\/div>\n<\/div>\n<\/div>\n<\/div><\/section><\/p><\/div>\n<\/div><\/div><\/div><!-- close content main div --><\/div><\/div><div id='av-layout-grid-1'  class='av-layout-grid-container av-av_layout_row-caf1f26e08707a2ebe9176b630e736c2 entry-content-wrapper main_color av-flex-cells  avia-builder-el-4  el_after_av_one_full  avia-builder-el-last  grid-row-not-first  container_wrap fullsize'  >\n\n<style type=\"text\/css\" data-created_by=\"avia_inline_auto\" id=\"style-css-av-av_cell_one_fourth-9f434d53612c65aef791693da995213e\">\n.flex_cell.av-av_cell_one_fourth-9f434d53612c65aef791693da995213e{\nvertical-align:middle;\nbackground-color:#831d1c;\n}\n.responsive #top #wrap_all .flex_cell.av-av_cell_one_fourth-9f434d53612c65aef791693da995213e{\npadding:80px 50px 80px 50px !important;\n}\n<\/style>\n<div class='flex_cell av-av_cell_one_fourth-9f434d53612c65aef791693da995213e av-gridrow-cell av_one_fourth no_margin  avia-builder-el-5  el_before_av_cell_one_fourth  avia-builder-el-first  content-align-middle avia-full-stretch'  ><div class='flex_cell_inner'>\n<style type=\"text\/css\" data-created_by=\"avia_inline_auto\" id=\"style-css-av-av_animated_numbers-73dcb102ca731f251b80c90de66103a8\">\n.avia-animated-number.av-av_animated_numbers-73dcb102ca731f251b80c90de66103a8 .avia-animated-number-icon.avia-svg-icon svg:first-child{\nfill:#ffffff;\nstroke:#ffffff;\n}\n#top .avia-animated-number.av-av_animated_numbers-73dcb102ca731f251b80c90de66103a8 .avia-animated-number-title{\nfont-size:34px;\ncolor:#ffffff;\n}\n#top .avia-animated-number.av-av_animated_numbers-73dcb102ca731f251b80c90de66103a8 .avia-animated-number-content{\nfont-size:20px;\n}\n<\/style>\n<div  class=\"avia-animated-number av-av_animated_numbers-73dcb102ca731f251b80c90de66103a8 av-force-default-color avia_animate_when_visible  avia-builder-el-6  avia-builder-el-no-sibling  avia-color-font-custom \" data-timer=\"3000\"><strong class=\"heading avia-animated-number-title\"><span class=\"avia-single-number __av-single-number\" data-number_format=\"\" data-number=\"110\" data-start_from=\"0\">110<\/span><\/strong><div class=\"avia-animated-number-content\"><p>Anos de hist\u00f3ria<\/p>\n<\/div><\/div>\n<\/div><\/div>\n<style type=\"text\/css\" data-created_by=\"avia_inline_auto\" id=\"style-css-av-av_cell_one_fourth-671ce6ceb46ce0f6959b167c7386a54e\">\n.flex_cell.av-av_cell_one_fourth-671ce6ceb46ce0f6959b167c7386a54e{\nvertical-align:middle;\nbackground-color:#822c2a;\n}\n.responsive #top #wrap_all .flex_cell.av-av_cell_one_fourth-671ce6ceb46ce0f6959b167c7386a54e{\npadding:80px 50px 80px 50px !important;\n}\n<\/style>\n<div class='flex_cell av-av_cell_one_fourth-671ce6ceb46ce0f6959b167c7386a54e av-gridrow-cell av_one_fourth no_margin  avia-builder-el-7  el_after_av_cell_one_fourth  el_before_av_cell_one_fourth  content-align-middle avia-full-stretch'  ><div class='flex_cell_inner'>\n<style type=\"text\/css\" data-created_by=\"avia_inline_auto\" id=\"style-css-av-av_animated_numbers-9522375e393b45bd1b06cc4aeb6c45e7\">\n.avia-animated-number.av-av_animated_numbers-9522375e393b45bd1b06cc4aeb6c45e7 .avia-animated-number-icon.avia-svg-icon svg:first-child{\nfill:#ffffff;\nstroke:#ffffff;\n}\n#top .avia-animated-number.av-av_animated_numbers-9522375e393b45bd1b06cc4aeb6c45e7 .avia-animated-number-title{\nfont-size:34px;\ncolor:#ffffff;\n}\n#top .avia-animated-number.av-av_animated_numbers-9522375e393b45bd1b06cc4aeb6c45e7 .avia-animated-number-content{\nfont-size:20px;\n}\n<\/style>\n<div  class=\"avia-animated-number av-av_animated_numbers-9522375e393b45bd1b06cc4aeb6c45e7 av-force-default-color avia_animate_when_visible  avia-builder-el-8  avia-builder-el-no-sibling  avia-color-font-custom \" data-timer=\"3000\"><strong class=\"heading avia-animated-number-title\"><span class=\"avia-single-number __av-single-number\" data-number_format=\"\" data-number=\"7\" data-start_from=\"0\">7<\/span><span class=\"avia-no-number\">.<\/span><span class=\"avia-single-number __av-single-number\" data-number_format=\"\" data-number=\"646\" data-start_from=\"0\">646<\/span><\/strong><div class=\"avia-animated-number-content\"><p>Cirurgi\u00f5es dentistas formados<\/p>\n<\/div><\/div>\n<\/div><\/div>\n<style type=\"text\/css\" data-created_by=\"avia_inline_auto\" id=\"style-css-av-av_cell_one_fourth-4c6eb73acccc762cc2c75039c8ed462f\">\n.flex_cell.av-av_cell_one_fourth-4c6eb73acccc762cc2c75039c8ed462f{\nvertical-align:middle;\nbackground-color:#823b3a;\n}\n.responsive #top #wrap_all .flex_cell.av-av_cell_one_fourth-4c6eb73acccc762cc2c75039c8ed462f{\npadding:80px 50px 80px 50px !important;\n}\n<\/style>\n<div class='flex_cell av-av_cell_one_fourth-4c6eb73acccc762cc2c75039c8ed462f av-gridrow-cell av_one_fourth no_margin  avia-builder-el-9  el_after_av_cell_one_fourth  el_before_av_cell_one_fourth  content-align-middle avia-full-stretch'  ><div class='flex_cell_inner'>\n<style type=\"text\/css\" data-created_by=\"avia_inline_auto\" id=\"style-css-av-av_animated_numbers-8a699fe5ec3c19a60c65b9e5f1958fcc\">\n.avia-animated-number.av-av_animated_numbers-8a699fe5ec3c19a60c65b9e5f1958fcc .avia-animated-number-icon.avia-svg-icon svg:first-child{\nfill:#ffffff;\nstroke:#ffffff;\n}\n#top .avia-animated-number.av-av_animated_numbers-8a699fe5ec3c19a60c65b9e5f1958fcc .avia-animated-number-title{\nfont-size:34px;\ncolor:#ffffff;\n}\n#top .avia-animated-number.av-av_animated_numbers-8a699fe5ec3c19a60c65b9e5f1958fcc .avia-animated-number-content{\nfont-size:20px;\n}\n<\/style>\n<div  class=\"avia-animated-number av-av_animated_numbers-8a699fe5ec3c19a60c65b9e5f1958fcc av-force-default-color avia_animate_when_visible  avia-builder-el-10  avia-builder-el-no-sibling  avia-color-font-custom \" data-timer=\"3000\"><strong class=\"heading avia-animated-number-title\"><span class=\"avia-single-number __av-single-number\" data-number_format=\"\" data-number=\"115\" data-start_from=\"0\">115<\/span><\/strong><div class=\"avia-animated-number-content\"><p>Professores em 2017<\/p>\n<\/div><\/div>\n<\/div><\/div>\n<style type=\"text\/css\" data-created_by=\"avia_inline_auto\" id=\"style-css-av-av_cell_one_fourth-42afed827dbc74bcef2a6e5c1723a977\">\n.flex_cell.av-av_cell_one_fourth-42afed827dbc74bcef2a6e5c1723a977{\nvertical-align:middle;\nbackground-color:#824c4b;\n}\n.responsive #top #wrap_all .flex_cell.av-av_cell_one_fourth-42afed827dbc74bcef2a6e5c1723a977{\npadding:80px 50px 80px 50px !important;\n}\n<\/style>\n<div class='flex_cell av-av_cell_one_fourth-42afed827dbc74bcef2a6e5c1723a977 av-gridrow-cell av_one_fourth no_margin  avia-builder-el-11  el_after_av_cell_one_fourth  avia-builder-el-last  content-align-middle avia-full-stretch'  ><div class='flex_cell_inner'>\n<style type=\"text\/css\" data-created_by=\"avia_inline_auto\" id=\"style-css-av-av_animated_numbers-c4fc501d2137aaeb8ddd30152199998a\">\n.avia-animated-number.av-av_animated_numbers-c4fc501d2137aaeb8ddd30152199998a .avia-animated-number-icon.avia-svg-icon svg:first-child{\nfill:#ffffff;\nstroke:#ffffff;\n}\n#top .avia-animated-number.av-av_animated_numbers-c4fc501d2137aaeb8ddd30152199998a .avia-animated-number-title{\nfont-size:34px;\ncolor:#ffffff;\n}\n#top .avia-animated-number.av-av_animated_numbers-c4fc501d2137aaeb8ddd30152199998a .avia-animated-number-content{\nfont-size:20px;\n}\n<\/style>\n<div  class=\"avia-animated-number av-av_animated_numbers-c4fc501d2137aaeb8ddd30152199998a av-force-default-color avia_animate_when_visible  avia-builder-el-12  avia-builder-el-no-sibling  avia-color-font-custom \" data-timer=\"3000\"><strong class=\"heading avia-animated-number-title\"><span class=\"avia-single-number __av-single-number\" data-number_format=\"\" data-number=\"94\" data-start_from=\"0\">94<\/span><\/strong><div class=\"avia-animated-number-content\"><p>T\u00e9cnicos administrativos em educa\u00e7\u00e3o atualmente.<\/p>\n<\/div><\/div>\n<\/div><\/div><\/div>\n","protected":false},"excerpt":{"rendered":"","protected":false},"author":5,"featured_media":0,"parent":0,"menu_order":0,"comment_status":"closed","ping_status":"closed","template":"","meta":{"inline_featured_image":false,"footnotes":""},"class_list":["post-330","page","type-page","status-publish","hentry"],"yoast_head":"<!-- This site is optimized with the Yoast SEO plugin v27.3 - https:\/\/yoast.com\/product\/yoast-seo-wordpress\/ -->\n<title>Apresenta\u00e7\u00e3o - 110 anos Faculdade de Odontologia da UFMG<\/title>\n<meta name=\"robots\" content=\"index, follow, max-snippet:-1, max-image-preview:large, max-video-preview:-1\" \/>\n<link rel=\"canonical\" href=\"https:\/\/www.odonto.ufmg.br\/110anos\/apresentacao\/\" \/>\n<meta property=\"og:locale\" content=\"pt_BR\" \/>\n<meta property=\"og:type\" content=\"article\" \/>\n<meta property=\"og:title\" content=\"Apresenta\u00e7\u00e3o - 110 anos Faculdade de Odontologia da UFMG\" \/>\n<meta property=\"og:url\" content=\"https:\/\/www.odonto.ufmg.br\/110anos\/apresentacao\/\" \/>\n<meta property=\"og:site_name\" content=\"110 anos Faculdade de Odontologia da UFMG\" \/>\n<meta property=\"article:modified_time\" content=\"2017-06-14T14:02:39+00:00\" \/>\n<meta name=\"twitter:card\" content=\"summary_large_image\" \/>\n<meta name=\"twitter:label1\" content=\"Est. tempo de leitura\" \/>\n\t<meta name=\"twitter:data1\" content=\"4 minutos\" \/>\n<script type=\"application\/ld+json\" class=\"yoast-schema-graph\">{\"@context\":\"https:\\\/\\\/schema.org\",\"@graph\":[{\"@type\":\"WebPage\",\"@id\":\"https:\\\/\\\/www.odonto.ufmg.br\\\/110anos\\\/apresentacao\\\/\",\"url\":\"https:\\\/\\\/www.odonto.ufmg.br\\\/110anos\\\/apresentacao\\\/\",\"name\":\"Apresenta\u00e7\u00e3o - 110 anos Faculdade de Odontologia da UFMG\",\"isPartOf\":{\"@id\":\"https:\\\/\\\/www.odonto.ufmg.br\\\/110anos\\\/#website\"},\"datePublished\":\"2016-02-29T13:10:37+00:00\",\"dateModified\":\"2017-06-14T14:02:39+00:00\",\"breadcrumb\":{\"@id\":\"https:\\\/\\\/www.odonto.ufmg.br\\\/110anos\\\/apresentacao\\\/#breadcrumb\"},\"inLanguage\":\"pt-BR\",\"potentialAction\":[{\"@type\":\"ReadAction\",\"target\":[\"https:\\\/\\\/www.odonto.ufmg.br\\\/110anos\\\/apresentacao\\\/\"]}]},{\"@type\":\"BreadcrumbList\",\"@id\":\"https:\\\/\\\/www.odonto.ufmg.br\\\/110anos\\\/apresentacao\\\/#breadcrumb\",\"itemListElement\":[{\"@type\":\"ListItem\",\"position\":1,\"name\":\"In\u00edcio\",\"item\":\"https:\\\/\\\/www.odonto.ufmg.br\\\/110anos\\\/\"},{\"@type\":\"ListItem\",\"position\":2,\"name\":\"Apresenta\u00e7\u00e3o\"}]},{\"@type\":\"WebSite\",\"@id\":\"https:\\\/\\\/www.odonto.ufmg.br\\\/110anos\\\/#website\",\"url\":\"https:\\\/\\\/www.odonto.ufmg.br\\\/110anos\\\/\",\"name\":\"110 anos Faculdade de Odontologia da UFMG\",\"description\":\"Site Comemorativo dos 110 anos da Faculdade de Odontologia da UFMG\",\"potentialAction\":[{\"@type\":\"SearchAction\",\"target\":{\"@type\":\"EntryPoint\",\"urlTemplate\":\"https:\\\/\\\/www.odonto.ufmg.br\\\/110anos\\\/?s={search_term_string}\"},\"query-input\":{\"@type\":\"PropertyValueSpecification\",\"valueRequired\":true,\"valueName\":\"search_term_string\"}}],\"inLanguage\":\"pt-BR\"}]}<\/script>\n<!-- \/ Yoast SEO plugin. -->","yoast_head_json":{"title":"Apresenta\u00e7\u00e3o - 110 anos Faculdade de Odontologia da UFMG","robots":{"index":"index","follow":"follow","max-snippet":"max-snippet:-1","max-image-preview":"max-image-preview:large","max-video-preview":"max-video-preview:-1"},"canonical":"https:\/\/www.odonto.ufmg.br\/110anos\/apresentacao\/","og_locale":"pt_BR","og_type":"article","og_title":"Apresenta\u00e7\u00e3o - 110 anos Faculdade de Odontologia da UFMG","og_url":"https:\/\/www.odonto.ufmg.br\/110anos\/apresentacao\/","og_site_name":"110 anos Faculdade de Odontologia da UFMG","article_modified_time":"2017-06-14T14:02:39+00:00","twitter_card":"summary_large_image","twitter_misc":{"Est. tempo de leitura":"4 minutos"},"schema":{"@context":"https:\/\/schema.org","@graph":[{"@type":"WebPage","@id":"https:\/\/www.odonto.ufmg.br\/110anos\/apresentacao\/","url":"https:\/\/www.odonto.ufmg.br\/110anos\/apresentacao\/","name":"Apresenta\u00e7\u00e3o - 110 anos Faculdade de Odontologia da UFMG","isPartOf":{"@id":"https:\/\/www.odonto.ufmg.br\/110anos\/#website"},"datePublished":"2016-02-29T13:10:37+00:00","dateModified":"2017-06-14T14:02:39+00:00","breadcrumb":{"@id":"https:\/\/www.odonto.ufmg.br\/110anos\/apresentacao\/#breadcrumb"},"inLanguage":"pt-BR","potentialAction":[{"@type":"ReadAction","target":["https:\/\/www.odonto.ufmg.br\/110anos\/apresentacao\/"]}]},{"@type":"BreadcrumbList","@id":"https:\/\/www.odonto.ufmg.br\/110anos\/apresentacao\/#breadcrumb","itemListElement":[{"@type":"ListItem","position":1,"name":"In\u00edcio","item":"https:\/\/www.odonto.ufmg.br\/110anos\/"},{"@type":"ListItem","position":2,"name":"Apresenta\u00e7\u00e3o"}]},{"@type":"WebSite","@id":"https:\/\/www.odonto.ufmg.br\/110anos\/#website","url":"https:\/\/www.odonto.ufmg.br\/110anos\/","name":"110 anos Faculdade de Odontologia da UFMG","description":"Site Comemorativo dos 110 anos da Faculdade de Odontologia da UFMG","potentialAction":[{"@type":"SearchAction","target":{"@type":"EntryPoint","urlTemplate":"https:\/\/www.odonto.ufmg.br\/110anos\/?s={search_term_string}"},"query-input":{"@type":"PropertyValueSpecification","valueRequired":true,"valueName":"search_term_string"}}],"inLanguage":"pt-BR"}]}},"_links":{"self":[{"href":"https:\/\/www.odonto.ufmg.br\/110anos\/wp-json\/wp\/v2\/pages\/330","targetHints":{"allow":["GET"]}}],"collection":[{"href":"https:\/\/www.odonto.ufmg.br\/110anos\/wp-json\/wp\/v2\/pages"}],"about":[{"href":"https:\/\/www.odonto.ufmg.br\/110anos\/wp-json\/wp\/v2\/types\/page"}],"author":[{"embeddable":true,"href":"https:\/\/www.odonto.ufmg.br\/110anos\/wp-json\/wp\/v2\/users\/5"}],"replies":[{"embeddable":true,"href":"https:\/\/www.odonto.ufmg.br\/110anos\/wp-json\/wp\/v2\/comments?post=330"}],"version-history":[{"count":24,"href":"https:\/\/www.odonto.ufmg.br\/110anos\/wp-json\/wp\/v2\/pages\/330\/revisions"}],"predecessor-version":[{"id":1883,"href":"https:\/\/www.odonto.ufmg.br\/110anos\/wp-json\/wp\/v2\/pages\/330\/revisions\/1883"}],"wp:attachment":[{"href":"https:\/\/www.odonto.ufmg.br\/110anos\/wp-json\/wp\/v2\/media?parent=330"}],"curies":[{"name":"wp","href":"https:\/\/api.w.org\/{rel}","templated":true}]}}