{"id":1813,"date":"2017-06-13T18:16:09","date_gmt":"2017-06-13T21:16:09","guid":{"rendered":"https:\/\/www.odonto.ufmg.br\/110anos\/?page_id=1813"},"modified":"2017-10-10T14:50:19","modified_gmt":"2017-10-10T17:50:19","slug":"patrocinadores","status":"publish","type":"page","link":"https:\/\/www.odonto.ufmg.br\/110anos\/patrocinadores\/","title":{"rendered":"Patrocinadores"},"content":{"rendered":"\n<style type=\"text\/css\" data-created_by=\"avia_inline_auto\" id=\"style-css-av-av_heading-28622cc32aef582b796b70f2dc5a479c\">\n#top .av-special-heading.av-av_heading-28622cc32aef582b796b70f2dc5a479c{\npadding-bottom:10px;\ncolor:#831d1c;\n}\nbody .av-special-heading.av-av_heading-28622cc32aef582b796b70f2dc5a479c .av-special-heading-tag .heading-char{\nfont-size:25px;\n}\n.av-special-heading.av-av_heading-28622cc32aef582b796b70f2dc5a479c .special-heading-inner-border{\nborder-color:#831d1c;\n}\n.av-special-heading.av-av_heading-28622cc32aef582b796b70f2dc5a479c .av-subheading{\nfont-size:15px;\n}\n<\/style>\n<div  class='av-special-heading av-av_heading-28622cc32aef582b796b70f2dc5a479c av-special-heading-h3 custom-color-heading  avia-builder-el-0  el_before_av_textblock  avia-builder-el-first '><h3 class='av-special-heading-tag '  itemprop=\"headline\"  >Apoio<\/h3><div class=\"special-heading-border\"><div class=\"special-heading-inner-border\"><\/div><\/div><\/div>\n<section  class='av_textblock_section av-av_textblock-0366cc7376be6c9e82a3e9cc8987b64f '   itemscope=\"itemscope\" itemtype=\"https:\/\/schema.org\/CreativeWork\" ><div class='avia_textblock'  itemprop=\"text\" ><p>A Faculdade de Odontologia gostaria de agradecer pelo apoio\u00a0de todos as entidades e \u00f3rg\u00e3os que apoiaram de alguma forma a realiza\u00e7\u00e3o dos eventos comemorativos dos 110 anos desta Faculdade. Esperamos continuar contando com sua participa\u00e7\u00e3o em eventos e projetos futuros.<\/p>\n<\/div><\/section>\n<div id='av-masonry-1' class='av-masonry av-av_masonry_gallery-cc64c3080cc934b784b9c1b6c7625830 noHover av-flex-size av-no-gap av-hover-overlay- av-masonry-animation-active av-masonry-col-4 av-caption-always av-caption-style- av-masonry-gallery ' data-post_id=\"1813\"><div class=\"av-masonry-container isotope av-js-disabled\"><div class='av-masonry-entry isotope-item av-masonry-item-no-image '><\/div><div id='av-masonry-1-item-1844' data-av-masonry-item='1844' class='av-masonry-entry isotope-item post-1844 attachment type-attachment status-inherit hentry  av-masonry-item-with-image'    itemprop=\"thumbnailUrl\" ><div class='av-inner-masonry-sizer'><\/div><figure class='av-inner-masonry main_color'><div class=\"av-masonry-outerimage-container\"><div class='av-masonry-image-container'  ><img decoding=\"async\" width=\"705\" height=\"689\" fetchpriority=\"high\" class=\"wp-image-1844 avia-img-lazy-loading-not-1844\"  src=\"https:\/\/www.odonto.ufmg.br\/110anos\/wp-content\/uploads\/sites\/17\/2017\/06\/marca_apubh_ouro_verde-705x689.jpg\" title=\"Figura1\" alt=\"\" srcset=\"https:\/\/www.odonto.ufmg.br\/110anos\/wp-content\/uploads\/sites\/17\/2017\/06\/marca_apubh_ouro_verde-705x689.jpg 705w, https:\/\/www.odonto.ufmg.br\/110anos\/wp-content\/uploads\/sites\/17\/2017\/06\/marca_apubh_ouro_verde-300x293.jpg 300w, https:\/\/www.odonto.ufmg.br\/110anos\/wp-content\/uploads\/sites\/17\/2017\/06\/marca_apubh_ouro_verde-36x36.jpg 36w, https:\/\/www.odonto.ufmg.br\/110anos\/wp-content\/uploads\/sites\/17\/2017\/06\/marca_apubh_ouro_verde-450x440.jpg 450w, https:\/\/www.odonto.ufmg.br\/110anos\/wp-content\/uploads\/sites\/17\/2017\/06\/marca_apubh_ouro_verde.jpg 706w\" sizes=\"(max-width: 705px) 100vw, 705px\" \/><\/div><\/div><\/figure><\/div><!--end av-masonry entry--><div id='av-masonry-1-item-1831' data-av-masonry-item='1831' class='av-masonry-entry isotope-item post-1831 attachment type-attachment status-inherit hentry  av-masonry-item-with-image'    itemprop=\"thumbnailUrl\" ><div class='av-inner-masonry-sizer'><\/div><figure class='av-inner-masonry main_color'><div class=\"av-masonry-outerimage-container\"><div class='av-masonry-image-container'  ><img decoding=\"async\" width=\"669\" height=\"657\" fetchpriority=\"high\" class=\"wp-image-1831 avia-img-lazy-loading-not-1831\"  src=\"https:\/\/www.odonto.ufmg.br\/110anos\/wp-content\/uploads\/sites\/17\/2017\/06\/logo-sicoob.png\" title=\"logo-sicoob\" alt=\"\" srcset=\"https:\/\/www.odonto.ufmg.br\/110anos\/wp-content\/uploads\/sites\/17\/2017\/06\/logo-sicoob.png 669w, https:\/\/www.odonto.ufmg.br\/110anos\/wp-content\/uploads\/sites\/17\/2017\/06\/logo-sicoob-80x80.png 80w, https:\/\/www.odonto.ufmg.br\/110anos\/wp-content\/uploads\/sites\/17\/2017\/06\/logo-sicoob-300x295.png 300w, https:\/\/www.odonto.ufmg.br\/110anos\/wp-content\/uploads\/sites\/17\/2017\/06\/logo-sicoob-36x36.png 36w, https:\/\/www.odonto.ufmg.br\/110anos\/wp-content\/uploads\/sites\/17\/2017\/06\/logo-sicoob-450x442.png 450w\" sizes=\"(max-width: 669px) 100vw, 669px\" \/><\/div><\/div><\/figure><\/div><!--end av-masonry entry--><div id='av-masonry-1-item-1929' data-av-masonry-item='1929' class='av-masonry-entry isotope-item post-1929 attachment type-attachment status-inherit hentry  av-masonry-item-with-image'    itemprop=\"thumbnailUrl\" ><div class='av-inner-masonry-sizer'><\/div><figure class='av-inner-masonry main_color'><div class=\"av-masonry-outerimage-container\"><div class='av-masonry-image-container'  ><img decoding=\"async\" width=\"705\" height=\"693\" fetchpriority=\"high\" class=\"wp-image-1929 avia-img-lazy-loading-not-1929\"  src=\"https:\/\/www.odonto.ufmg.br\/110anos\/wp-content\/uploads\/sites\/17\/2017\/06\/af-9-705x693.jpg\" title=\"af\" alt=\"\" srcset=\"https:\/\/www.odonto.ufmg.br\/110anos\/wp-content\/uploads\/sites\/17\/2017\/06\/af-9-705x693.jpg 705w, https:\/\/www.odonto.ufmg.br\/110anos\/wp-content\/uploads\/sites\/17\/2017\/06\/af-9-80x80.jpg 80w, https:\/\/www.odonto.ufmg.br\/110anos\/wp-content\/uploads\/sites\/17\/2017\/06\/af-9-300x295.jpg 300w, https:\/\/www.odonto.ufmg.br\/110anos\/wp-content\/uploads\/sites\/17\/2017\/06\/af-9-768x755.jpg 768w, https:\/\/www.odonto.ufmg.br\/110anos\/wp-content\/uploads\/sites\/17\/2017\/06\/af-9-1030x1013.jpg 1030w, https:\/\/www.odonto.ufmg.br\/110anos\/wp-content\/uploads\/sites\/17\/2017\/06\/af-9-36x36.jpg 36w, https:\/\/www.odonto.ufmg.br\/110anos\/wp-content\/uploads\/sites\/17\/2017\/06\/af-9-450x442.jpg 450w, https:\/\/www.odonto.ufmg.br\/110anos\/wp-content\/uploads\/sites\/17\/2017\/06\/af-9.jpg 1074w\" sizes=\"(max-width: 705px) 100vw, 705px\" \/><\/div><\/div><\/figure><\/div><!--end av-masonry entry--><div id='av-masonry-1-item-1838' data-av-masonry-item='1838' class='av-masonry-entry isotope-item post-1838 attachment type-attachment status-inherit hentry  av-masonry-item-with-image'    itemprop=\"thumbnailUrl\" ><div class='av-inner-masonry-sizer'><\/div><figure class='av-inner-masonry main_color'><div class=\"av-masonry-outerimage-container\"><div class='av-masonry-image-container'  ><img decoding=\"async\" width=\"705\" height=\"690\" fetchpriority=\"high\" class=\"wp-image-1838 avia-img-lazy-loading-not-1838\"  src=\"https:\/\/www.odonto.ufmg.br\/110anos\/wp-content\/uploads\/sites\/17\/2017\/06\/logo-rop-705x690.png\" title=\"logo-rop\" alt=\"\" srcset=\"https:\/\/www.odonto.ufmg.br\/110anos\/wp-content\/uploads\/sites\/17\/2017\/06\/logo-rop-705x690.png 705w, https:\/\/www.odonto.ufmg.br\/110anos\/wp-content\/uploads\/sites\/17\/2017\/06\/logo-rop-300x293.png 300w, https:\/\/www.odonto.ufmg.br\/110anos\/wp-content\/uploads\/sites\/17\/2017\/06\/logo-rop-768x751.png 768w, https:\/\/www.odonto.ufmg.br\/110anos\/wp-content\/uploads\/sites\/17\/2017\/06\/logo-rop-36x36.png 36w, https:\/\/www.odonto.ufmg.br\/110anos\/wp-content\/uploads\/sites\/17\/2017\/06\/logo-rop-450x440.png 450w, https:\/\/www.odonto.ufmg.br\/110anos\/wp-content\/uploads\/sites\/17\/2017\/06\/logo-rop.png 1006w\" sizes=\"(max-width: 705px) 100vw, 705px\" \/><\/div><\/div><\/figure><\/div><!--end av-masonry entry--><\/div><\/div>\n","protected":false},"excerpt":{"rendered":"","protected":false},"author":5,"featured_media":0,"parent":0,"menu_order":0,"comment_status":"closed","ping_status":"closed","template":"","meta":{"inline_featured_image":false,"footnotes":""},"class_list":["post-1813","page","type-page","status-publish","hentry"],"yoast_head":"<!-- This site is optimized with the Yoast SEO plugin v27.5 - https:\/\/yoast.com\/product\/yoast-seo-wordpress\/ -->\n<title>Patrocinadores - 110 anos Faculdade de Odontologia da UFMG<\/title>\n<meta name=\"robots\" content=\"index, follow, max-snippet:-1, max-image-preview:large, max-video-preview:-1\" \/>\n<link rel=\"canonical\" href=\"https:\/\/www.odonto.ufmg.br\/110anos\/patrocinadores\/\" \/>\n<meta property=\"og:locale\" content=\"pt_BR\" \/>\n<meta property=\"og:type\" content=\"article\" \/>\n<meta property=\"og:title\" content=\"Patrocinadores - 110 anos Faculdade de Odontologia da UFMG\" \/>\n<meta property=\"og:url\" content=\"https:\/\/www.odonto.ufmg.br\/110anos\/patrocinadores\/\" \/>\n<meta property=\"og:site_name\" content=\"110 anos Faculdade de Odontologia da UFMG\" \/>\n<meta property=\"article:modified_time\" content=\"2017-10-10T17:50:19+00:00\" \/>\n<meta name=\"twitter:card\" content=\"summary_large_image\" \/>\n<meta name=\"twitter:label1\" content=\"Est. tempo de leitura\" \/>\n\t<meta name=\"twitter:data1\" content=\"1 minuto\" \/>\n<script type=\"application\/ld+json\" class=\"yoast-schema-graph\">{\"@context\":\"https:\\\/\\\/schema.org\",\"@graph\":[{\"@type\":\"WebPage\",\"@id\":\"https:\\\/\\\/www.odonto.ufmg.br\\\/110anos\\\/patrocinadores\\\/\",\"url\":\"https:\\\/\\\/www.odonto.ufmg.br\\\/110anos\\\/patrocinadores\\\/\",\"name\":\"Patrocinadores - 110 anos Faculdade de Odontologia da UFMG\",\"isPartOf\":{\"@id\":\"https:\\\/\\\/www.odonto.ufmg.br\\\/110anos\\\/#website\"},\"datePublished\":\"2017-06-13T21:16:09+00:00\",\"dateModified\":\"2017-10-10T17:50:19+00:00\",\"breadcrumb\":{\"@id\":\"https:\\\/\\\/www.odonto.ufmg.br\\\/110anos\\\/patrocinadores\\\/#breadcrumb\"},\"inLanguage\":\"pt-BR\",\"potentialAction\":[{\"@type\":\"ReadAction\",\"target\":[\"https:\\\/\\\/www.odonto.ufmg.br\\\/110anos\\\/patrocinadores\\\/\"]}]},{\"@type\":\"BreadcrumbList\",\"@id\":\"https:\\\/\\\/www.odonto.ufmg.br\\\/110anos\\\/patrocinadores\\\/#breadcrumb\",\"itemListElement\":[{\"@type\":\"ListItem\",\"position\":1,\"name\":\"In\u00edcio\",\"item\":\"https:\\\/\\\/www.odonto.ufmg.br\\\/110anos\\\/\"},{\"@type\":\"ListItem\",\"position\":2,\"name\":\"Patrocinadores\"}]},{\"@type\":\"WebSite\",\"@id\":\"https:\\\/\\\/www.odonto.ufmg.br\\\/110anos\\\/#website\",\"url\":\"https:\\\/\\\/www.odonto.ufmg.br\\\/110anos\\\/\",\"name\":\"110 anos Faculdade de Odontologia da UFMG\",\"description\":\"Site Comemorativo dos 110 anos da Faculdade de Odontologia da UFMG\",\"potentialAction\":[{\"@type\":\"SearchAction\",\"target\":{\"@type\":\"EntryPoint\",\"urlTemplate\":\"https:\\\/\\\/www.odonto.ufmg.br\\\/110anos\\\/?s={search_term_string}\"},\"query-input\":{\"@type\":\"PropertyValueSpecification\",\"valueRequired\":true,\"valueName\":\"search_term_string\"}}],\"inLanguage\":\"pt-BR\"}]}<\/script>\n<!-- \/ Yoast SEO plugin. -->","yoast_head_json":{"title":"Patrocinadores - 110 anos Faculdade de Odontologia da UFMG","robots":{"index":"index","follow":"follow","max-snippet":"max-snippet:-1","max-image-preview":"max-image-preview:large","max-video-preview":"max-video-preview:-1"},"canonical":"https:\/\/www.odonto.ufmg.br\/110anos\/patrocinadores\/","og_locale":"pt_BR","og_type":"article","og_title":"Patrocinadores - 110 anos Faculdade de Odontologia da UFMG","og_url":"https:\/\/www.odonto.ufmg.br\/110anos\/patrocinadores\/","og_site_name":"110 anos Faculdade de Odontologia da UFMG","article_modified_time":"2017-10-10T17:50:19+00:00","twitter_card":"summary_large_image","twitter_misc":{"Est. tempo de leitura":"1 minuto"},"schema":{"@context":"https:\/\/schema.org","@graph":[{"@type":"WebPage","@id":"https:\/\/www.odonto.ufmg.br\/110anos\/patrocinadores\/","url":"https:\/\/www.odonto.ufmg.br\/110anos\/patrocinadores\/","name":"Patrocinadores - 110 anos Faculdade de Odontologia da UFMG","isPartOf":{"@id":"https:\/\/www.odonto.ufmg.br\/110anos\/#website"},"datePublished":"2017-06-13T21:16:09+00:00","dateModified":"2017-10-10T17:50:19+00:00","breadcrumb":{"@id":"https:\/\/www.odonto.ufmg.br\/110anos\/patrocinadores\/#breadcrumb"},"inLanguage":"pt-BR","potentialAction":[{"@type":"ReadAction","target":["https:\/\/www.odonto.ufmg.br\/110anos\/patrocinadores\/"]}]},{"@type":"BreadcrumbList","@id":"https:\/\/www.odonto.ufmg.br\/110anos\/patrocinadores\/#breadcrumb","itemListElement":[{"@type":"ListItem","position":1,"name":"In\u00edcio","item":"https:\/\/www.odonto.ufmg.br\/110anos\/"},{"@type":"ListItem","position":2,"name":"Patrocinadores"}]},{"@type":"WebSite","@id":"https:\/\/www.odonto.ufmg.br\/110anos\/#website","url":"https:\/\/www.odonto.ufmg.br\/110anos\/","name":"110 anos Faculdade de Odontologia da UFMG","description":"Site Comemorativo dos 110 anos da Faculdade de Odontologia da UFMG","potentialAction":[{"@type":"SearchAction","target":{"@type":"EntryPoint","urlTemplate":"https:\/\/www.odonto.ufmg.br\/110anos\/?s={search_term_string}"},"query-input":{"@type":"PropertyValueSpecification","valueRequired":true,"valueName":"search_term_string"}}],"inLanguage":"pt-BR"}]}},"_links":{"self":[{"href":"https:\/\/www.odonto.ufmg.br\/110anos\/wp-json\/wp\/v2\/pages\/1813","targetHints":{"allow":["GET"]}}],"collection":[{"href":"https:\/\/www.odonto.ufmg.br\/110anos\/wp-json\/wp\/v2\/pages"}],"about":[{"href":"https:\/\/www.odonto.ufmg.br\/110anos\/wp-json\/wp\/v2\/types\/page"}],"author":[{"embeddable":true,"href":"https:\/\/www.odonto.ufmg.br\/110anos\/wp-json\/wp\/v2\/users\/5"}],"replies":[{"embeddable":true,"href":"https:\/\/www.odonto.ufmg.br\/110anos\/wp-json\/wp\/v2\/comments?post=1813"}],"version-history":[{"count":20,"href":"https:\/\/www.odonto.ufmg.br\/110anos\/wp-json\/wp\/v2\/pages\/1813\/revisions"}],"predecessor-version":[{"id":1917,"href":"https:\/\/www.odonto.ufmg.br\/110anos\/wp-json\/wp\/v2\/pages\/1813\/revisions\/1917"}],"wp:attachment":[{"href":"https:\/\/www.odonto.ufmg.br\/110anos\/wp-json\/wp\/v2\/media?parent=1813"}],"curies":[{"name":"wp","href":"https:\/\/api.w.org\/{rel}","templated":true}]}}